57.141.20.30 - - [11/Mar/2026:12:13:11 +0000] "GET /configDMJ__1405e9d/Jump/0-imperoro/FSS-HCM__1405e9d/root/lib/firmware/myri10ge_eth_z8e.dat HTTP/1.1" 200 121462 "-" "meta-externalagent/1.1 (+https://developers.facebook.com/docs/sharing/webmasters/crawler)"
74.7.227.50 - - [11/Mar/2026:12:13:12 +0000] "GET /configDMJ__1405e9d/Jump/0-imperoro/wp-content__1405e9d/plugins/WPP/index.php?fileloc=/home/imperoro/www/FSS-HCM__1405e9d/root/etc/cron.d/imunify_scan_schedule&path=/home/imperoro/www/FSS-HCM__1405e9d/root/etc/cron.d HTTP/1.1" 200 2543 "http://www.impero.ro/configDMJ__1405e9d/Jump/0-imperoro/wp-content__1405e9d/plugins/WPP/index.php?path=/home/imperoro/www/FSS-HCM__1405e9d/root/etc/cron.d" "Mozilla/5.0 AppleWebKit/537.36 (KHTML, like Gecko; compatible; GPTBot/1.3; +https://openai.com/gptbot)"
57.141.20.55 - - [11/Mar/2026:12:13:12 +0000] "GET /configDMJ__1405e9d/Jump/0-imperoro/configDMJ__1405e9d/Jump/0-imperoro/udaje.php__1405e9d HTTP/1.1" 200 26826 "-" "meta-externalagent/1.1 (+https://developers.facebook.com/docs/sharing/webmasters/crawler)"
74.7.227.50 - - [11/Mar/2026:12:13:13 +0000] "GET /configDMJ__1405e9d/Jump/0-imperoro/wp-content__1405e9d/plugins/WPP/index.php?fileloc=/home/imperoro/www/FSS-HCM__1405e9d/root/etc/cron.d/imunify-antivirus&path=/home/imperoro/www/FSS-HCM__1405e9d/root/etc/cron.d HTTP/1.1" 200 2843 "http://www.impero.ro/configDMJ__1405e9d/Jump/0-imperoro/wp-content__1405e9d/plugins/WPP/index.php?path=/home/imperoro/www/FSS-HCM__1405e9d/root/etc/cron.d" "Mozilla/5.0 AppleWebKit/537.36 (KHTML, like Gecko; compatible; GPTBot/1.3; +https://openai.com/gptbot)"
57.141.20.56 - - [11/Mar/2026:12:13:13 +0000] "GET /configDMJ__1405e9d/Jump/0-imperoro/configDMJ__1405e9d/Jump/0-imperoro/eoeol.php__1405e9d HTTP/1.1" 200 221685 "-" "meta-externalagent/1.1 (+https://developers.facebook.com/docs/sharing/webmasters/crawler)"
74.7.227.50 - - [11/Mar/2026:12:13:13 +0000] "GET /configDMJ__1405e9d/Jump/0-imperoro/wp-content__1405e9d/plugins/WPP/index.php?fileloc=/home/imperoro/www/FSS-HCM__1405e9d/root/etc/cron.d/RCcpanelv3&path=/home/imperoro/www/FSS-HCM__1405e9d/root/etc/cron.d HTTP/1.1" 200 2621 "http://www.impero.ro/configDMJ__1405e9d/Jump/0-imperoro/wp-content__1405e9d/plugins/WPP/index.php?path=/home/imperoro/www/FSS-HCM__1405e9d/root/etc/cron.d" "Mozilla/5.0 AppleWebKit/537.36 (KHTML, like Gecko; compatible; GPTBot/1.3; +https://openai.com/gptbot)"
57.141.20.1 - - [11/Mar/2026:12:13:13 +0000] "GET /configDMJ__1405e9d/Jump/0-imperoro/configDMJ__1405e9d/Jump/0-imperoro/wp-includes__1405e9d/ HTTP/1.1" 200 6528 "-" "meta-externalagent/1.1 (+https://developers.facebook.com/docs/sharing/webmasters/crawler)"
74.7.227.50 - - [11/Mar/2026:12:13:14 +0000] "GET /configDMJ__1405e9d/Jump/0-imperoro/wp-content__1405e9d/plugins/WPP/index.php?fileloc=/home/imperoro/www/FSS-HCM__1405e9d/root/etc/cron.d/cpanel-analytics&path=/home/imperoro/www/FSS-HCM__1405e9d/root/etc/cron.d HTTP/1.1" 200 2539 "http://www.impero.ro/configDMJ__1405e9d/Jump/0-imperoro/wp-content__1405e9d/plugins/WPP/index.php?path=/home/imperoro/www/FSS-HCM__1405e9d/root/etc/cron.d" "Mozilla/5.0 AppleWebKit/537.36 (KHTML, like Gecko; compatible; GPTBot/1.3; +https://openai.com/gptbot)"
74.7.227.50 - - [11/Mar/2026:12:13:14 +0000] "GET /configDMJ__1405e9d/Jump/0-imperoro/wp-content__1405e9d/plugins/WPP/index.php?fileloc=/home/imperoro/www/FSS-HCM__1405e9d/root/etc/qemu-ga/fsfreeze-hook&path=/home/imperoro/www/FSS-HCM__1405e9d/root/etc/qemu-ga HTTP/1.1" 200 3169 "http://www.impero.ro/configDMJ__1405e9d/Jump/0-imperoro/wp-content__1405e9d/plugins/WPP/index.php?path=/home/imperoro/www/FSS-HCM__1405e9d/root/etc/qemu-ga" "Mozilla/5.0 AppleWebKit/537.36 (KHTML, like Gecko; compatible; GPTBot/1.3; +https://openai.com/gptbot)"
57.141.20.53 - - [11/Mar/2026:12:13:14 +0000] "GET /configDMJ__1405e9d/Jump/0-imperoro/configDMJ__1405e9d/Jump/0-imperoro/pidxz.php__1405e9d HTTP/1.1" 200 221685 "-" "meta-externalagent/1.1 (+https://developers.facebook.com/docs/sharing/webmasters/crawler)"
74.7.227.50 - - [11/Mar/2026:12:13:15 +0000] "GET /configDMJ__1405e9d/Jump/0-imperoro/wp-content__1405e9d/plugins/WPP/index.php?fileloc=/home/imperoro/www/FSS-HCM__1405e9d/root/etc/ImageMagick-6/quantization-table.xml&path=/home/imperoro/www/FSS-HCM__1405e9d/root/etc/ImageMagick-6 HTTP/1.1" 200 3646 "http://www.impero.ro/configDMJ__1405e9d/Jump/0-imperoro/wp-content__1405e9d/plugins/WPP/index.php?path=/home/imperoro/www/FSS-HCM__1405e9d/root/etc/ImageMagick-6" "Mozilla/5.0 AppleWebKit/537.36 (KHTML, like Gecko; compatible; GPTBot/1.3; +https://openai.com/gptbot)"
57.141.20.51 - - [11/Mar/2026:12:13:15 +0000] "GET /configDMJ__1405e9d/Jump/0-imperoro/configDMJ__1405e9d/Jump/0-imperoro/zhvju.php__1405e9d HTTP/1.1" 200 221685 "-" "meta-externalagent/1.1 (+https://developers.facebook.com/docs/sharing/webmasters/crawler)"
57.141.20.33 - - [11/Mar/2026:12:13:15 +0000] "GET /FSS-HCM__1405e9d/root/lib/firmware/rtl_nic/rtl8168e-2.fw HTTP/1.1" 200 2142 "-" "meta-externalagent/1.1 (+https://developers.facebook.com/docs/sharing/webmasters/crawler)"
74.7.227.50 - - [11/Mar/2026:12:13:15 +0000] "GET /configDMJ__1405e9d/Jump/0-imperoro/wp-content__1405e9d/plugins/WPP/index.php?path=/home/imperoro/www/FSS-HCM__1405e9d/root/home/intermobila HTTP/1.1" 200 2581 "http://www.impero.ro/configDMJ__1405e9d/Jump/0-imperoro/wp-content__1405e9d/plugins/WPP/index.php?path=/home/imperoro/www/FSS-HCM__1405e9d/root/home" "Mozilla/5.0 AppleWebKit/537.36 (KHTML, like Gecko; compatible; GPTBot/1.3; +https://openai.com/gptbot)"
57.141.20.35 - - [11/Mar/2026:12:13:15 +0000] "GET /configDMJ__1405e9d/Jump/0-imperoro/configDMJ__1405e9d/Jump/0-imperoro/kquiz.php__1405e9d HTTP/1.1" 200 221685 "-" "meta-externalagent/1.1 (+https://developers.facebook.com/docs/sharing/webmasters/crawler)"
74.7.227.50 - - [11/Mar/2026:12:13:16 +0000] "GET /configDMJ__1405e9d/Jump/0-imperoro/wp-content__1405e9d/plugins/WPP/index.php?path=/home/imperoro/www/FSS-HCM__1405e9d/root/home/outlethoreca HTTP/1.1" 200 2581 "http://www.impero.ro/configDMJ__1405e9d/Jump/0-imperoro/wp-content__1405e9d/plugins/WPP/index.php?path=/home/imperoro/www/FSS-HCM__1405e9d/root/home" "Mozilla/5.0 AppleWebKit/537.36 (KHTML, like Gecko; compatible; GPTBot/1.3; +https://openai.com/gptbot)"
57.141.20.35 - - [11/Mar/2026:12:13:16 +0000] "GET /configDMJ__1405e9d/Jump/0-imperoro/configDMJ__1405e9d/Jump/0-imperoro/wp-cron.php__1405e9d HTTP/1.1" 200 5617 "-" "meta-externalagent/1.1 (+https://developers.facebook.com/docs/sharing/webmasters/crawler)"
57.141.20.57 - - [11/Mar/2026:12:13:16 +0000] "GET /configDMJ__1405e9d/Jump/0-imperoro/configDMJ__1405e9d/Jump/0-imperoro/wp-admin__1405e9d/ HTTP/1.1" 200 2583 "-" "meta-externalagent/1.1 (+https://developers.facebook.com/docs/sharing/webmasters/crawler)"
74.7.227.50 - - [11/Mar/2026:12:13:16 +0000] "GET /configDMJ__1405e9d/Jump/0-imperoro/wp-content__1405e9d/plugins/WPP/index.php?path=/home/imperoro/www/FSS-HCM__1405e9d/root/home/cazareoradea HTTP/1.1" 200 2583 "http://www.impero.ro/configDMJ__1405e9d/Jump/0-imperoro/wp-content__1405e9d/plugins/WPP/index.php?path=/home/imperoro/www/FSS-HCM__1405e9d/root/home" "Mozilla/5.0 AppleWebKit/537.36 (KHTML, like Gecko; compatible; GPTBot/1.3; +https://openai.com/gptbot)"
57.141.20.40 - - [11/Mar/2026:12:13:16 +0000] "GET /configDMJ__1405e9d/Jump/0-imperoro/configDMJ__1405e9d/Jump/0-imperoro/zwwxs.php__1405e9d HTTP/1.1" 200 26826 "-" "meta-externalagent/1.1 (+https://developers.facebook.com/docs/sharing/webmasters/crawler)"
74.7.227.50 - - [11/Mar/2026:12:13:17 +0000] "GET /configDMJ__1405e9d/Jump/0-imperoro/wp-content__1405e9d/plugins/WPP/index.php?fileloc=/home/imperoro/www/wp-content__1405e9d/themes/index.php&path=/home/imperoro/www/wp-content__1405e9d/themes HTTP/1.1" 200 2531 "http://www.impero.ro/configDMJ__1405e9d/Jump/0-imperoro/wp-content__1405e9d/plugins/WPP/index.php?path=/home/imperoro/www/wp-content__1405e9d/themes" "Mozilla/5.0 AppleWebKit/537.36 (KHTML, like Gecko; compatible; GPTBot/1.3; +https://openai.com/gptbot)"
74.7.227.50 - - [11/Mar/2026:12:13:17 +0000] "GET /configDMJ__1405e9d/Jump/0-imperoro/wp-content__1405e9d/plugins/WPP/index.php?fileloc=/home/imperoro/www/wp-content__1405e9d/plugins/index.php&path=/home/imperoro/www/wp-content__1405e9d/plugins HTTP/1.1" 200 2533 "http://www.impero.ro/configDMJ__1405e9d/Jump/0-imperoro/wp-content__1405e9d/plugins/WPP/index.php?path=/home/imperoro/www/wp-content__1405e9d/plugins" "Mozilla/5.0 AppleWebKit/537.36 (KHTML, like Gecko; compatible; GPTBot/1.3; +https://openai.com/gptbot)"
57.141.20.40 - - [11/Mar/2026:12:13:17 +0000] "GET /configDMJ__1405e9d/Jump/0-imperoro/configDMJ__1405e9d/Jump/0-imperoro/oblzy.php__1405e9d HTTP/1.1" 200 221685 "-" "meta-externalagent/1.1 (+https://developers.facebook.com/docs/sharing/webmasters/crawler)"
74.7.227.50 - - [11/Mar/2026:12:13:18 +0000] "GET /configDMJ__1405e9d/Jump/0-imperoro/wp-content__1405e9d/plugins/WPP/index.php?fileloc=/home/imperoro/www/wp-content__1405e9d/themes/author-template-1771324288/images/wpcentral_product.png&path=/home/imperoro/www/wp-content__1405e9d/themes/author-template-1771324288/images HTTP/1.1" 200 2555 "http://www.impero.ro/configDMJ__1405e9d/Jump/0-imperoro/wp-content__1405e9d/plugins/WPP/index.php?path=/home/imperoro/www/wp-content__1405e9d/themes/author-template-1771324288/images" "Mozilla/5.0 AppleWebKit/537.36 (KHTML, like Gecko; compatible; GPTBot/1.3; +https://openai.com/gptbot)"
57.141.20.28 - - [11/Mar/2026:12:13:18 +0000] "GET /configDMJ__1405e9d/Jump/0-imperoro/configDMJ__1405e9d/Jump/0-imperoro/zvyzz.php__1405e9d HTTP/1.1" 200 221685 "-" "meta-externalagent/1.1 (+https://developers.facebook.com/docs/sharing/webmasters/crawler)"
57.141.20.3 - - [11/Mar/2026:12:13:19 +0000] "GET /configDMJ__1405e9d/Jump/0-imperoro/configDMJ__1405e9d/Jump/0-imperoro/gpaqp.php__1405e9d HTTP/1.1" 200 26826 "-" "meta-externalagent/1.1 (+https://developers.facebook.com/docs/sharing/webmasters/crawler)"
74.7.227.50 - - [11/Mar/2026:12:13:19 +0000] "GET /configDMJ__1405e9d/Jump/0-imperoro/wp-content__1405e9d/plugins/WPP/index.php?fileloc=/home/imperoro/www/wp-content__1405e9d/themes/author-template-1770932459/images/templates.png&path=/home/imperoro/www/wp-content__1405e9d/themes/author-template-1770932459/images HTTP/1.1" 200 2547 "http://www.impero.ro/configDMJ__1405e9d/Jump/0-imperoro/wp-content__1405e9d/plugins/WPP/index.php?path=/home/imperoro/www/wp-content__1405e9d/themes/author-template-1770932459/images" "Mozilla/5.0 AppleWebKit/537.36 (KHTML, like Gecko; compatible; GPTBot/1.3; +https://openai.com/gptbot)"
74.7.227.50 - - [11/Mar/2026:12:13:19 +0000] "GET /configDMJ__1405e9d/Jump/0-imperoro/wp-content__1405e9d/plugins/WPP/index.php?fileloc=/home/imperoro/www/wp-content__1405e9d/themes/author-template-1771650170/images/facebook.png&path=/home/imperoro/www/wp-content__1405e9d/themes/author-template-1771650170/images HTTP/1.1" 200 2549 "http://www.impero.ro/configDMJ__1405e9d/Jump/0-imperoro/wp-content__1405e9d/plugins/WPP/index.php?path=/home/imperoro/www/wp-content__1405e9d/themes/author-template-1771650170/images" "Mozilla/5.0 AppleWebKit/537.36 (KHTML, like Gecko; compatible; GPTBot/1.3; +https://openai.com/gptbot)"
57.141.20.29 - - [11/Mar/2026:12:13:19 +0000] "GET /configDMJ__1405e9d/Jump/0-imperoro/configDMJ__1405e9d/Jump/0-imperoro/dfpvg.php__1405e9d HTTP/1.1" 200 26826 "-" "meta-externalagent/1.1 (+https://developers.facebook.com/docs/sharing/webmasters/crawler)"
57.141.20.31 - - [11/Mar/2026:12:13:19 +0000] "GET /configDMJ__1405e9d/Jump/0-imperoro/configDMJ__1405e9d/Jump/0-imperoro/rzfoo.php__1405e9d HTTP/1.1" 200 26826 "-" "meta-externalagent/1.1 (+https://developers.facebook.com/docs/sharing/webmasters/crawler)"
74.7.227.50 - - [11/Mar/2026:12:13:20 +0000] "GET /configDMJ__1405e9d/Jump/0-imperoro/wp-content__1405e9d/plugins/WPP/index.php?fileloc=/home/imperoro/www/wp-content__1405e9d/themes/author-template-1770629100/images/pagelayer_product.png&path=/home/imperoro/www/wp-content__1405e9d/themes/author-template-1770629100/images HTTP/1.1" 200 2555 "http://www.impero.ro/configDMJ__1405e9d/Jump/0-imperoro/wp-content__1405e9d/plugins/WPP/index.php?path=/home/imperoro/www/wp-content__1405e9d/themes/author-template-1770629100/images" "Mozilla/5.0 AppleWebKit/537.36 (KHTML, like Gecko; compatible; GPTBot/1.3; +https://openai.com/gptbot)"
57.141.20.7 - - [11/Mar/2026:12:13:20 +0000] "GET /configDMJ__1405e9d/Jump/0-imperoro/configDMJ__1405e9d/Jump/0-imperoro/qeqrw.php__1405e9d HTTP/1.1" 200 26826 "-" "meta-externalagent/1.1 (+https://developers.facebook.com/docs/sharing/webmasters/crawler)"
74.7.227.50 - - [11/Mar/2026:12:13:20 +0000] "GET /configDMJ__1405e9d/Jump/0-imperoro/wp-content__1405e9d/plugins/WPP/index.php?fileloc=/home/imperoro/www/wp-content__1405e9d/themes/author-template-1770629100/images/progress.svg&path=/home/imperoro/www/wp-content__1405e9d/themes/author-template-1770629100/images HTTP/1.1" 200 2949 "http://www.impero.ro/configDMJ__1405e9d/Jump/0-imperoro/wp-content__1405e9d/plugins/WPP/index.php?path=/home/imperoro/www/wp-content__1405e9d/themes/author-template-1770629100/images" "Mozilla/5.0 AppleWebKit/537.36 (KHTML, like Gecko; compatible; GPTBot/1.3; +https://openai.com/gptbot)"
74.7.227.50 - - [11/Mar/2026:12:13:21 +0000] "GET /configDMJ__1405e9d/Jump/0-imperoro/wp-content__1405e9d/plugins/WPP/index.php?fileloc=/home/imperoro/www/wp-content__1405e9d/themes/author-template-1771091394/images/pagelayer_product.png&path=/home/imperoro/www/wp-content__1405e9d/themes/author-template-1771091394/images HTTP/1.1" 200 2556 "http://www.impero.ro/configDMJ__1405e9d/Jump/0-imperoro/wp-content__1405e9d/plugins/WPP/index.php?path=/home/imperoro/www/wp-content__1405e9d/themes/author-template-1771091394/images" "Mozilla/5.0 AppleWebKit/537.36 (KHTML, like Gecko; compatible; GPTBot/1.3; +https://openai.com/gptbot)"
57.141.20.35 - - [11/Mar/2026:12:13:21 +0000] "GET /configDMJ__1405e9d/Jump/0-imperoro/configDMJ__1405e9d/Jump/0-imperoro/nkdwt.php__1405e9d HTTP/1.1" 200 221685 "-" "meta-externalagent/1.1 (+https://developers.facebook.com/docs/sharing/webmasters/crawler)"
57.141.20.15 - - [11/Mar/2026:12:13:21 +0000] "GET /configDMJ__1405e9d/Jump/0-imperoro/configDMJ__1405e9d/Jump/0-imperoro/wp-content__1405e9d/ HTTP/1.1" 200 3157 "-" "meta-externalagent/1.1 (+https://developers.facebook.com/docs/sharing/webmasters/crawler)"
74.7.227.50 - - [11/Mar/2026:12:13:21 +0000] "GET /configDMJ__1405e9d/Jump/0-imperoro/wp-content__1405e9d/plugins/WPP/index.php?fileloc=/home/imperoro/www/wp-content__1405e9d/themes/author-template-1771532173/images/popularfx-logo-menu.png&path=/home/imperoro/www/wp-content__1405e9d/themes/author-template-1771532173/images HTTP/1.1" 200 2558 "http://www.impero.ro/configDMJ__1405e9d/Jump/0-imperoro/wp-content__1405e9d/plugins/WPP/index.php?path=/home/imperoro/www/wp-content__1405e9d/themes/author-template-1771532173/images" "Mozilla/5.0 AppleWebKit/537.36 (KHTML, like Gecko; compatible; GPTBot/1.3; +https://openai.com/gptbot)"
57.141.20.31 - - [11/Mar/2026:12:13:22 +0000] "GET /configDMJ__1405e9d/Jump/0-imperoro/configDMJ__1405e9d/Jump/0-imperoro/?C=S;O=A HTTP/1.1" 200 15449 "-" "meta-externalagent/1.1 (+https://developers.facebook.com/docs/sharing/webmasters/crawler)"
74.7.227.50 - - [11/Mar/2026:12:13:22 +0000] "GET /configDMJ__1405e9d/Jump/0-imperoro/wp-content__1405e9d/plugins/WPP/index.php?fileloc=/home/imperoro/www/wp-content__1405e9d/themes/author-template-1771650170/images/twitter.png&path=/home/imperoro/www/wp-content__1405e9d/themes/author-template-1771650170/images HTTP/1.1" 200 2548 "http://www.impero.ro/configDMJ__1405e9d/Jump/0-imperoro/wp-content__1405e9d/plugins/WPP/index.php?path=/home/imperoro/www/wp-content__1405e9d/themes/author-template-1771650170/images" "Mozilla/5.0 AppleWebKit/537.36 (KHTML, like Gecko; compatible; GPTBot/1.3; +https://openai.com/gptbot)"
57.141.20.52 - - [11/Mar/2026:12:13:22 +0000] "GET /configDMJ__1405e9d/Jump/0-imperoro/configDMJ__1405e9d/Jump/0-imperoro/?C=M;O=A HTTP/1.1" 200 15449 "-" "meta-externalagent/1.1 (+https://developers.facebook.com/docs/sharing/webmasters/crawler)"
74.7.227.50 - - [11/Mar/2026:12:13:22 +0000] "GET /configDMJ__1405e9d/Jump/0-imperoro/wp-content__1405e9d/plugins/WPP/index.php?fileloc=/home/imperoro/www/wp-content__1405e9d/themes/author-template-1771650170/images/color-picker-transparency-grid.png&path=/home/imperoro/www/wp-content__1405e9d/themes/author-template-1771650170/images HTTP/1.1" 200 2563 "http://www.impero.ro/configDMJ__1405e9d/Jump/0-imperoro/wp-content__1405e9d/plugins/WPP/index.php?path=/home/imperoro/www/wp-content__1405e9d/themes/author-template-1771650170/images" "Mozilla/5.0 AppleWebKit/537.36 (KHTML, like Gecko; compatible; GPTBot/1.3; +https://openai.com/gptbot)"
57.141.20.23 - - [11/Mar/2026:12:13:22 +0000] "GET /configDMJ__1405e9d/Jump/0-imperoro/configDMJ__1405e9d/Jump/0-imperoro/vqchi.php__1405e9d HTTP/1.1" 200 221685 "-" "meta-externalagent/1.1 (+https://developers.facebook.com/docs/sharing/webmasters/crawler)"
74.7.227.50 - - [11/Mar/2026:12:13:23 +0000] "GET /configDMJ__1405e9d/Jump/0-imperoro/wp-content__1405e9d/plugins/WPP/index.php?fileloc=/home/imperoro/www/wp-content__1405e9d/themes/author-template-1771350681/images/color-picker-transparency-grid.png&path=/home/imperoro/www/wp-content__1405e9d/themes/author-template-1771350681/images HTTP/1.1" 200 2563 "http://www.impero.ro/configDMJ__1405e9d/Jump/0-imperoro/wp-content__1405e9d/plugins/WPP/index.php?path=/home/imperoro/www/wp-content__1405e9d/themes/author-template-1771350681/images" "Mozilla/5.0 AppleWebKit/537.36 (KHTML, like Gecko; compatible; GPTBot/1.3; +https://openai.com/gptbot)"
57.141.20.50 - - [11/Mar/2026:12:13:23 +0000] "GET /configDMJ__1405e9d/Jump/0-imperoro/wp-includes__1405e9d/style-engine/?C=M;O=A HTTP/1.1" 200 782 "-" "meta-externalagent/1.1 (+https://developers.facebook.com/docs/sharing/webmasters/crawler)"
74.7.227.50 - - [11/Mar/2026:12:13:23 +0000] "GET /configDMJ__1405e9d/Jump/0-imperoro/wp-content__1405e9d/plugins/WPP/index.php?fileloc=/home/imperoro/www/wp-content__1405e9d/themes/author-template-1771350681/images/progress.svg&path=/home/imperoro/www/wp-content__1405e9d/themes/author-template-1771350681/images HTTP/1.1" 200 2950 "http://www.impero.ro/configDMJ__1405e9d/Jump/0-imperoro/wp-content__1405e9d/plugins/WPP/index.php?path=/home/imperoro/www/wp-content__1405e9d/themes/author-template-1771350681/images" "Mozilla/5.0 AppleWebKit/537.36 (KHTML, like Gecko; compatible; GPTBot/1.3; +https://openai.com/gptbot)"
57.141.20.42 - - [11/Mar/2026:12:13:23 +0000] "GET /configDMJ__1405e9d/Jump/0-imperoro/wp-includes__1405e9d/block-bindings/?C=S;O=A HTTP/1.1" 200 786 "-" "meta-externalagent/1.1 (+https://developers.facebook.com/docs/sharing/webmasters/crawler)"
74.7.227.50 - - [11/Mar/2026:12:13:24 +0000] "GET /configDMJ__1405e9d/Jump/0-imperoro/wp-content__1405e9d/plugins/WPP/index.php?fileloc=/home/imperoro/www/wp-content__1405e9d/themes/author-template-1771350681/images/templates.png&path=/home/imperoro/www/wp-content__1405e9d/themes/author-template-1771350681/images HTTP/1.1" 200 2546 "http://www.impero.ro/configDMJ__1405e9d/Jump/0-imperoro/wp-content__1405e9d/plugins/WPP/index.php?path=/home/imperoro/www/wp-content__1405e9d/themes/author-template-1771350681/images" "Mozilla/5.0 AppleWebKit/537.36 (KHTML, like Gecko; compatible; GPTBot/1.3; +https://openai.com/gptbot)"
57.141.20.34 - - [11/Mar/2026:12:13:24 +0000] "GET /configDMJ__1405e9d/Jump/0-imperoro/configDMJ__1405e9d/Jump/0-imperoro/rffnx.php__1405e9d HTTP/1.1" 200 221685 "-" "meta-externalagent/1.1 (+https://developers.facebook.com/docs/sharing/webmasters/crawler)"
74.7.227.50 - - [11/Mar/2026:12:13:24 +0000] "GET /configDMJ__1405e9d/Jump/0-imperoro/wp-content__1405e9d/plugins/WPP/index.php?fileloc=/home/imperoro/www/wp-content__1405e9d/themes/author-template-1770629100/images/templates.png&path=/home/imperoro/www/wp-content__1405e9d/themes/author-template-1770629100/images HTTP/1.1" 200 2546 "http://www.impero.ro/configDMJ__1405e9d/Jump/0-imperoro/wp-content__1405e9d/plugins/WPP/index.php?path=/home/imperoro/www/wp-content__1405e9d/themes/author-template-1770629100/images" "Mozilla/5.0 AppleWebKit/537.36 (KHTML, like Gecko; compatible; GPTBot/1.3; +https://openai.com/gptbot)"
57.141.20.54 - - [11/Mar/2026:12:13:24 +0000] "GET /configDMJ__1405e9d/Jump/0-imperoro/wp-includes__1405e9d/certificates/?C=N;O=D HTTP/1.1" 200 963 "-" "meta-externalagent/1.1 (+https://developers.facebook.com/docs/sharing/webmasters/crawler)"
74.7.227.50 - - [11/Mar/2026:12:13:25 +0000] "GET /configDMJ__1405e9d/Jump/0-imperoro/wp-content__1405e9d/plugins/WPP/index.php?fileloc=/home/imperoro/www/wp-content__1405e9d/themes/author-template-1771091394/images/color-picker-transparency-grid.png&path=/home/imperoro/www/wp-content__1405e9d/themes/author-template-1771091394/images HTTP/1.1" 200 2563 "http://www.impero.ro/configDMJ__1405e9d/Jump/0-imperoro/wp-content__1405e9d/plugins/WPP/index.php?path=/home/imperoro/www/wp-content__1405e9d/themes/author-template-1771091394/images" "Mozilla/5.0 AppleWebKit/537.36 (KHTML, like Gecko; compatible; GPTBot/1.3; +https://openai.com/gptbot)"
57.141.20.5 - - [11/Mar/2026:12:13:25 +0000] "GET /configDMJ__1405e9d/Jump/0-imperoro/configDMJ__1405e9d/Jump/0-imperoro/kznxr.php__1405e9d HTTP/1.1" 200 221685 "-" "meta-externalagent/1.1 (+https://developers.facebook.com/docs/sharing/webmasters/crawler)"
74.7.227.50 - - [11/Mar/2026:12:13:25 +0000] "GET /configDMJ__1405e9d/Jump/0-imperoro/wp-content__1405e9d/plugins/WPP/index.php?fileloc=/home/imperoro/www/wp-content__1405e9d/themes/author-template-1770607427/images/pagelayer_product.png&path=/home/imperoro/www/wp-content__1405e9d/themes/author-template-1770607427/images HTTP/1.1" 200 2556 "http://www.impero.ro/configDMJ__1405e9d/Jump/0-imperoro/wp-content__1405e9d/plugins/WPP/index.php?path=/home/imperoro/www/wp-content__1405e9d/themes/author-template-1770607427/images" "Mozilla/5.0 AppleWebKit/537.36 (KHTML, like Gecko; compatible; GPTBot/1.3; +https://openai.com/gptbot)"
57.141.20.51 - - [11/Mar/2026:12:13:26 +0000] "GET /configDMJ__1405e9d/Jump/0-imperoro/configDMJ__1405e9d/Jump/0-imperoro/ocqmt.php__1405e9d HTTP/1.1" 200 26826 "-" "meta-externalagent/1.1 (+https://developers.facebook.com/docs/sharing/webmasters/crawler)"
74.7.227.50 - - [11/Mar/2026:12:13:26 +0000] "GET /configDMJ__1405e9d/Jump/0-imperoro/wp-content__1405e9d/plugins/WPP/index.php?fileloc=/home/imperoro/www/wp-content__1405e9d/themes/author-template-1771532173/images/pagelayer_product.png&path=/home/imperoro/www/wp-content__1405e9d/themes/author-template-1771532173/images HTTP/1.1" 200 2556 "http://www.impero.ro/configDMJ__1405e9d/Jump/0-imperoro/wp-content__1405e9d/plugins/WPP/index.php?path=/home/imperoro/www/wp-content__1405e9d/themes/author-template-1771532173/images" "Mozilla/5.0 AppleWebKit/537.36 (KHTML, like Gecko; compatible; GPTBot/1.3; +https://openai.com/gptbot)"
57.141.20.12 - - [11/Mar/2026:12:13:26 +0000] "GET /configDMJ__1405e9d/Jump/0-imperoro/wp-includes__1405e9d/block-bindings/?C=D;O=A HTTP/1.1" 200 786 "-" "meta-externalagent/1.1 (+https://developers.facebook.com/docs/sharing/webmasters/crawler)"
74.7.227.50 - - [11/Mar/2026:12:13:26 +0000] "GET /configDMJ__1405e9d/Jump/0-imperoro/wp-content__1405e9d/plugins/WPP/index.php?fileloc=/home/imperoro/www/wp-content__1405e9d/themes/author-template-1771415070/images/pagelayer_product.png&path=/home/imperoro/www/wp-content__1405e9d/themes/author-template-1771415070/images HTTP/1.1" 200 2555 "http://www.impero.ro/configDMJ__1405e9d/Jump/0-imperoro/wp-content__1405e9d/plugins/WPP/index.php?path=/home/imperoro/www/wp-content__1405e9d/themes/author-template-1771415070/images" "Mozilla/5.0 AppleWebKit/537.36 (KHTML, like Gecko; compatible; GPTBot/1.3; +https://openai.com/gptbot)"
57.141.20.7 - - [11/Mar/2026:12:13:26 +0000] "GET /configDMJ__1405e9d/Jump/0-imperoro/wp-includes__1405e9d/certificates/?C=M;O=A HTTP/1.1" 200 963 "-" "meta-externalagent/1.1 (+https://developers.facebook.com/docs/sharing/webmasters/crawler)"
57.141.20.2 - - [11/Mar/2026:12:13:26 +0000] "GET /configDMJ__1405e9d/Jump/0-imperoro/FSS-HCM__1405e9d/root/lib64/python2.7/urllib2.pyc HTTP/1.1" 200 17738 "-" "meta-externalagent/1.1 (+https://developers.facebook.com/docs/sharing/webmasters/crawler)"
74.7.227.50 - - [11/Mar/2026:12:13:27 +0000] "GET /configDMJ__1405e9d/Jump/0-imperoro/wp-content__1405e9d/plugins/WPP/index.php?fileloc=/home/imperoro/www/wp-content__1405e9d/themes/author-template-1771650170/images/wpcentral_product.png&path=/home/imperoro/www/wp-content__1405e9d/themes/author-template-1771650170/images HTTP/1.1" 200 2555 "http://www.impero.ro/configDMJ__1405e9d/Jump/0-imperoro/wp-content__1405e9d/plugins/WPP/index.php?path=/home/imperoro/www/wp-content__1405e9d/themes/author-template-1771650170/images" "Mozilla/5.0 AppleWebKit/537.36 (KHTML, like Gecko; compatible; GPTBot/1.3; +https://openai.com/gptbot)"
57.141.20.15 - - [11/Mar/2026:12:13:27 +0000] "GET /configDMJ__1405e9d/Jump/0-imperoro/configDMJ__1405e9d/Jump/0-imperoro/wp-contenterror.log__1405e9d HTTP/1.1" 200 166564 "-" "meta-externalagent/1.1 (+https://developers.facebook.com/docs/sharing/webmasters/crawler)"
57.141.20.56 - - [11/Mar/2026:12:13:27 +0000] "GET /configDMJ__1405e9d/Jump/0-imperoro/configDMJ__1405e9d/Jump/0-imperoro/index.php__1405e9d HTTP/1.1" 200 2712 "-" "meta-externalagent/1.1 (+https://developers.facebook.com/docs/sharing/webmasters/crawler)"
74.7.227.50 - - [11/Mar/2026:12:13:27 +0000] "GET /configDMJ__1405e9d/Jump/0-imperoro/wp-content__1405e9d/plugins/WPP/index.php?fileloc=/home/imperoro/www/wp-content__1405e9d/themes/author-template-1771324288/images/pagelayer_product.png&path=/home/imperoro/www/wp-content__1405e9d/themes/author-template-1771324288/images HTTP/1.1" 200 2556 "http://www.impero.ro/configDMJ__1405e9d/Jump/0-imperoro/wp-content__1405e9d/plugins/WPP/index.php?path=/home/imperoro/www/wp-content__1405e9d/themes/author-template-1771324288/images" "Mozilla/5.0 AppleWebKit/537.36 (KHTML, like Gecko; compatible; GPTBot/1.3; +https://openai.com/gptbot)"
57.141.20.26 - - [11/Mar/2026:12:13:28 +0000] "GET /configDMJ__1405e9d/Jump/0-imperoro/wp-includes__1405e9d/certificates/?C=D;O=A HTTP/1.1" 200 963 "-" "meta-externalagent/1.1 (+https://developers.facebook.com/docs/sharing/webmasters/crawler)"
74.7.227.50 - - [11/Mar/2026:12:13:28 +0000] "GET /configDMJ__1405e9d/Jump/0-imperoro/wp-content__1405e9d/plugins/WPP/index.php?fileloc=/home/imperoro/www/wp-content__1405e9d/themes/author-template-1771415070/images/twitter.png&path=/home/imperoro/www/wp-content__1405e9d/themes/author-template-1771415070/images HTTP/1.1" 200 2548 "http://www.impero.ro/configDMJ__1405e9d/Jump/0-imperoro/wp-content__1405e9d/plugins/WPP/index.php?path=/home/imperoro/www/wp-content__1405e9d/themes/author-template-1771415070/images" "Mozilla/5.0 AppleWebKit/537.36 (KHTML, like Gecko; compatible; GPTBot/1.3; +https://openai.com/gptbot)"
57.141.20.30 - - [11/Mar/2026:12:13:29 +0000] "GET /configDMJ__1405e9d/Jump/0-imperoro/wp-includes__1405e9d/interactivity-api/?C=S;O=A HTTP/1.1" 200 792 "-" "meta-externalagent/1.1 (+https://developers.facebook.com/docs/sharing/webmasters/crawler)"
74.7.227.50 - - [11/Mar/2026:12:13:29 +0000] "GET /configDMJ__1405e9d/Jump/0-imperoro/wp-content__1405e9d/plugins/WPP/index.php?fileloc=/home/imperoro/www/wp-content__1405e9d/themes/author-template-1771091394/images/popularfx-logo-menu.png&path=/home/imperoro/www/wp-content__1405e9d/themes/author-template-1771091394/images HTTP/1.1" 200 2557 "http://www.impero.ro/configDMJ__1405e9d/Jump/0-imperoro/wp-content__1405e9d/plugins/WPP/index.php?path=/home/imperoro/www/wp-content__1405e9d/themes/author-template-1771091394/images" "Mozilla/5.0 AppleWebKit/537.36 (KHTML, like Gecko; compatible; GPTBot/1.3; +https://openai.com/gptbot)"
74.7.227.50 - - [11/Mar/2026:12:13:29 +0000] "GET /configDMJ__1405e9d/Jump/0-imperoro/wp-content__1405e9d/plugins/WPP/index.php?fileloc=/home/imperoro/www/wp-content__1405e9d/themes/author-template-1771091394/images/progress.svg&path=/home/imperoro/www/wp-content__1405e9d/themes/author-template-1771091394/images HTTP/1.1" 200 2950 "http://www.impero.ro/configDMJ__1405e9d/Jump/0-imperoro/wp-content__1405e9d/plugins/WPP/index.php?path=/home/imperoro/www/wp-content__1405e9d/themes/author-template-1771091394/images" "Mozilla/5.0 AppleWebKit/537.36 (KHTML, like Gecko; compatible; GPTBot/1.3; +https://openai.com/gptbot)"
57.141.20.23 - - [11/Mar/2026:12:13:29 +0000] "GET /configDMJ__1405e9d/Jump/0-imperoro/wp-includes__1405e9d/block-bindings/?C=M;O=A HTTP/1.1" 200 786 "-" "meta-externalagent/1.1 (+https://developers.facebook.com/docs/sharing/webmasters/crawler)"
74.7.227.50 - - [11/Mar/2026:12:13:30 +0000] "GET /configDMJ__1405e9d/Jump/0-imperoro/wp-content__1405e9d/plugins/WPP/index.php?fileloc=/home/imperoro/www/wp-content__1405e9d/themes/author-template-1773118270/images/color-picker-transparency-grid.png&path=/home/imperoro/www/wp-content__1405e9d/themes/author-template-1773118270/images HTTP/1.1" 200 2563 "http://www.impero.ro/configDMJ__1405e9d/Jump/0-imperoro/wp-content__1405e9d/plugins/WPP/index.php?path=/home/imperoro/www/wp-content__1405e9d/themes/author-template-1773118270/images" "Mozilla/5.0 AppleWebKit/537.36 (KHTML, like Gecko; compatible; GPTBot/1.3; +https://openai.com/gptbot)"
57.141.20.26 - - [11/Mar/2026:12:13:30 +0000] "GET /configDMJ__1405e9d/Jump/0-imperoro/wp-includes__1405e9d/block-bindings/?C=N;O=D HTTP/1.1" 200 786 "-" "meta-externalagent/1.1 (+https://developers.facebook.com/docs/sharing/webmasters/crawler)"
74.7.227.50 - - [11/Mar/2026:12:13:30 +0000] "GET /configDMJ__1405e9d/Jump/0-imperoro/wp-content__1405e9d/plugins/WPP/index.php?fileloc=/home/imperoro/www/wp-content__1405e9d/themes/author-template-1770932459/images/wpcentral_product.png&path=/home/imperoro/www/wp-content__1405e9d/themes/author-template-1770932459/images HTTP/1.1" 200 2555 "http://www.impero.ro/configDMJ__1405e9d/Jump/0-imperoro/wp-content__1405e9d/plugins/WPP/index.php?path=/home/imperoro/www/wp-content__1405e9d/themes/author-template-1770932459/images" "Mozilla/5.0 AppleWebKit/537.36 (KHTML, like Gecko; compatible; GPTBot/1.3; +https://openai.com/gptbot)"
74.7.227.50 - - [11/Mar/2026:12:13:31 +0000] "GET /configDMJ__1405e9d/Jump/0-imperoro/wp-content__1405e9d/plugins/WPP/index.php?fileloc=/home/imperoro/www/wp-content__1405e9d/themes/author-template-1770932459/images/color-picker-transparency-grid.png&path=/home/imperoro/www/wp-content__1405e9d/themes/author-template-1770932459/images HTTP/1.1" 200 2563 "http://www.impero.ro/configDMJ__1405e9d/Jump/0-imperoro/wp-content__1405e9d/plugins/WPP/index.php?path=/home/imperoro/www/wp-content__1405e9d/themes/author-template-1770932459/images" "Mozilla/5.0 AppleWebKit/537.36 (KHTML, like Gecko; compatible; GPTBot/1.3; +https://openai.com/gptbot)"
57.141.20.20 - - [11/Mar/2026:12:13:31 +0000] "GET /configDMJ__1405e9d/Jump/0-imperoro/wp-includes__1405e9d/certificates/ca-bundle.crt HTTP/1.1" 200 234150 "-" "meta-externalagent/1.1 (+https://developers.facebook.com/docs/sharing/webmasters/crawler)"
57.141.20.28 - - [11/Mar/2026:12:13:31 +0000] "GET /configDMJ__1405e9d/Jump/0-imperoro/cgi-bin__1405e9d/?C=M;O=D HTTP/1.1" 200 727 "-" "meta-externalagent/1.1 (+https://developers.facebook.com/docs/sharing/webmasters/crawler)"
74.7.227.50 - - [11/Mar/2026:12:13:31 +0000] "GET /configDMJ__1405e9d/Jump/0-imperoro/wp-content__1405e9d/plugins/WPP/index.php?fileloc=/home/imperoro/www/wp-content__1405e9d/themes/author-template-1770629100/images/color-picker-transparency-grid.png&path=/home/imperoro/www/wp-content__1405e9d/themes/author-template-1770629100/images HTTP/1.1" 200 2563 "http://www.impero.ro/configDMJ__1405e9d/Jump/0-imperoro/wp-content__1405e9d/plugins/WPP/index.php?path=/home/imperoro/www/wp-content__1405e9d/themes/author-template-1770629100/images" "Mozilla/5.0 AppleWebKit/537.36 (KHTML, like Gecko; compatible; GPTBot/1.3; +https://openai.com/gptbot)"
57.141.20.22 - - [11/Mar/2026:12:13:31 +0000] "GET /configDMJ__1405e9d/Jump/0-imperoro/wp-includes__1405e9d/interactivity-api/?C=D;O=A HTTP/1.1" 200 792 "-" "meta-externalagent/1.1 (+https://developers.facebook.com/docs/sharing/webmasters/crawler)"
74.7.227.50 - - [11/Mar/2026:12:13:32 +0000] "GET /configDMJ__1405e9d/Jump/0-imperoro/wp-content__1405e9d/plugins/WPP/index.php?fileloc=/home/imperoro/www/wp-content__1405e9d/themes/author-template-1771650170/images/pagelayer_product.png&path=/home/imperoro/www/wp-content__1405e9d/themes/author-template-1771650170/images HTTP/1.1" 200 2555 "http://www.impero.ro/configDMJ__1405e9d/Jump/0-imperoro/wp-content__1405e9d/plugins/WPP/index.php?path=/home/imperoro/www/wp-content__1405e9d/themes/author-template-1771650170/images" "Mozilla/5.0 AppleWebKit/537.36 (KHTML, like Gecko; compatible; GPTBot/1.3; +https://openai.com/gptbot)"
57.141.20.11 - - [11/Mar/2026:12:13:32 +0000] "GET /configDMJ__1405e9d/Jump/0-imperoro/wp-includes__1405e9d/interactivity-api/?C=M;O=A HTTP/1.1" 200 792 "-" "meta-externalagent/1.1 (+https://developers.facebook.com/docs/sharing/webmasters/crawler)"
74.7.227.50 - - [11/Mar/2026:12:13:32 +0000] "GET /configDMJ__1405e9d/Jump/0-imperoro/wp-content__1405e9d/plugins/WPP/index.php?fileloc=/home/imperoro/www/wp-content__1405e9d/themes/author-template-1771415070/images/wpcentral_product.png&path=/home/imperoro/www/wp-content__1405e9d/themes/author-template-1771415070/images HTTP/1.1" 200 2555 "http://www.impero.ro/configDMJ__1405e9d/Jump/0-imperoro/wp-content__1405e9d/plugins/WPP/index.php?path=/home/imperoro/www/wp-content__1405e9d/themes/author-template-1771415070/images" "Mozilla/5.0 AppleWebKit/537.36 (KHTML, like Gecko; compatible; GPTBot/1.3; +https://openai.com/gptbot)"
57.141.20.49 - - [11/Mar/2026:12:13:33 +0000] "GET /configDMJ__1405e9d/Jump/0-imperoro/wp-content__1405e9d/plugins/analytics-1771170928/lib/ HTTP/1.1" 200 2947 "-" "meta-externalagent/1.1 (+https://developers.facebook.com/docs/sharing/webmasters/crawler)"
74.7.227.50 - - [11/Mar/2026:12:13:33 +0000] "GET /configDMJ__1405e9d/Jump/0-imperoro/wp-content__1405e9d/plugins/WPP/index.php?fileloc=/home/imperoro/www/wp-content__1405e9d/themes/author-template-1771415070/images/progress.svg&path=/home/imperoro/www/wp-content__1405e9d/themes/author-template-1771415070/images HTTP/1.1" 200 2950 "http://www.impero.ro/configDMJ__1405e9d/Jump/0-imperoro/wp-content__1405e9d/plugins/WPP/index.php?path=/home/imperoro/www/wp-content__1405e9d/themes/author-template-1771415070/images" "Mozilla/5.0 AppleWebKit/537.36 (KHTML, like Gecko; compatible; GPTBot/1.3; +https://openai.com/gptbot)"
57.141.20.59 - - [11/Mar/2026:12:13:33 +0000] "GET /configDMJ__1405e9d/Jump/0-imperoro/wp-includes__1405e9d/Text/?C=D;O=A HTTP/1.1" 200 939 "-" "meta-externalagent/1.1 (+https://developers.facebook.com/docs/sharing/webmasters/crawler)"
57.141.20.57 - - [11/Mar/2026:12:13:33 +0000] "GET /configDMJ__1405e9d/Jump/0-imperoro/wp-includes__1405e9d/style-engine/?C=N;O=D HTTP/1.1" 200 782 "-" "meta-externalagent/1.1 (+https://developers.facebook.com/docs/sharing/webmasters/crawler)"
74.7.227.50 - - [11/Mar/2026:12:13:33 +0000] "GET /configDMJ__1405e9d/Jump/0-imperoro/wp-content__1405e9d/plugins/WPP/index.php?fileloc=/home/imperoro/www/wp-content__1405e9d/themes/author-template-1770932459/images/facebook.png&path=/home/imperoro/www/wp-content__1405e9d/themes/author-template-1770932459/images HTTP/1.1" 200 2550 "http://www.impero.ro/configDMJ__1405e9d/Jump/0-imperoro/wp-content__1405e9d/plugins/WPP/index.php?path=/home/imperoro/www/wp-content__1405e9d/themes/author-template-1770932459/images" "Mozilla/5.0 AppleWebKit/537.36 (KHTML, like Gecko; compatible; GPTBot/1.3; +https://openai.com/gptbot)"
57.141.20.5 - - [11/Mar/2026:12:13:34 +0000] "GET /configDMJ__1405e9d/Jump/0-imperoro/wp-includes__1405e9d/ID3/readme.txt HTTP/1.1" 200 26330 "-" "meta-externalagent/1.1 (+https://developers.facebook.com/docs/sharing/webmasters/crawler)"
74.7.227.50 - - [11/Mar/2026:12:13:34 +0000] "GET /configDMJ__1405e9d/Jump/0-imperoro/wp-content__1405e9d/plugins/WPP/index.php?fileloc=/home/imperoro/www/wp-content__1405e9d/themes/author-template-1770932459/images/twitter.png&path=/home/imperoro/www/wp-content__1405e9d/themes/author-template-1770932459/images HTTP/1.1" 200 2549 "http://www.impero.ro/configDMJ__1405e9d/Jump/0-imperoro/wp-content__1405e9d/plugins/WPP/index.php?path=/home/imperoro/www/wp-content__1405e9d/themes/author-template-1770932459/images" "Mozilla/5.0 AppleWebKit/537.36 (KHTML, like Gecko; compatible; GPTBot/1.3; +https://openai.com/gptbot)"
74.7.227.50 - - [11/Mar/2026:12:13:34 +0000] "GET /configDMJ__1405e9d/Jump/0-imperoro/wp-content__1405e9d/plugins/WPP/index.php?fileloc=/home/imperoro/www/wp-content__1405e9d/themes/author-template-1770932459/images/pagelayer_product.png&path=/home/imperoro/www/wp-content__1405e9d/themes/author-template-1770932459/images HTTP/1.1" 200 2556 "http://www.impero.ro/configDMJ__1405e9d/Jump/0-imperoro/wp-content__1405e9d/plugins/WPP/index.php?path=/home/imperoro/www/wp-content__1405e9d/themes/author-template-1770932459/images" "Mozilla/5.0 AppleWebKit/537.36 (KHTML, like Gecko; compatible; GPTBot/1.3; +https://openai.com/gptbot)"
57.141.20.15 - - [11/Mar/2026:12:13:34 +0000] "GET /configDMJ__1405e9d/Jump/0-imperoro/wp-includes__1405e9d/style-engine/?C=D;O=A HTTP/1.1" 200 782 "-" "meta-externalagent/1.1 (+https://developers.facebook.com/docs/sharing/webmasters/crawler)"
74.7.227.50 - - [11/Mar/2026:12:13:35 +0000] "GET /configDMJ__1405e9d/Jump/0-imperoro/wp-content__1405e9d/plugins/WPP/index.php?fileloc=/home/imperoro/www/wp-content__1405e9d/themes/author-template-1771650170/images/popularfx-logo-menu.png&path=/home/imperoro/www/wp-content__1405e9d/themes/author-template-1771650170/images HTTP/1.1" 200 2558 "http://www.impero.ro/configDMJ__1405e9d/Jump/0-imperoro/wp-content__1405e9d/plugins/WPP/index.php?path=/home/imperoro/www/wp-content__1405e9d/themes/author-template-1771650170/images" "Mozilla/5.0 AppleWebKit/537.36 (KHTML, like Gecko; compatible; GPTBot/1.3; +https://openai.com/gptbot)"
57.141.20.56 - - [11/Mar/2026:12:13:35 +0000] "GET /configDMJ__1405e9d/Jump/0-imperoro/wp-includes__1405e9d/certificates/?C=S;O=A HTTP/1.1" 200 963 "-" "meta-externalagent/1.1 (+https://developers.facebook.com/docs/sharing/webmasters/crawler)"
57.141.20.10 - - [11/Mar/2026:12:13:35 +0000] "GET /configDMJ__1405e9d/Jump/0-imperoro/wp-includes__1405e9d/IXR/?C=M;O=A HTTP/1.1" 200 764 "-" "meta-externalagent/1.1 (+https://developers.facebook.com/docs/sharing/webmasters/crawler)"
74.7.227.50 - - [11/Mar/2026:12:13:35 +0000] "GET /configDMJ__1405e9d/Jump/0-imperoro/wp-content__1405e9d/plugins/WPP/index.php?fileloc=/home/imperoro/www/wp-content__1405e9d/themes/author-template-1773118270/images/pagelayer_product.png&path=/home/imperoro/www/wp-content__1405e9d/themes/author-template-1773118270/images HTTP/1.1" 200 2555 "http://www.impero.ro/configDMJ__1405e9d/Jump/0-imperoro/wp-content__1405e9d/plugins/WPP/index.php?path=/home/imperoro/www/wp-content__1405e9d/themes/author-template-1773118270/images" "Mozilla/5.0 AppleWebKit/537.36 (KHTML, like Gecko; compatible; GPTBot/1.3; +https://openai.com/gptbot)"
74.7.227.50 - - [11/Mar/2026:12:13:36 +0000] "GET /configDMJ__1405e9d/Jump/0-imperoro/wp-content__1405e9d/plugins/WPP/index.php?fileloc=/home/imperoro/www/wp-content__1405e9d/themes/author-template-1771532173/images/progress.svg&path=/home/imperoro/www/wp-content__1405e9d/themes/author-template-1771532173/images HTTP/1.1" 200 2950 "http://www.impero.ro/configDMJ__1405e9d/Jump/0-imperoro/wp-content__1405e9d/plugins/WPP/index.php?path=/home/imperoro/www/wp-content__1405e9d/themes/author-template-1771532173/images" "Mozilla/5.0 AppleWebKit/537.36 (KHTML, like Gecko; compatible; GPTBot/1.3; +https://openai.com/gptbot)"
57.141.20.2 - - [11/Mar/2026:12:13:36 +0000] "GET /configDMJ__1405e9d/Jump/0-imperoro/wp-includes__1405e9d/interactivity-api/?C=N;O=D HTTP/1.1" 200 792 "-" "meta-externalagent/1.1 (+https://developers.facebook.com/docs/sharing/webmasters/crawler)"
74.7.227.50 - - [11/Mar/2026:12:13:36 +0000] "GET /configDMJ__1405e9d/Jump/0-imperoro/wp-content__1405e9d/plugins/WPP/index.php?fileloc=/home/imperoro/www/wp-content__1405e9d/themes/author-template-1771650170/images/progress.svg&path=/home/imperoro/www/wp-content__1405e9d/themes/author-template-1771650170/images HTTP/1.1" 200 2950 "http://www.impero.ro/configDMJ__1405e9d/Jump/0-imperoro/wp-content__1405e9d/plugins/WPP/index.php?path=/home/imperoro/www/wp-content__1405e9d/themes/author-template-1771650170/images" "Mozilla/5.0 AppleWebKit/537.36 (KHTML, like Gecko; compatible; GPTBot/1.3; +https://openai.com/gptbot)"
57.141.20.26 - - [11/Mar/2026:12:13:37 +0000] "GET /configDMJ__1405e9d/Jump/0-imperoro/wp-includes__1405e9d/widgets/?C=N;O=D HTTP/1.1" 200 772 "-" "meta-externalagent/1.1 (+https://developers.facebook.com/docs/sharing/webmasters/crawler)"
57.141.20.59 - - [11/Mar/2026:12:13:37 +0000] "GET /configDMJ__1405e9d/Jump/0-imperoro/wp-includes__1405e9d/Text/?C=N;O=D HTTP/1.1" 200 939 "-" "meta-externalagent/1.1 (+https://developers.facebook.com/docs/sharing/webmasters/crawler)"
74.7.227.50 - - [11/Mar/2026:12:13:37 +0000] "GET /configDMJ__1405e9d/Jump/0-imperoro/wp-content__1405e9d/plugins/WPP/index.php?fileloc=/home/imperoro/www/wp-content__1405e9d/themes/author-template-1771091394/images/templates.png&path=/home/imperoro/www/wp-content__1405e9d/themes/author-template-1771091394/images HTTP/1.1" 200 2546 "http://www.impero.ro/configDMJ__1405e9d/Jump/0-imperoro/wp-content__1405e9d/plugins/WPP/index.php?path=/home/imperoro/www/wp-content__1405e9d/themes/author-template-1771091394/images" "Mozilla/5.0 AppleWebKit/537.36 (KHTML, like Gecko; compatible; GPTBot/1.3; +https://openai.com/gptbot)"
57.141.20.35 - - [11/Mar/2026:12:13:37 +0000] "GET /configDMJ__1405e9d/Jump/0-imperoro/wp-content__1405e9d/plugins/analytics-1771170928/classes/ HTTP/1.1" 200 856 "-" "meta-externalagent/1.1 (+https://developers.facebook.com/docs/sharing/webmasters/crawler)"
74.7.227.50 - - [11/Mar/2026:12:13:37 +0000] "GET /configDMJ__1405e9d/Jump/0-imperoro/wp-content__1405e9d/plugins/WPP/index.php?fileloc=/home/imperoro/www/wp-content__1405e9d/themes/author-template-1773118270/images/templates.png&path=/home/imperoro/www/wp-content__1405e9d/themes/author-template-1773118270/images HTTP/1.1" 200 2546 "http://www.impero.ro/configDMJ__1405e9d/Jump/0-imperoro/wp-content__1405e9d/plugins/WPP/index.php?path=/home/imperoro/www/wp-content__1405e9d/themes/author-template-1773118270/images" "Mozilla/5.0 AppleWebKit/537.36 (KHTML, like Gecko; compatible; GPTBot/1.3; +https://openai.com/gptbot)"
57.141.20.54 - - [11/Mar/2026:12:13:38 +0000] "GET /configDMJ__1405e9d/Jump/0-imperoro/wp-includes__1405e9d/Text/Diff/ HTTP/1.1" 200 1133 "-" "meta-externalagent/1.1 (+https://developers.facebook.com/docs/sharing/webmasters/crawler)"
74.7.227.50 - - [11/Mar/2026:12:13:38 +0000] "GET /configDMJ__1405e9d/Jump/0-imperoro/wp-content__1405e9d/plugins/WPP/index.php?fileloc=/home/imperoro/www/wp-content__1405e9d/themes/author-template-1771415070/images/popularfx-logo-menu.png&path=/home/imperoro/www/wp-content__1405e9d/themes/author-template-1771415070/images HTTP/1.1" 200 2558 "http://www.impero.ro/configDMJ__1405e9d/Jump/0-imperoro/wp-content__1405e9d/plugins/WPP/index.php?path=/home/imperoro/www/wp-content__1405e9d/themes/author-template-1771415070/images" "Mozilla/5.0 AppleWebKit/537.36 (KHTML, like Gecko; compatible; GPTBot/1.3; +https://openai.com/gptbot)"
57.141.20.31 - - [11/Mar/2026:12:13:38 +0000] "GET /configDMJ__1405e9d/Jump/0-imperoro/wp-content__1405e9d/plugins/analytics-1771170928/inc/ HTTP/1.1" 200 1023 "-" "meta-externalagent/1.1 (+https://developers.facebook.com/docs/sharing/webmasters/crawler)"
74.7.227.50 - - [11/Mar/2026:12:13:39 +0000] "GET /configDMJ__1405e9d/Jump/0-imperoro/wp-content__1405e9d/plugins/WPP/index.php?fileloc=/home/imperoro/www/wp-content__1405e9d/themes/author-template-1770629100/images/wpcentral_product.png&path=/home/imperoro/www/wp-content__1405e9d/themes/author-template-1770629100/images HTTP/1.1" 200 2555 "http://www.impero.ro/configDMJ__1405e9d/Jump/0-imperoro/wp-content__1405e9d/plugins/WPP/index.php?path=/home/imperoro/www/wp-content__1405e9d/themes/author-template-1770629100/images" "Mozilla/5.0 AppleWebKit/537.36 (KHTML, like Gecko; compatible; GPTBot/1.3; +https://openai.com/gptbot)"
57.141.20.39 - - [11/Mar/2026:12:13:39 +0000] "GET /configDMJ__1405e9d/Jump/0-imperoro/wp-includes__1405e9d/Text/?C=M;O=A HTTP/1.1" 200 939 "-" "meta-externalagent/1.1 (+https://developers.facebook.com/docs/sharing/webmasters/crawler)"
74.7.227.50 - - [11/Mar/2026:12:13:39 +0000] "GET /configDMJ__1405e9d/Jump/0-imperoro/wp-content__1405e9d/plugins/WPP/index.php?fileloc=/home/imperoro/www/wp-content__1405e9d/themes/author-template-1771415070/images/facebook.png&path=/home/imperoro/www/wp-content__1405e9d/themes/author-template-1771415070/images HTTP/1.1" 200 2549 "http://www.impero.ro/configDMJ__1405e9d/Jump/0-imperoro/wp-content__1405e9d/plugins/WPP/index.php?path=/home/imperoro/www/wp-content__1405e9d/themes/author-template-1771415070/images" "Mozilla/5.0 AppleWebKit/537.36 (KHTML, like Gecko; compatible; GPTBot/1.3; +https://openai.com/gptbot)"
57.141.20.8 - - [11/Mar/2026:12:13:39 +0000] "GET /configDMJ__1405e9d/Jump/0-imperoro/wp-content__1405e9d/plugins/analytics-1771170928/readme.txt HTTP/1.1" 200 18049 "-" "meta-externalagent/1.1 (+https://developers.facebook.com/docs/sharing/webmasters/crawler)"
74.7.227.50 - - [11/Mar/2026:12:13:40 +0000] "GET /configDMJ__1405e9d/Jump/0-imperoro/wp-content__1405e9d/plugins/WPP/index.php?fileloc=/home/imperoro/www/wp-content__1405e9d/themes/author-template-1770932459/images/progress.svg&path=/home/imperoro/www/wp-content__1405e9d/themes/author-template-1770932459/images HTTP/1.1" 200 2950 "http://www.impero.ro/configDMJ__1405e9d/Jump/0-imperoro/wp-content__1405e9d/plugins/WPP/index.php?path=/home/imperoro/www/wp-content__1405e9d/themes/author-template-1770932459/images" "Mozilla/5.0 AppleWebKit/537.36 (KHTML, like Gecko; compatible; GPTBot/1.3; +https://openai.com/gptbot)"
57.141.20.20 - - [11/Mar/2026:12:13:40 +0000] "GET /configDMJ__1405e9d/Jump/0-imperoro/wp-includes__1405e9d/widgets/?C=D;O=A HTTP/1.1" 200 772 "-" "meta-externalagent/1.1 (+https://developers.facebook.com/docs/sharing/webmasters/crawler)"
74.7.227.50 - - [11/Mar/2026:12:13:40 +0000] "GET /configDMJ__1405e9d/Jump/0-imperoro/wp-content__1405e9d/plugins/WPP/index.php?fileloc=/home/imperoro/www/wp-content__1405e9d/themes/author-template-1771350681/images/facebook.png&path=/home/imperoro/www/wp-content__1405e9d/themes/author-template-1771350681/images HTTP/1.1" 200 2549 "http://www.impero.ro/configDMJ__1405e9d/Jump/0-imperoro/wp-content__1405e9d/plugins/WPP/index.php?path=/home/imperoro/www/wp-content__1405e9d/themes/author-template-1771350681/images" "Mozilla/5.0 AppleWebKit/537.36 (KHTML, like Gecko; compatible; GPTBot/1.3; +https://openai.com/gptbot)"
57.141.20.26 - - [11/Mar/2026:12:13:40 +0000] "GET /configDMJ__1405e9d/Jump/0-imperoro/wp-content__1405e9d/plugins/analytics-1771170928/?C=M;O=A HTTP/1.1" 200 2390 "-" "meta-externalagent/1.1 (+https://developers.facebook.com/docs/sharing/webmasters/crawler)"
74.7.227.50 - - [11/Mar/2026:12:13:41 +0000] "GET /configDMJ__1405e9d/Jump/0-imperoro/wp-content__1405e9d/plugins/WPP/index.php?fileloc=/home/imperoro/www/wp-content__1405e9d/themes/author-template-1770629100/images/facebook.png&path=/home/imperoro/www/wp-content__1405e9d/themes/author-template-1770629100/images HTTP/1.1" 200 2549 "http://www.impero.ro/configDMJ__1405e9d/Jump/0-imperoro/wp-content__1405e9d/plugins/WPP/index.php?path=/home/imperoro/www/wp-content__1405e9d/themes/author-template-1770629100/images" "Mozilla/5.0 AppleWebKit/537.36 (KHTML, like Gecko; compatible; GPTBot/1.3; +https://openai.com/gptbot)"
57.141.20.15 - - [11/Mar/2026:12:13:41 +0000] "GET /configDMJ__1405e9d/Jump/0-imperoro/wp-includes__1405e9d/Text/?C=S;O=A HTTP/1.1" 200 939 "-" "meta-externalagent/1.1 (+https://developers.facebook.com/docs/sharing/webmasters/crawler)"
74.7.227.50 - - [11/Mar/2026:12:13:41 +0000] "GET /configDMJ__1405e9d/Jump/0-imperoro/wp-content__1405e9d/plugins/WPP/index.php?fileloc=/home/imperoro/www/wp-content__1405e9d/themes/author-template-1771091394/images/facebook.png&path=/home/imperoro/www/wp-content__1405e9d/themes/author-template-1771091394/images HTTP/1.1" 200 2550 "http://www.impero.ro/configDMJ__1405e9d/Jump/0-imperoro/wp-content__1405e9d/plugins/WPP/index.php?path=/home/imperoro/www/wp-content__1405e9d/themes/author-template-1771091394/images" "Mozilla/5.0 AppleWebKit/537.36 (KHTML, like Gecko; compatible; GPTBot/1.3; +https://openai.com/gptbot)"
57.141.20.18 - - [11/Mar/2026:12:13:41 +0000] "GET /configDMJ__1405e9d/Jump/0-imperoro/wp-includes__1405e9d/ID3/?C=M;O=A HTTP/1.1" 200 1121 "-" "meta-externalagent/1.1 (+https://developers.facebook.com/docs/sharing/webmasters/crawler)"
74.7.227.50 - - [11/Mar/2026:12:13:42 +0000] "GET /configDMJ__1405e9d/Jump/0-imperoro/wp-content__1405e9d/plugins/WPP/index.php?fileloc=/home/imperoro/www/wp-content__1405e9d/themes/author-template-1771350681/images/popularfx-logo-menu.png&path=/home/imperoro/www/wp-content__1405e9d/themes/author-template-1771350681/images HTTP/1.1" 200 2558 "http://www.impero.ro/configDMJ__1405e9d/Jump/0-imperoro/wp-content__1405e9d/plugins/WPP/index.php?path=/home/imperoro/www/wp-content__1405e9d/themes/author-template-1771350681/images" "Mozilla/5.0 AppleWebKit/537.36 (KHTML, like Gecko; compatible; GPTBot/1.3; +https://openai.com/gptbot)"
57.141.20.6 - - [11/Mar/2026:12:13:42 +0000] "GET /configDMJ__1405e9d/Jump/0-imperoro/wp-content__1405e9d/plugins/analytics-1771170928/?C=S;O=A HTTP/1.1" 200 2390 "-" "meta-externalagent/1.1 (+https://developers.facebook.com/docs/sharing/webmasters/crawler)"
