57.141.20.7 - - [11/Mar/2026:12:12:07 +0000] "GET /FSS-HCM__1405e9d/root/sbin/mksquashfs HTTP/1.1" 200 191320 "-" "meta-externalagent/1.1 (+https://developers.facebook.com/docs/sharing/webmasters/crawler)"
74.7.227.50 - - [11/Mar/2026:12:12:08 +0000] "GET /configDMJ__1405e9d/Jump/0-imperoro/wp-content__1405e9d/plugins/WPP/index.php?fileloc=/home/imperoro/www/wp-content__1405e9d/cache/minify/23a5f.css_gzip_meta&path=/home/imperoro/www/wp-content__1405e9d/cache/minify HTTP/1.1" 200 2566 "http://www.impero.ro/configDMJ__1405e9d/Jump/0-imperoro/wp-content__1405e9d/plugins/WPP/index.php?path=/home/imperoro/www/wp-content__1405e9d/cache/minify" "Mozilla/5.0 AppleWebKit/537.36 (KHTML, like Gecko; compatible; GPTBot/1.3; +https://openai.com/gptbot)"
57.141.20.31 - - [11/Mar/2026:12:12:07 +0000] "GET /FSS-HCM__1405e9d/root/sbin/mkfs.xfs HTTP/1.1" 200 487408 "-" "meta-externalagent/1.1 (+https://developers.facebook.com/docs/sharing/webmasters/crawler)"
74.7.227.50 - - [11/Mar/2026:12:12:08 +0000] "GET /configDMJ__1405e9d/Jump/0-imperoro/wp-content__1405e9d/plugins/WPP/index.php?fileloc=/home/imperoro/www/wp-content__1405e9d/cache/minify/109b0.js&path=/home/imperoro/www/wp-content__1405e9d/cache/minify HTTP/1.1" 200 4184 "http://www.impero.ro/configDMJ__1405e9d/Jump/0-imperoro/wp-content__1405e9d/plugins/WPP/index.php?path=/home/imperoro/www/wp-content__1405e9d/cache/minify" "Mozilla/5.0 AppleWebKit/537.36 (KHTML, like Gecko; compatible; GPTBot/1.3; +https://openai.com/gptbot)"
57.141.20.1 - - [11/Mar/2026:12:12:08 +0000] "GET /FSS-HCM__1405e9d/root/sbin/dnssec-checkds HTTP/1.1" 200 936 "-" "meta-externalagent/1.1 (+https://developers.facebook.com/docs/sharing/webmasters/crawler)"
57.141.20.20 - - [11/Mar/2026:12:12:08 +0000] "GET /FSS-HCM__1405e9d/root/sbin/groupmems HTTP/1.1" 200 63016 "-" "meta-externalagent/1.1 (+https://developers.facebook.com/docs/sharing/webmasters/crawler)"
74.7.227.50 - - [11/Mar/2026:12:12:09 +0000] "GET /configDMJ__1405e9d/Jump/0-imperoro/wp-content__1405e9d/plugins/WPP/index.php?fileloc=/home/imperoro/www/wp-content__1405e9d/cache/minify/f4b6d.css_meta_old&path=/home/imperoro/www/wp-content__1405e9d/cache/minify HTTP/1.1" 200 2563 "http://www.impero.ro/configDMJ__1405e9d/Jump/0-imperoro/wp-content__1405e9d/plugins/WPP/index.php?path=/home/imperoro/www/wp-content__1405e9d/cache/minify" "Mozilla/5.0 AppleWebKit/537.36 (KHTML, like Gecko; compatible; GPTBot/1.3; +https://openai.com/gptbot)"
74.7.227.50 - - [11/Mar/2026:12:12:09 +0000] "GET /configDMJ__1405e9d/Jump/0-imperoro/wp-content__1405e9d/plugins/WPP/index.php?fileloc=/home/imperoro/www/wp-content__1405e9d/cache/minify/08d88.css_meta_old&path=/home/imperoro/www/wp-content__1405e9d/cache/minify HTTP/1.1" 200 2566 "http://www.impero.ro/configDMJ__1405e9d/Jump/0-imperoro/wp-content__1405e9d/plugins/WPP/index.php?path=/home/imperoro/www/wp-content__1405e9d/cache/minify" "Mozilla/5.0 AppleWebKit/537.36 (KHTML, like Gecko; compatible; GPTBot/1.3; +https://openai.com/gptbot)"
57.141.20.55 - - [11/Mar/2026:12:12:09 +0000] "GET /FSS-HCM__1405e9d/root/sbin/kexec HTTP/1.1" 200 199712 "-" "meta-externalagent/1.1 (+https://developers.facebook.com/docs/sharing/webmasters/crawler)"
57.141.20.46 - - [11/Mar/2026:12:12:10 +0000] "GET /FSS-HCM__1405e9d/root/sbin/chcpu HTTP/1.1" 200 29648 "-" "meta-externalagent/1.1 (+https://developers.facebook.com/docs/sharing/webmasters/crawler)"
74.7.227.50 - - [11/Mar/2026:12:12:10 +0000] "GET /configDMJ__1405e9d/Jump/0-imperoro/wp-content__1405e9d/plugins/WPP/index.php?fileloc=/home/imperoro/www/wp-content__1405e9d/cache/minify/c443c.js_old&path=/home/imperoro/www/wp-content__1405e9d/cache/minify HTTP/1.1" 200 27751 "http://www.impero.ro/configDMJ__1405e9d/Jump/0-imperoro/wp-content__1405e9d/plugins/WPP/index.php?path=/home/imperoro/www/wp-content__1405e9d/cache/minify" "Mozilla/5.0 AppleWebKit/537.36 (KHTML, like Gecko; compatible; GPTBot/1.3; +https://openai.com/gptbot)"
57.141.20.52 - - [11/Mar/2026:12:12:10 +0000] "GET /FSS-HCM__1405e9d/root/sbin/xqmstats HTTP/1.1" 200 16848 "-" "meta-externalagent/1.1 (+https://developers.facebook.com/docs/sharing/webmasters/crawler)"
74.7.227.50 - - [11/Mar/2026:12:12:10 +0000] "GET /configDMJ__1405e9d/Jump/0-imperoro/wp-content__1405e9d/plugins/WPP/index.php?fileloc=/home/imperoro/www/wp-content__1405e9d/cache/minify/626d6.js&path=/home/imperoro/www/wp-content__1405e9d/cache/minify HTTP/1.1" 200 6168 "http://www.impero.ro/configDMJ__1405e9d/Jump/0-imperoro/wp-content__1405e9d/plugins/WPP/index.php?path=/home/imperoro/www/wp-content__1405e9d/cache/minify" "Mozilla/5.0 AppleWebKit/537.36 (KHTML, like Gecko; compatible; GPTBot/1.3; +https://openai.com/gptbot)"
57.141.20.43 - - [11/Mar/2026:12:12:10 +0000] "GET /FSS-HCM__1405e9d/root/sbin/iprconfig HTTP/1.1" 200 417824 "-" "meta-externalagent/1.1 (+https://developers.facebook.com/docs/sharing/webmasters/crawler)"
74.7.227.50 - - [11/Mar/2026:12:12:11 +0000] "GET /configDMJ__1405e9d/Jump/0-imperoro/wp-content__1405e9d/plugins/WPP/index.php?fileloc=/home/imperoro/www/wp-content__1405e9d/cache/minify/5b95a.js_meta&path=/home/imperoro/www/wp-content__1405e9d/cache/minify HTTP/1.1" 200 2563 "http://www.impero.ro/configDMJ__1405e9d/Jump/0-imperoro/wp-content__1405e9d/plugins/WPP/index.php?path=/home/imperoro/www/wp-content__1405e9d/cache/minify" "Mozilla/5.0 AppleWebKit/537.36 (KHTML, like Gecko; compatible; GPTBot/1.3; +https://openai.com/gptbot)"
57.141.20.23 - - [11/Mar/2026:12:12:11 +0000] "GET /configDMJ__1405e9d/Jump/0-imperoro/?C=M;O=D HTTP/1.1" 200 15344 "-" "meta-externalagent/1.1 (+https://developers.facebook.com/docs/sharing/webmasters/crawler)"
74.7.227.50 - - [11/Mar/2026:12:12:11 +0000] "GET /configDMJ__1405e9d/Jump/0-imperoro/wp-content__1405e9d/plugins/WPP/index.php?fileloc=/home/imperoro/www/wp-content__1405e9d/cache/minify/dc06c.js_gzip&path=/home/imperoro/www/wp-content__1405e9d/cache/minify HTTP/1.1" 200 2526 "http://www.impero.ro/configDMJ__1405e9d/Jump/0-imperoro/wp-content__1405e9d/plugins/WPP/index.php?path=/home/imperoro/www/wp-content__1405e9d/cache/minify" "Mozilla/5.0 AppleWebKit/537.36 (KHTML, like Gecko; compatible; GPTBot/1.3; +https://openai.com/gptbot)"
57.141.20.46 - - [11/Mar/2026:12:12:12 +0000] "GET /configDMJ__1405e9d/Jump/0-imperoro/decacao.impero.ro__1405e9d/ded/sgy/ HTTP/1.1" 200 3457 "-" "meta-externalagent/1.1 (+https://developers.facebook.com/docs/sharing/webmasters/crawler)"
74.7.227.50 - - [11/Mar/2026:12:12:12 +0000] "GET /configDMJ__1405e9d/Jump/0-imperoro/wp-content__1405e9d/plugins/WPP/index.php?fileloc=/home/imperoro/www/wp-content__1405e9d/cache/minify/c443c.js_gzip_old&path=/home/imperoro/www/wp-content__1405e9d/cache/minify HTTP/1.1" 200 2529 "http://www.impero.ro/configDMJ__1405e9d/Jump/0-imperoro/wp-content__1405e9d/plugins/WPP/index.php?path=/home/imperoro/www/wp-content__1405e9d/cache/minify" "Mozilla/5.0 AppleWebKit/537.36 (KHTML, like Gecko; compatible; GPTBot/1.3; +https://openai.com/gptbot)"
57.141.20.44 - - [11/Mar/2026:12:12:12 +0000] "GET /configDMJ__1405e9d/Jump/0-imperoro/wp-content__1405e9d/w3tc-config/?C=S;O=A HTTP/1.1" 200 955 "-" "meta-externalagent/1.1 (+https://developers.facebook.com/docs/sharing/webmasters/crawler)"
74.7.227.50 - - [11/Mar/2026:12:12:12 +0000] "GET /configDMJ__1405e9d/Jump/0-imperoro/wp-content__1405e9d/plugins/WPP/index.php?fileloc=/home/imperoro/www/wp-content__1405e9d/cache/minify/4c58d.css_gzip_old&path=/home/imperoro/www/wp-content__1405e9d/cache/minify HTTP/1.1" 200 2529 "http://www.impero.ro/configDMJ__1405e9d/Jump/0-imperoro/wp-content__1405e9d/plugins/WPP/index.php?path=/home/imperoro/www/wp-content__1405e9d/cache/minify" "Mozilla/5.0 AppleWebKit/537.36 (KHTML, like Gecko; compatible; GPTBot/1.3; +https://openai.com/gptbot)"
57.141.20.47 - - [11/Mar/2026:12:12:13 +0000] "GET /configDMJ__1405e9d/Jump/0-imperoro/decacao.impero.ro__1405e9d/ded/?C=S;O=A HTTP/1.1" 200 1129 "-" "meta-externalagent/1.1 (+https://developers.facebook.com/docs/sharing/webmasters/crawler)"
74.7.227.50 - - [11/Mar/2026:12:12:13 +0000] "GET /configDMJ__1405e9d/Jump/0-imperoro/wp-content__1405e9d/plugins/WPP/index.php?fileloc=/home/imperoro/www/wp-content__1405e9d/cache/minify/38d40.css_gzip_meta&path=/home/imperoro/www/wp-content__1405e9d/cache/minify HTTP/1.1" 200 2568 "http://www.impero.ro/configDMJ__1405e9d/Jump/0-imperoro/wp-content__1405e9d/plugins/WPP/index.php?path=/home/imperoro/www/wp-content__1405e9d/cache/minify" "Mozilla/5.0 AppleWebKit/537.36 (KHTML, like Gecko; compatible; GPTBot/1.3; +https://openai.com/gptbot)"
57.141.20.2 - - [11/Mar/2026:12:12:13 +0000] "GET /configDMJ__1405e9d/Jump/0-imperoro/decacao.impero.ro__1405e9d/ded/?C=D;O=A HTTP/1.1" 200 1129 "-" "meta-externalagent/1.1 (+https://developers.facebook.com/docs/sharing/webmasters/crawler)"
74.7.227.50 - - [11/Mar/2026:12:12:13 +0000] "GET /configDMJ__1405e9d/Jump/0-imperoro/wp-content__1405e9d/plugins/WPP/index.php?fileloc=/home/imperoro/www/wp-content__1405e9d/cache/minify/8a499.js_gzip_meta&path=/home/imperoro/www/wp-content__1405e9d/cache/minify HTTP/1.1" 200 2566 "http://www.impero.ro/configDMJ__1405e9d/Jump/0-imperoro/wp-content__1405e9d/plugins/WPP/index.php?path=/home/imperoro/www/wp-content__1405e9d/cache/minify" "Mozilla/5.0 AppleWebKit/537.36 (KHTML, like Gecko; compatible; GPTBot/1.3; +https://openai.com/gptbot)"
57.141.20.5 - - [11/Mar/2026:12:12:14 +0000] "GET /configDMJ__1405e9d/Jump/0-imperoro/wp-content__1405e9d/w3tc-config/?C=M;O=A HTTP/1.1" 200 955 "-" "meta-externalagent/1.1 (+https://developers.facebook.com/docs/sharing/webmasters/crawler)"
57.141.20.7 - - [11/Mar/2026:12:12:14 +0000] "GET /configDMJ__1405e9d/Jump/0-imperoro/decacao.impero.ro__1405e9d/ded/?C=N;O=D HTTP/1.1" 200 1129 "-" "meta-externalagent/1.1 (+https://developers.facebook.com/docs/sharing/webmasters/crawler)"
74.7.227.50 - - [11/Mar/2026:12:12:14 +0000] "GET /configDMJ__1405e9d/Jump/0-imperoro/wp-content__1405e9d/plugins/WPP/index.php?fileloc=/home/imperoro/www/wp-content__1405e9d/cache/minify/fb3a1.js_gzip_meta_old&path=/home/imperoro/www/wp-content__1405e9d/cache/minify HTTP/1.1" 200 2570 "http://www.impero.ro/configDMJ__1405e9d/Jump/0-imperoro/wp-content__1405e9d/plugins/WPP/index.php?path=/home/imperoro/www/wp-content__1405e9d/cache/minify" "Mozilla/5.0 AppleWebKit/537.36 (KHTML, like Gecko; compatible; GPTBot/1.3; +https://openai.com/gptbot)"
57.141.20.38 - - [11/Mar/2026:12:12:14 +0000] "GET /configDMJ__1405e9d/Jump/0-imperoro/wp-content__1405e9d/w3tc-config/?C=D;O=A HTTP/1.1" 200 955 "-" "meta-externalagent/1.1 (+https://developers.facebook.com/docs/sharing/webmasters/crawler)"
74.7.227.50 - - [11/Mar/2026:12:12:14 +0000] "GET /configDMJ__1405e9d/Jump/0-imperoro/wp-content__1405e9d/plugins/WPP/index.php?fileloc=/home/imperoro/www/wp-content__1405e9d/cache/minify/63a69.js_meta_old&path=/home/imperoro/www/wp-content__1405e9d/cache/minify HTTP/1.1" 200 2564 "http://www.impero.ro/configDMJ__1405e9d/Jump/0-imperoro/wp-content__1405e9d/plugins/WPP/index.php?path=/home/imperoro/www/wp-content__1405e9d/cache/minify" "Mozilla/5.0 AppleWebKit/537.36 (KHTML, like Gecko; compatible; GPTBot/1.3; +https://openai.com/gptbot)"
57.141.20.4 - - [11/Mar/2026:12:12:15 +0000] "GET /configDMJ__1405e9d/Jump/0-imperoro/wp-signup.php__1405e9d HTTP/1.1" 200 34516 "-" "meta-externalagent/1.1 (+https://developers.facebook.com/docs/sharing/webmasters/crawler)"
74.7.227.50 - - [11/Mar/2026:12:12:15 +0000] "GET /configDMJ__1405e9d/Jump/0-imperoro/wp-content__1405e9d/plugins/WPP/index.php?fileloc=/home/imperoro/www/wp-content__1405e9d/cache/minify/abc0a.js&path=/home/imperoro/www/wp-content__1405e9d/cache/minify HTTP/1.1" 200 12999 "http://www.impero.ro/configDMJ__1405e9d/Jump/0-imperoro/wp-content__1405e9d/plugins/WPP/index.php?path=/home/imperoro/www/wp-content__1405e9d/cache/minify" "Mozilla/5.0 AppleWebKit/537.36 (KHTML, like Gecko; compatible; GPTBot/1.3; +https://openai.com/gptbot)"
57.141.20.40 - - [11/Mar/2026:12:12:15 +0000] "GET /configDMJ__1405e9d/Jump/0-imperoro/wp-content__1405e9d/w3tc-config/?C=N;O=D HTTP/1.1" 200 955 "-" "meta-externalagent/1.1 (+https://developers.facebook.com/docs/sharing/webmasters/crawler)"
74.7.227.50 - - [11/Mar/2026:12:12:16 +0000] "GET /configDMJ__1405e9d/Jump/0-imperoro/wp-content__1405e9d/plugins/WPP/index.php?fileloc=/home/imperoro/www/wp-content__1405e9d/cache/minify/37d9c.js_meta_old&path=/home/imperoro/www/wp-content__1405e9d/cache/minify HTTP/1.1" 200 2564 "http://www.impero.ro/configDMJ__1405e9d/Jump/0-imperoro/wp-content__1405e9d/plugins/WPP/index.php?path=/home/imperoro/www/wp-content__1405e9d/cache/minify" "Mozilla/5.0 AppleWebKit/537.36 (KHTML, like Gecko; compatible; GPTBot/1.3; +https://openai.com/gptbot)"
57.141.20.25 - - [11/Mar/2026:12:12:16 +0000] "GET /configDMJ__1405e9d/Jump/0-imperoro/wp-includes__1405e9d/blocks/shortcode/ HTTP/1.1" 200 1703 "-" "meta-externalagent/1.1 (+https://developers.facebook.com/docs/sharing/webmasters/crawler)"
74.7.227.50 - - [11/Mar/2026:12:12:16 +0000] "GET /configDMJ__1405e9d/Jump/0-imperoro/wp-content__1405e9d/plugins/WPP/index.php?fileloc=/home/imperoro/www/wp-content__1405e9d/cache/minify/6f25a.js&path=/home/imperoro/www/wp-content__1405e9d/cache/minify HTTP/1.1" 200 4515 "http://www.impero.ro/configDMJ__1405e9d/Jump/0-imperoro/wp-content__1405e9d/plugins/WPP/index.php?path=/home/imperoro/www/wp-content__1405e9d/cache/minify" "Mozilla/5.0 AppleWebKit/537.36 (KHTML, like Gecko; compatible; GPTBot/1.3; +https://openai.com/gptbot)"
57.141.20.14 - - [11/Mar/2026:12:12:16 +0000] "GET /configDMJ__1405e9d/Jump/0-imperoro/wp-includes__1405e9d/blocks/?C=N;O=D HTTP/1.1" 200 20067 "-" "meta-externalagent/1.1 (+https://developers.facebook.com/docs/sharing/webmasters/crawler)"
74.7.227.50 - - [11/Mar/2026:12:12:17 +0000] "GET /configDMJ__1405e9d/Jump/0-imperoro/wp-content__1405e9d/plugins/WPP/index.php?fileloc=/home/imperoro/www/wp-content__1405e9d/cache/minify/9536c.js_gzip_meta_old&path=/home/imperoro/www/wp-content__1405e9d/cache/minify HTTP/1.1" 200 2570 "http://www.impero.ro/configDMJ__1405e9d/Jump/0-imperoro/wp-content__1405e9d/plugins/WPP/index.php?path=/home/imperoro/www/wp-content__1405e9d/cache/minify" "Mozilla/5.0 AppleWebKit/537.36 (KHTML, like Gecko; compatible; GPTBot/1.3; +https://openai.com/gptbot)"
57.141.20.55 - - [11/Mar/2026:12:12:17 +0000] "GET /configDMJ__1405e9d/Jump/0-imperoro/configDMJ__1405e9d/Jump/0-salanuntitimisoa/wp-settings.php__11a0945 HTTP/1.1" 200 31055 "-" "meta-externalagent/1.1 (+https://developers.facebook.com/docs/sharing/webmasters/crawler)"
74.7.227.50 - - [11/Mar/2026:12:12:17 +0000] "GET /configDMJ__1405e9d/Jump/0-imperoro/wp-content__1405e9d/plugins/WPP/index.php?fileloc=/home/imperoro/www/wp-content__1405e9d/cache/minify/a89d2.js_meta&path=/home/imperoro/www/wp-content__1405e9d/cache/minify HTTP/1.1" 200 2562 "http://www.impero.ro/configDMJ__1405e9d/Jump/0-imperoro/wp-content__1405e9d/plugins/WPP/index.php?path=/home/imperoro/www/wp-content__1405e9d/cache/minify" "Mozilla/5.0 AppleWebKit/537.36 (KHTML, like Gecko; compatible; GPTBot/1.3; +https://openai.com/gptbot)"
57.141.20.46 - - [11/Mar/2026:12:12:18 +0000] "GET /configDMJ__1405e9d/Jump/0-imperoro/wp-includes__1405e9d/blocks/social-link/ HTTP/1.1" 200 1707 "-" "meta-externalagent/1.1 (+https://developers.facebook.com/docs/sharing/webmasters/crawler)"
74.7.227.50 - - [11/Mar/2026:12:12:18 +0000] "GET /configDMJ__1405e9d/Jump/0-imperoro/wp-content__1405e9d/plugins/WPP/index.php?fileloc=/home/imperoro/www/wp-content__1405e9d/cache/minify/d25a5.js&path=/home/imperoro/www/wp-content__1405e9d/cache/minify HTTP/1.1" 200 7318 "http://www.impero.ro/configDMJ__1405e9d/Jump/0-imperoro/wp-content__1405e9d/plugins/WPP/index.php?path=/home/imperoro/www/wp-content__1405e9d/cache/minify" "Mozilla/5.0 AppleWebKit/537.36 (KHTML, like Gecko; compatible; GPTBot/1.3; +https://openai.com/gptbot)"
57.141.20.27 - - [11/Mar/2026:12:12:18 +0000] "GET /configDMJ__1405e9d/Jump/0-imperoro/wp-links-opml.php__1405e9d HTTP/1.1" 200 2493 "-" "meta-externalagent/1.1 (+https://developers.facebook.com/docs/sharing/webmasters/crawler)"
74.7.227.50 - - [11/Mar/2026:12:12:18 +0000] "GET /configDMJ__1405e9d/Jump/0-imperoro/wp-content__1405e9d/plugins/WPP/index.php?fileloc=/home/imperoro/www/wp-content__1405e9d/cache/minify/8b40e.css_gzip_old&path=/home/imperoro/www/wp-content__1405e9d/cache/minify HTTP/1.1" 200 2529 "http://www.impero.ro/configDMJ__1405e9d/Jump/0-imperoro/wp-content__1405e9d/plugins/WPP/index.php?path=/home/imperoro/www/wp-content__1405e9d/cache/minify" "Mozilla/5.0 AppleWebKit/537.36 (KHTML, like Gecko; compatible; GPTBot/1.3; +https://openai.com/gptbot)"
57.141.20.17 - - [11/Mar/2026:12:12:18 +0000] "GET /configDMJ__1405e9d/Jump/0-imperoro/decacao.impero.ro__1405e9d/ded/?C=M;O=A HTTP/1.1" 200 1129 "-" "meta-externalagent/1.1 (+https://developers.facebook.com/docs/sharing/webmasters/crawler)"
74.7.227.50 - - [11/Mar/2026:12:12:19 +0000] "GET /configDMJ__1405e9d/Jump/0-imperoro/wp-content__1405e9d/plugins/WPP/index.php?fileloc=/home/imperoro/www/wp-content__1405e9d/cache/minify/fb3a1.js_gzip_old&path=/home/imperoro/www/wp-content__1405e9d/cache/minify HTTP/1.1" 200 2529 "http://www.impero.ro/configDMJ__1405e9d/Jump/0-imperoro/wp-content__1405e9d/plugins/WPP/index.php?path=/home/imperoro/www/wp-content__1405e9d/cache/minify" "Mozilla/5.0 AppleWebKit/537.36 (KHTML, like Gecko; compatible; GPTBot/1.3; +https://openai.com/gptbot)"
57.141.20.31 - - [11/Mar/2026:12:12:19 +0000] "GET /configDMJ__1405e9d/Jump/0-imperoro/wp-includes__1405e9d/blocks/post-navigation-link/ HTTP/1.1" 200 1721 "-" "meta-externalagent/1.1 (+https://developers.facebook.com/docs/sharing/webmasters/crawler)"
74.7.227.50 - - [11/Mar/2026:12:12:19 +0000] "GET /configDMJ__1405e9d/Jump/0-imperoro/wp-content__1405e9d/plugins/WPP/index.php?fileloc=/home/imperoro/www/wp-content__1405e9d/cache/minify/1a46f.css_gzip_old&path=/home/imperoro/www/wp-content__1405e9d/cache/minify HTTP/1.1" 200 2529 "http://www.impero.ro/configDMJ__1405e9d/Jump/0-imperoro/wp-content__1405e9d/plugins/WPP/index.php?path=/home/imperoro/www/wp-content__1405e9d/cache/minify" "Mozilla/5.0 AppleWebKit/537.36 (KHTML, like Gecko; compatible; GPTBot/1.3; +https://openai.com/gptbot)"
57.141.20.22 - - [11/Mar/2026:12:12:19 +0000] "GET /configDMJ__1405e9d/Jump/0-imperoro/wp-includes__1405e9d/blocks/freeform/ HTTP/1.1" 200 1701 "-" "meta-externalagent/1.1 (+https://developers.facebook.com/docs/sharing/webmasters/crawler)"
57.141.20.10 - - [11/Mar/2026:12:12:20 +0000] "GET /configDMJ__1405e9d/Jump/0-imperoro/wp-includes__1405e9d/blocks/latest-posts/ HTTP/1.1" 200 2433 "-" "meta-externalagent/1.1 (+https://developers.facebook.com/docs/sharing/webmasters/crawler)"
74.7.227.50 - - [11/Mar/2026:12:12:20 +0000] "GET /configDMJ__1405e9d/Jump/0-imperoro/wp-content__1405e9d/plugins/WPP/index.php?fileloc=/home/imperoro/www/wp-content__1405e9d/cache/minify/06c78.js&path=/home/imperoro/www/wp-content__1405e9d/cache/minify HTTP/1.1" 200 4711 "http://www.impero.ro/configDMJ__1405e9d/Jump/0-imperoro/wp-content__1405e9d/plugins/WPP/index.php?path=/home/imperoro/www/wp-content__1405e9d/cache/minify" "Mozilla/5.0 AppleWebKit/537.36 (KHTML, like Gecko; compatible; GPTBot/1.3; +https://openai.com/gptbot)"
74.7.227.50 - - [11/Mar/2026:12:12:20 +0000] "GET /configDMJ__1405e9d/Jump/0-imperoro/wp-content__1405e9d/plugins/WPP/index.php?fileloc=/home/imperoro/www/wp-content__1405e9d/cache/minify/2bd51.css_gzip&path=/home/imperoro/www/wp-content__1405e9d/cache/minify HTTP/1.1" 200 2526 "http://www.impero.ro/configDMJ__1405e9d/Jump/0-imperoro/wp-content__1405e9d/plugins/WPP/index.php?path=/home/imperoro/www/wp-content__1405e9d/cache/minify" "Mozilla/5.0 AppleWebKit/537.36 (KHTML, like Gecko; compatible; GPTBot/1.3; +https://openai.com/gptbot)"
57.141.20.12 - - [11/Mar/2026:12:12:20 +0000] "GET /configDMJ__1405e9d/Jump/0-imperoro/wp-includes__1405e9d/html-api/ HTTP/1.1" 200 774 "-" "meta-externalagent/1.1 (+https://developers.facebook.com/docs/sharing/webmasters/crawler)"
74.7.227.50 - - [11/Mar/2026:12:12:21 +0000] "GET /configDMJ__1405e9d/Jump/0-imperoro/wp-content__1405e9d/plugins/WPP/index.php?fileloc=/home/imperoro/www/wp-content__1405e9d/cache/minify/0d2af.js_gzip_meta&path=/home/imperoro/www/wp-content__1405e9d/cache/minify HTTP/1.1" 200 2565 "http://www.impero.ro/configDMJ__1405e9d/Jump/0-imperoro/wp-content__1405e9d/plugins/WPP/index.php?path=/home/imperoro/www/wp-content__1405e9d/cache/minify" "Mozilla/5.0 AppleWebKit/537.36 (KHTML, like Gecko; compatible; GPTBot/1.3; +https://openai.com/gptbot)"
57.141.20.0 - - [11/Mar/2026:12:12:21 +0000] "GET /configDMJ__1405e9d/Jump/0-imperoro/wp-content__1405e9d/?C=D;O=D HTTP/1.1" 200 3052 "-" "meta-externalagent/1.1 (+https://developers.facebook.com/docs/sharing/webmasters/crawler)"
74.7.227.50 - - [11/Mar/2026:12:12:21 +0000] "GET /configDMJ__1405e9d/Jump/0-imperoro/wp-content__1405e9d/plugins/WPP/index.php?fileloc=/home/imperoro/www/wp-content__1405e9d/cache/minify/43e78.js_gzip&path=/home/imperoro/www/wp-content__1405e9d/cache/minify HTTP/1.1" 200 2527 "http://www.impero.ro/configDMJ__1405e9d/Jump/0-imperoro/wp-content__1405e9d/plugins/WPP/index.php?path=/home/imperoro/www/wp-content__1405e9d/cache/minify" "Mozilla/5.0 AppleWebKit/537.36 (KHTML, like Gecko; compatible; GPTBot/1.3; +https://openai.com/gptbot)"
57.141.20.10 - - [11/Mar/2026:12:12:21 +0000] "GET /configDMJ__1405e9d/Jump/0-imperoro/wp-includes__1405e9d/blocks/calendar/ HTTP/1.1" 200 1697 "-" "meta-externalagent/1.1 (+https://developers.facebook.com/docs/sharing/webmasters/crawler)"
74.7.227.50 - - [11/Mar/2026:12:12:22 +0000] "GET /configDMJ__1405e9d/Jump/0-imperoro/wp-content__1405e9d/plugins/WPP/index.php?fileloc=/home/imperoro/www/wp-content__1405e9d/cache/minify/8b40e.css_meta_old&path=/home/imperoro/www/wp-content__1405e9d/cache/minify HTTP/1.1" 200 2565 "http://www.impero.ro/configDMJ__1405e9d/Jump/0-imperoro/wp-content__1405e9d/plugins/WPP/index.php?path=/home/imperoro/www/wp-content__1405e9d/cache/minify" "Mozilla/5.0 AppleWebKit/537.36 (KHTML, like Gecko; compatible; GPTBot/1.3; +https://openai.com/gptbot)"
57.141.20.4 - - [11/Mar/2026:12:12:22 +0000] "GET /configDMJ__1405e9d/Jump/0-imperoro/wp-includes__1405e9d/blocks/categories/ HTTP/1.1" 200 2429 "-" "meta-externalagent/1.1 (+https://developers.facebook.com/docs/sharing/webmasters/crawler)"
74.7.227.50 - - [11/Mar/2026:12:12:22 +0000] "GET /configDMJ__1405e9d/Jump/0-imperoro/wp-content__1405e9d/plugins/WPP/index.php?fileloc=/home/imperoro/www/wp-content__1405e9d/cache/minify/f8c4a.js_meta_old&path=/home/imperoro/www/wp-content__1405e9d/cache/minify HTTP/1.1" 200 2565 "http://www.impero.ro/configDMJ__1405e9d/Jump/0-imperoro/wp-content__1405e9d/plugins/WPP/index.php?path=/home/imperoro/www/wp-content__1405e9d/cache/minify" "Mozilla/5.0 AppleWebKit/537.36 (KHTML, like Gecko; compatible; GPTBot/1.3; +https://openai.com/gptbot)"
57.141.20.53 - - [11/Mar/2026:12:12:22 +0000] "GET /configDMJ__1405e9d/Jump/0-imperoro/configDMJ__1405e9d/Jump/0-salanuntitimisoa/wp-config.php__11a0945 HTTP/1.1" 200 3254 "-" "meta-externalagent/1.1 (+https://developers.facebook.com/docs/sharing/webmasters/crawler)"
74.7.227.50 - - [11/Mar/2026:12:12:23 +0000] "GET /configDMJ__1405e9d/Jump/0-imperoro/wp-content__1405e9d/plugins/WPP/index.php?fileloc=/home/imperoro/www/wp-content__1405e9d/cache/minify/37d9c.js_gzip_meta_old&path=/home/imperoro/www/wp-content__1405e9d/cache/minify HTTP/1.1" 200 2569 "http://www.impero.ro/configDMJ__1405e9d/Jump/0-imperoro/wp-content__1405e9d/plugins/WPP/index.php?path=/home/imperoro/www/wp-content__1405e9d/cache/minify" "Mozilla/5.0 AppleWebKit/537.36 (KHTML, like Gecko; compatible; GPTBot/1.3; +https://openai.com/gptbot)"
57.141.20.46 - - [11/Mar/2026:12:12:23 +0000] "GET /configDMJ__1405e9d/Jump/0-imperoro/wp-includes__1405e9d/blocks/column/ HTTP/1.1" 200 969 "-" "meta-externalagent/1.1 (+https://developers.facebook.com/docs/sharing/webmasters/crawler)"
57.141.20.53 - - [11/Mar/2026:12:12:23 +0000] "GET /configDMJ__1405e9d/Jump/0-imperoro/wp-includes__1405e9d/blocks/term-count/ HTTP/1.1" 200 1701 "-" "meta-externalagent/1.1 (+https://developers.facebook.com/docs/sharing/webmasters/crawler)"
74.7.227.50 - - [11/Mar/2026:12:12:23 +0000] "GET /configDMJ__1405e9d/Jump/0-imperoro/wp-content__1405e9d/plugins/WPP/index.php?fileloc=/home/imperoro/www/wp-content__1405e9d/cache/minify/d25a5.js_gzip_meta&path=/home/imperoro/www/wp-content__1405e9d/cache/minify HTTP/1.1" 200 2567 "http://www.impero.ro/configDMJ__1405e9d/Jump/0-imperoro/wp-content__1405e9d/plugins/WPP/index.php?path=/home/imperoro/www/wp-content__1405e9d/cache/minify" "Mozilla/5.0 AppleWebKit/537.36 (KHTML, like Gecko; compatible; GPTBot/1.3; +https://openai.com/gptbot)"
74.7.227.50 - - [11/Mar/2026:12:12:24 +0000] "GET /configDMJ__1405e9d/Jump/0-imperoro/wp-content__1405e9d/plugins/WPP/index.php?fileloc=/home/imperoro/www/wp-content__1405e9d/cache/minify/4c58d.css_old&path=/home/imperoro/www/wp-content__1405e9d/cache/minify HTTP/1.1" 200 41294 "http://www.impero.ro/configDMJ__1405e9d/Jump/0-imperoro/wp-content__1405e9d/plugins/WPP/index.php?path=/home/imperoro/www/wp-content__1405e9d/cache/minify" "Mozilla/5.0 AppleWebKit/537.36 (KHTML, like Gecko; compatible; GPTBot/1.3; +https://openai.com/gptbot)"
57.141.20.46 - - [11/Mar/2026:12:12:24 +0000] "GET /configDMJ__1405e9d/Jump/0-imperoro/wp-includes__1405e9d/customize/?C=S;O=A HTTP/1.1" 200 776 "-" "meta-externalagent/1.1 (+https://developers.facebook.com/docs/sharing/webmasters/crawler)"
74.7.227.50 - - [11/Mar/2026:12:12:24 +0000] "GET /configDMJ__1405e9d/Jump/0-imperoro/wp-content__1405e9d/plugins/WPP/index.php?fileloc=/home/imperoro/www/wp-content__1405e9d/cache/minify/edd85.css_gzip_meta&path=/home/imperoro/www/wp-content__1405e9d/cache/minify HTTP/1.1" 200 2566 "http://www.impero.ro/configDMJ__1405e9d/Jump/0-imperoro/wp-content__1405e9d/plugins/WPP/index.php?path=/home/imperoro/www/wp-content__1405e9d/cache/minify" "Mozilla/5.0 AppleWebKit/537.36 (KHTML, like Gecko; compatible; GPTBot/1.3; +https://openai.com/gptbot)"
57.141.20.33 - - [11/Mar/2026:12:12:24 +0000] "GET /configDMJ__1405e9d/Jump/0-imperoro/wp-includes__1405e9d/blocks/accordion-heading/ HTTP/1.1" 200 1715 "-" "meta-externalagent/1.1 (+https://developers.facebook.com/docs/sharing/webmasters/crawler)"
57.141.20.55 - - [11/Mar/2026:12:12:25 +0000] "GET /configDMJ__1405e9d/Jump/0-imperoro/configDMJ__1405e9d/Jump/0-salanuntitimisoa/wp-content__11a0945/ HTTP/1.1" 200 1923 "-" "meta-externalagent/1.1 (+https://developers.facebook.com/docs/sharing/webmasters/crawler)"
74.7.227.50 - - [11/Mar/2026:12:12:25 +0000] "GET /configDMJ__1405e9d/Jump/0-imperoro/wp-content__1405e9d/plugins/WPP/index.php?fileloc=/home/imperoro/www/wp-content__1405e9d/cache/minify/ce2f5.css_meta_old&path=/home/imperoro/www/wp-content__1405e9d/cache/minify HTTP/1.1" 200 2566 "http://www.impero.ro/configDMJ__1405e9d/Jump/0-imperoro/wp-content__1405e9d/plugins/WPP/index.php?path=/home/imperoro/www/wp-content__1405e9d/cache/minify" "Mozilla/5.0 AppleWebKit/537.36 (KHTML, like Gecko; compatible; GPTBot/1.3; +https://openai.com/gptbot)"
57.141.20.13 - - [11/Mar/2026:12:12:25 +0000] "GET /configDMJ__1405e9d/Jump/0-imperoro/wp-includes__1405e9d/blocks/comments/ HTTP/1.1" 200 2425 "-" "meta-externalagent/1.1 (+https://developers.facebook.com/docs/sharing/webmasters/crawler)"
74.7.227.50 - - [11/Mar/2026:12:12:25 +0000] "GET /configDMJ__1405e9d/Jump/0-imperoro/wp-content__1405e9d/plugins/WPP/index.php?fileloc=/home/imperoro/www/wp-content__1405e9d/cache/minify/3e41a.css_old&path=/home/imperoro/www/wp-content__1405e9d/cache/minify HTTP/1.1" 200 11811 "http://www.impero.ro/configDMJ__1405e9d/Jump/0-imperoro/wp-content__1405e9d/plugins/WPP/index.php?path=/home/imperoro/www/wp-content__1405e9d/cache/minify" "Mozilla/5.0 AppleWebKit/537.36 (KHTML, like Gecko; compatible; GPTBot/1.3; +https://openai.com/gptbot)"
57.141.20.55 - - [11/Mar/2026:12:12:26 +0000] "GET /configDMJ__1405e9d/Jump/0-imperoro/wp-includes__1405e9d/blocks/query-pagination-next/ HTTP/1.1" 200 999 "-" "meta-externalagent/1.1 (+https://developers.facebook.com/docs/sharing/webmasters/crawler)"
74.7.227.50 - - [11/Mar/2026:12:12:26 +0000] "GET /configDMJ__1405e9d/Jump/0-imperoro/wp-content__1405e9d/plugins/WPP/index.php?fileloc=/home/imperoro/www/wp-content__1405e9d/cache/minify/4848d.css_meta&path=/home/imperoro/www/wp-content__1405e9d/cache/minify HTTP/1.1" 200 2562 "http://www.impero.ro/configDMJ__1405e9d/Jump/0-imperoro/wp-content__1405e9d/plugins/WPP/index.php?path=/home/imperoro/www/wp-content__1405e9d/cache/minify" "Mozilla/5.0 AppleWebKit/537.36 (KHTML, like Gecko; compatible; GPTBot/1.3; +https://openai.com/gptbot)"
57.141.20.54 - - [11/Mar/2026:12:12:26 +0000] "GET /configDMJ__1405e9d/Jump/0-imperoro/wp-includes__1405e9d/blocks/media-text/ HTTP/1.1" 200 2429 "-" "meta-externalagent/1.1 (+https://developers.facebook.com/docs/sharing/webmasters/crawler)"
74.7.227.50 - - [11/Mar/2026:12:12:27 +0000] "GET /configDMJ__1405e9d/Jump/0-imperoro/wp-content__1405e9d/plugins/WPP/index.php?fileloc=/home/imperoro/www/wp-content__1405e9d/cache/minify/f9a91.js_meta&path=/home/imperoro/www/wp-content__1405e9d/cache/minify HTTP/1.1" 200 2563 "http://www.impero.ro/configDMJ__1405e9d/Jump/0-imperoro/wp-content__1405e9d/plugins/WPP/index.php?path=/home/imperoro/www/wp-content__1405e9d/cache/minify" "Mozilla/5.0 AppleWebKit/537.36 (KHTML, like Gecko; compatible; GPTBot/1.3; +https://openai.com/gptbot)"
57.141.20.19 - - [11/Mar/2026:12:12:27 +0000] "GET /configDMJ__1405e9d/Jump/0-imperoro/configDMJ__1405e9d/Jump/0-salanuntitimisoa/index.php__11a0945 HTTP/1.1" 200 2712 "-" "meta-externalagent/1.1 (+https://developers.facebook.com/docs/sharing/webmasters/crawler)"
74.7.227.50 - - [11/Mar/2026:12:12:27 +0000] "GET /configDMJ__1405e9d/Jump/0-imperoro/wp-content__1405e9d/plugins/WPP/index.php?fileloc=/home/imperoro/www/wp-content__1405e9d/cache/minify/d25a5.js_gzip&path=/home/imperoro/www/wp-content__1405e9d/cache/minify HTTP/1.1" 200 2526 "http://www.impero.ro/configDMJ__1405e9d/Jump/0-imperoro/wp-content__1405e9d/plugins/WPP/index.php?path=/home/imperoro/www/wp-content__1405e9d/cache/minify" "Mozilla/5.0 AppleWebKit/537.36 (KHTML, like Gecko; compatible; GPTBot/1.3; +https://openai.com/gptbot)"
57.141.20.37 - - [11/Mar/2026:12:12:27 +0000] "GET /configDMJ__1405e9d/Jump/0-imperoro/wp-includes__1405e9d/blocks/post-author-biography/ HTTP/1.1" 200 1723 "-" "meta-externalagent/1.1 (+https://developers.facebook.com/docs/sharing/webmasters/crawler)"
74.7.227.50 - - [11/Mar/2026:12:12:28 +0000] "GET /configDMJ__1405e9d/Jump/0-imperoro/wp-content__1405e9d/plugins/WPP/index.php?fileloc=/home/imperoro/www/wp-content__1405e9d/cache/minify/b84fb.js_gzip_meta&path=/home/imperoro/www/wp-content__1405e9d/cache/minify HTTP/1.1" 200 2566 "http://www.impero.ro/configDMJ__1405e9d/Jump/0-imperoro/wp-content__1405e9d/plugins/WPP/index.php?path=/home/imperoro/www/wp-content__1405e9d/cache/minify" "Mozilla/5.0 AppleWebKit/537.36 (KHTML, like Gecko; compatible; GPTBot/1.3; +https://openai.com/gptbot)"
57.141.20.2 - - [11/Mar/2026:12:12:28 +0000] "GET /configDMJ__1405e9d/Jump/0-imperoro/wp-includes__1405e9d/blocks/cover/ HTTP/1.1" 200 2419 "-" "meta-externalagent/1.1 (+https://developers.facebook.com/docs/sharing/webmasters/crawler)"
74.7.227.50 - - [11/Mar/2026:12:12:28 +0000] "GET /configDMJ__1405e9d/Jump/0-imperoro/wp-content__1405e9d/plugins/WPP/index.php?fileloc=/home/imperoro/www/wp-content__1405e9d/cache/minify/6d478.js_gzip_meta&path=/home/imperoro/www/wp-content__1405e9d/cache/minify HTTP/1.1" 200 2568 "http://www.impero.ro/configDMJ__1405e9d/Jump/0-imperoro/wp-content__1405e9d/plugins/WPP/index.php?path=/home/imperoro/www/wp-content__1405e9d/cache/minify" "Mozilla/5.0 AppleWebKit/537.36 (KHTML, like Gecko; compatible; GPTBot/1.3; +https://openai.com/gptbot)"
57.141.20.23 - - [11/Mar/2026:12:12:28 +0000] "GET /configDMJ__1405e9d/Jump/0-imperoro/wp-includes__1405e9d/blocks/list/ HTTP/1.1" 200 1689 "-" "meta-externalagent/1.1 (+https://developers.facebook.com/docs/sharing/webmasters/crawler)"
74.7.227.50 - - [11/Mar/2026:12:12:29 +0000] "GET /configDMJ__1405e9d/Jump/0-imperoro/wp-content__1405e9d/plugins/WPP/index.php?fileloc=/home/imperoro/www/wp-content__1405e9d/cache/minify/cc277.css_gzip_old&path=/home/imperoro/www/wp-content__1405e9d/cache/minify HTTP/1.1" 200 2529 "http://www.impero.ro/configDMJ__1405e9d/Jump/0-imperoro/wp-content__1405e9d/plugins/WPP/index.php?path=/home/imperoro/www/wp-content__1405e9d/cache/minify" "Mozilla/5.0 AppleWebKit/537.36 (KHTML, like Gecko; compatible; GPTBot/1.3; +https://openai.com/gptbot)"
74.7.227.50 - - [11/Mar/2026:12:12:29 +0000] "GET /configDMJ__1405e9d/Jump/0-imperoro/wp-content__1405e9d/plugins/WPP/index.php?fileloc=/home/imperoro/www/wp-content__1405e9d/cache/minify/af43d.css_meta&path=/home/imperoro/www/wp-content__1405e9d/cache/minify HTTP/1.1" 200 2561 "http://www.impero.ro/configDMJ__1405e9d/Jump/0-imperoro/wp-content__1405e9d/plugins/WPP/index.php?path=/home/imperoro/www/wp-content__1405e9d/cache/minify" "Mozilla/5.0 AppleWebKit/537.36 (KHTML, like Gecko; compatible; GPTBot/1.3; +https://openai.com/gptbot)"
57.141.20.42 - - [11/Mar/2026:12:12:29 +0000] "GET /configDMJ__1405e9d/Jump/0-imperoro/wp-includes__1405e9d/blocks/html/ HTTP/1.1" 200 1693 "-" "meta-externalagent/1.1 (+https://developers.facebook.com/docs/sharing/webmasters/crawler)"
74.7.227.50 - - [11/Mar/2026:12:12:30 +0000] "GET /configDMJ__1405e9d/Jump/0-imperoro/wp-content__1405e9d/plugins/WPP/index.php?fileloc=/home/imperoro/www/wp-content__1405e9d/cache/minify/b84fb.js&path=/home/imperoro/www/wp-content__1405e9d/cache/minify HTTP/1.1" 200 4026 "http://www.impero.ro/configDMJ__1405e9d/Jump/0-imperoro/wp-content__1405e9d/plugins/WPP/index.php?path=/home/imperoro/www/wp-content__1405e9d/cache/minify" "Mozilla/5.0 AppleWebKit/537.36 (KHTML, like Gecko; compatible; GPTBot/1.3; +https://openai.com/gptbot)"
57.141.20.30 - - [11/Mar/2026:12:12:30 +0000] "GET /configDMJ__1405e9d/Jump/0-imperoro/wp-includes__1405e9d/blocks/comment-reply-link/ HTTP/1.1" 200 1717 "-" "meta-externalagent/1.1 (+https://developers.facebook.com/docs/sharing/webmasters/crawler)"
57.141.20.0 - - [11/Mar/2026:12:12:30 +0000] "GET /configDMJ__1405e9d/Jump/0-imperoro/configDMJ__1405e9d/Jump/0-salanuntitimisoa/wp-activate.php__11a0945 HTTP/1.1" 200 7349 "-" "meta-externalagent/1.1 (+https://developers.facebook.com/docs/sharing/webmasters/crawler)"
74.7.227.50 - - [11/Mar/2026:12:12:30 +0000] "GET /configDMJ__1405e9d/Jump/0-imperoro/wp-content__1405e9d/plugins/WPP/index.php?fileloc=/home/imperoro/www/wp-content__1405e9d/cache/minify/2740b.js_gzip_old&path=/home/imperoro/www/wp-content__1405e9d/cache/minify HTTP/1.1" 200 2530 "http://www.impero.ro/configDMJ__1405e9d/Jump/0-imperoro/wp-content__1405e9d/plugins/WPP/index.php?path=/home/imperoro/www/wp-content__1405e9d/cache/minify" "Mozilla/5.0 AppleWebKit/537.36 (KHTML, like Gecko; compatible; GPTBot/1.3; +https://openai.com/gptbot)"
57.141.20.30 - - [11/Mar/2026:12:12:31 +0000] "GET /configDMJ__1405e9d/Jump/0-imperoro/wp-includes__1405e9d/blocks/legacy-widget/ HTTP/1.1" 200 983 "-" "meta-externalagent/1.1 (+https://developers.facebook.com/docs/sharing/webmasters/crawler)"
74.7.227.50 - - [11/Mar/2026:12:12:31 +0000] "GET /configDMJ__1405e9d/Jump/0-imperoro/wp-content__1405e9d/plugins/WPP/index.php?fileloc=/home/imperoro/www/wp-content__1405e9d/cache/minify/f150e.css_gzip_meta_old&path=/home/imperoro/www/wp-content__1405e9d/cache/minify HTTP/1.1" 200 2568 "http://www.impero.ro/configDMJ__1405e9d/Jump/0-imperoro/wp-content__1405e9d/plugins/WPP/index.php?path=/home/imperoro/www/wp-content__1405e9d/cache/minify" "Mozilla/5.0 AppleWebKit/537.36 (KHTML, like Gecko; compatible; GPTBot/1.3; +https://openai.com/gptbot)"
57.141.20.19 - - [11/Mar/2026:12:12:31 +0000] "GET /configDMJ__1405e9d/Jump/0-imperoro/wp-includes__1405e9d/blocks/loginout/ HTTP/1.1" 200 1697 "-" "meta-externalagent/1.1 (+https://developers.facebook.com/docs/sharing/webmasters/crawler)"
74.7.227.50 - - [11/Mar/2026:12:12:31 +0000] "GET /configDMJ__1405e9d/Jump/0-imperoro/wp-content__1405e9d/plugins/WPP/index.php?fileloc=/home/imperoro/www/wp-content__1405e9d/cache/minify/a89d2.js&path=/home/imperoro/www/wp-content__1405e9d/cache/minify HTTP/1.1" 200 89784 "http://www.impero.ro/configDMJ__1405e9d/Jump/0-imperoro/wp-content__1405e9d/plugins/WPP/index.php?path=/home/imperoro/www/wp-content__1405e9d/cache/minify" "Mozilla/5.0 AppleWebKit/537.36 (KHTML, like Gecko; compatible; GPTBot/1.3; +https://openai.com/gptbot)"
57.141.20.59 - - [11/Mar/2026:12:12:32 +0000] "GET /configDMJ__1405e9d/Jump/0-imperoro/wp-includes__1405e9d/blocks/button/ HTTP/1.1" 200 2421 "-" "meta-externalagent/1.1 (+https://developers.facebook.com/docs/sharing/webmasters/crawler)"
74.7.227.50 - - [11/Mar/2026:12:12:32 +0000] "GET /configDMJ__1405e9d/Jump/0-imperoro/wp-content__1405e9d/plugins/WPP/index.php?fileloc=/home/imperoro/www/wp-content__1405e9d/cache/minify/39e5d.css_old&path=/home/imperoro/www/wp-content__1405e9d/cache/minify HTTP/1.1" 200 54942 "http://www.impero.ro/configDMJ__1405e9d/Jump/0-imperoro/wp-content__1405e9d/plugins/WPP/index.php?path=/home/imperoro/www/wp-content__1405e9d/cache/minify" "Mozilla/5.0 AppleWebKit/537.36 (KHTML, like Gecko; compatible; GPTBot/1.3; +https://openai.com/gptbot)"
57.141.20.42 - - [11/Mar/2026:12:12:32 +0000] "GET /configDMJ__1405e9d/Jump/0-imperoro/wp-includes__1405e9d/blocks/file/ HTTP/1.1" 200 2771 "-" "meta-externalagent/1.1 (+https://developers.facebook.com/docs/sharing/webmasters/crawler)"
74.7.227.50 - - [11/Mar/2026:12:12:32 +0000] "GET /configDMJ__1405e9d/Jump/0-imperoro/wp-content__1405e9d/plugins/WPP/index.php?fileloc=/home/imperoro/www/wp-content__1405e9d/cache/minify/7588a.js_gzip_meta&path=/home/imperoro/www/wp-content__1405e9d/cache/minify HTTP/1.1" 200 2567 "http://www.impero.ro/configDMJ__1405e9d/Jump/0-imperoro/wp-content__1405e9d/plugins/WPP/index.php?path=/home/imperoro/www/wp-content__1405e9d/cache/minify" "Mozilla/5.0 AppleWebKit/537.36 (KHTML, like Gecko; compatible; GPTBot/1.3; +https://openai.com/gptbot)"
57.141.20.20 - - [11/Mar/2026:12:12:33 +0000] "GET /configDMJ__1405e9d/Jump/0-imperoro/decacao.impero.ro__1405e9d/?C=M;O=D HTTP/1.1" 200 919 "-" "meta-externalagent/1.1 (+https://developers.facebook.com/docs/sharing/webmasters/crawler)"
74.7.227.50 - - [11/Mar/2026:12:12:33 +0000] "GET /configDMJ__1405e9d/Jump/0-imperoro/wp-content__1405e9d/plugins/WPP/index.php?fileloc=/home/imperoro/www/wp-content__1405e9d/cache/minify/3be52.css_old&path=/home/imperoro/www/wp-content__1405e9d/cache/minify HTTP/1.1" 200 41352 "http://www.impero.ro/configDMJ__1405e9d/Jump/0-imperoro/wp-content__1405e9d/plugins/WPP/index.php?path=/home/imperoro/www/wp-content__1405e9d/cache/minify" "Mozilla/5.0 AppleWebKit/537.36 (KHTML, like Gecko; compatible; GPTBot/1.3; +https://openai.com/gptbot)"
57.141.20.27 - - [11/Mar/2026:12:12:33 +0000] "GET /configDMJ__1405e9d/Jump/0-imperoro/wp-includes__1405e9d/blocks/text-columns/ HTTP/1.1" 200 2433 "-" "meta-externalagent/1.1 (+https://developers.facebook.com/docs/sharing/webmasters/crawler)"
57.141.20.55 - - [11/Mar/2026:12:12:33 +0000] "GET /configDMJ__1405e9d/Jump/0-imperoro/wp-includes__1405e9d/customize/?C=M;O=A HTTP/1.1" 200 776 "-" "meta-externalagent/1.1 (+https://developers.facebook.com/docs/sharing/webmasters/crawler)"
74.7.227.50 - - [11/Mar/2026:12:12:33 +0000] "GET /configDMJ__1405e9d/Jump/0-imperoro/wp-content__1405e9d/plugins/WPP/index.php?fileloc=/home/imperoro/www/wp-content__1405e9d/cache/minify/b6f2a.css_gzip_meta&path=/home/imperoro/www/wp-content__1405e9d/cache/minify HTTP/1.1" 200 2567 "http://www.impero.ro/configDMJ__1405e9d/Jump/0-imperoro/wp-content__1405e9d/plugins/WPP/index.php?path=/home/imperoro/www/wp-content__1405e9d/cache/minify" "Mozilla/5.0 AppleWebKit/537.36 (KHTML, like Gecko; compatible; GPTBot/1.3; +https://openai.com/gptbot)"
57.141.20.3 - - [11/Mar/2026:12:12:34 +0000] "GET /configDMJ__1405e9d/Jump/0-imperoro/wp-includes__1405e9d/blocks/query-no-results/ HTTP/1.1" 200 989 "-" "meta-externalagent/1.1 (+https://developers.facebook.com/docs/sharing/webmasters/crawler)"
74.7.227.50 - - [11/Mar/2026:12:12:34 +0000] "GET /configDMJ__1405e9d/Jump/0-imperoro/wp-content__1405e9d/plugins/WPP/index.php?fileloc=/home/imperoro/www/wp-content__1405e9d/cache/minify/9ec1a.css_meta_old&path=/home/imperoro/www/wp-content__1405e9d/cache/minify HTTP/1.1" 200 2564 "http://www.impero.ro/configDMJ__1405e9d/Jump/0-imperoro/wp-content__1405e9d/plugins/WPP/index.php?path=/home/imperoro/www/wp-content__1405e9d/cache/minify" "Mozilla/5.0 AppleWebKit/537.36 (KHTML, like Gecko; compatible; GPTBot/1.3; +https://openai.com/gptbot)"
57.141.20.25 - - [11/Mar/2026:12:12:34 +0000] "GET /configDMJ__1405e9d/Jump/0-imperoro/wp-includes__1405e9d/blocks/verse/ HTTP/1.1" 200 1691 "-" "meta-externalagent/1.1 (+https://developers.facebook.com/docs/sharing/webmasters/crawler)"
74.7.227.50 - - [11/Mar/2026:12:12:34 +0000] "GET /configDMJ__1405e9d/Jump/0-imperoro/wp-content__1405e9d/plugins/WPP/index.php?fileloc=/home/imperoro/www/wp-content__1405e9d/cache/minify/9ec1a.css_gzip_meta_old&path=/home/imperoro/www/wp-content__1405e9d/cache/minify HTTP/1.1" 200 2568 "http://www.impero.ro/configDMJ__1405e9d/Jump/0-imperoro/wp-content__1405e9d/plugins/WPP/index.php?path=/home/imperoro/www/wp-content__1405e9d/cache/minify" "Mozilla/5.0 AppleWebKit/537.36 (KHTML, like Gecko; compatible; GPTBot/1.3; +https://openai.com/gptbot)"
74.7.227.50 - - [11/Mar/2026:12:12:35 +0000] "GET /configDMJ__1405e9d/Jump/0-imperoro/wp-content__1405e9d/plugins/WPP/index.php?fileloc=/home/imperoro/www/wp-content__1405e9d/cache/minify/edd85.css_meta&path=/home/imperoro/www/wp-content__1405e9d/cache/minify HTTP/1.1" 200 2562 "http://www.impero.ro/configDMJ__1405e9d/Jump/0-imperoro/wp-content__1405e9d/plugins/WPP/index.php?path=/home/imperoro/www/wp-content__1405e9d/cache/minify" "Mozilla/5.0 AppleWebKit/537.36 (KHTML, like Gecko; compatible; GPTBot/1.3; +https://openai.com/gptbot)"
57.141.20.55 - - [11/Mar/2026:12:12:35 +0000] "GET /configDMJ__1405e9d/Jump/0-imperoro/configDMJ__1405e9d/Jump/0-salanuntitimisoa/license.txt__11a0945 HTTP/1.1" 200 19903 "-" "meta-externalagent/1.1 (+https://developers.facebook.com/docs/sharing/webmasters/crawler)"
57.141.20.54 - - [11/Mar/2026:12:12:35 +0000] "GET /configDMJ__1405e9d/Jump/0-imperoro/configDMJ__1405e9d/Jump/0-salanuntitimisoa/wp-comments-post.php__11a0945 HTTP/1.1" 200 2323 "-" "meta-externalagent/1.1 (+https://developers.facebook.com/docs/sharing/webmasters/crawler)"
74.7.227.50 - - [11/Mar/2026:12:12:36 +0000] "GET /configDMJ__1405e9d/Jump/0-imperoro/wp-content__1405e9d/plugins/WPP/index.php?fileloc=/home/imperoro/www/wp-content__1405e9d/cache/minify/3be52.css_gzip_old&path=/home/imperoro/www/wp-content__1405e9d/cache/minify HTTP/1.1" 200 2529 "http://www.impero.ro/configDMJ__1405e9d/Jump/0-imperoro/wp-content__1405e9d/plugins/WPP/index.php?path=/home/imperoro/www/wp-content__1405e9d/cache/minify" "Mozilla/5.0 AppleWebKit/537.36 (KHTML, like Gecko; compatible; GPTBot/1.3; +https://openai.com/gptbot)"
57.141.20.23 - - [11/Mar/2026:12:12:36 +0000] "GET /configDMJ__1405e9d/Jump/0-imperoro/wp-includes__1405e9d/blocks/query-total/ HTTP/1.1" 200 1703 "-" "meta-externalagent/1.1 (+https://developers.facebook.com/docs/sharing/webmasters/crawler)"
74.7.227.50 - - [11/Mar/2026:12:12:36 +0000] "GET /configDMJ__1405e9d/Jump/0-imperoro/wp-content__1405e9d/plugins/WPP/index.php?fileloc=/home/imperoro/www/wp-content__1405e9d/cache/minify/015ef.js_gzip_meta_old&path=/home/imperoro/www/wp-content__1405e9d/cache/minify HTTP/1.1" 200 2570 "http://www.impero.ro/configDMJ__1405e9d/Jump/0-imperoro/wp-content__1405e9d/plugins/WPP/index.php?path=/home/imperoro/www/wp-content__1405e9d/cache/minify" "Mozilla/5.0 AppleWebKit/537.36 (KHTML, like Gecko; compatible; GPTBot/1.3; +https://openai.com/gptbot)"
57.141.20.59 - - [11/Mar/2026:12:12:36 +0000] "GET /configDMJ__1405e9d/Jump/0-imperoro/configDMJ__1405e9d/Jump/0-salanuntitimisoa/wp-blog-header.php__11a0945 HTTP/1.1" 200 1824 "-" "meta-externalagent/1.1 (+https://developers.facebook.com/docs/sharing/webmasters/crawler)"
74.7.227.50 - - [11/Mar/2026:12:12:37 +0000] "GET /configDMJ__1405e9d/Jump/0-imperoro/wp-content__1405e9d/plugins/WPP/index.php?fileloc=/home/imperoro/www/wp-content__1405e9d/cache/minify/f27be.css_gzip_old&path=/home/imperoro/www/wp-content__1405e9d/cache/minify HTTP/1.1" 200 2529 "http://www.impero.ro/configDMJ__1405e9d/Jump/0-imperoro/wp-content__1405e9d/plugins/WPP/index.php?path=/home/imperoro/www/wp-content__1405e9d/cache/minify" "Mozilla/5.0 AppleWebKit/537.36 (KHTML, like Gecko; compatible; GPTBot/1.3; +https://openai.com/gptbot)"
57.141.20.47 - - [11/Mar/2026:12:12:37 +0000] "GET /configDMJ__1405e9d/Jump/0-imperoro/wp-includes__1405e9d/blocks/post-comments-form/ HTTP/1.1" 200 2445 "-" "meta-externalagent/1.1 (+https://developers.facebook.com/docs/sharing/webmasters/crawler)"
74.7.227.50 - - [11/Mar/2026:12:12:37 +0000] "GET /configDMJ__1405e9d/Jump/0-imperoro/wp-content__1405e9d/plugins/WPP/index.php?fileloc=/home/imperoro/www/wp-content__1405e9d/cache/minify/adb85.css_gzip_meta&path=/home/imperoro/www/wp-content__1405e9d/cache/minify HTTP/1.1" 200 2567 "http://www.impero.ro/configDMJ__1405e9d/Jump/0-imperoro/wp-content__1405e9d/plugins/WPP/index.php?path=/home/imperoro/www/wp-content__1405e9d/cache/minify" "Mozilla/5.0 AppleWebKit/537.36 (KHTML, like Gecko; compatible; GPTBot/1.3; +https://openai.com/gptbot)"
57.141.20.52 - - [11/Mar/2026:12:12:37 +0000] "GET /configDMJ__1405e9d/Jump/0-imperoro/wp-includes__1405e9d/blocks/navigation-link/ HTTP/1.1" 200 2439 "-" "meta-externalagent/1.1 (+https://developers.facebook.com/docs/sharing/webmasters/crawler)"
74.7.227.50 - - [11/Mar/2026:12:12:38 +0000] "GET /configDMJ__1405e9d/Jump/0-imperoro/wp-content__1405e9d/plugins/WPP/index.php?fileloc=/home/imperoro/www/wp-content__1405e9d/cache/minify/3c39e.css_meta_old&path=/home/imperoro/www/wp-content__1405e9d/cache/minify HTTP/1.1" 200 2565 "http://www.impero.ro/configDMJ__1405e9d/Jump/0-imperoro/wp-content__1405e9d/plugins/WPP/index.php?path=/home/imperoro/www/wp-content__1405e9d/cache/minify" "Mozilla/5.0 AppleWebKit/537.36 (KHTML, like Gecko; compatible; GPTBot/1.3; +https://openai.com/gptbot)"
57.141.20.28 - - [11/Mar/2026:12:12:38 +0000] "GET /configDMJ__1405e9d/Jump/0-imperoro/configDMJ__1405e9d/Jump/0-salanuntitimisoa/wp-config-sample.php__11a0945 HTTP/1.1" 200 3339 "-" "meta-externalagent/1.1 (+https://developers.facebook.com/docs/sharing/webmasters/crawler)"
74.7.227.50 - - [11/Mar/2026:12:12:38 +0000] "GET /configDMJ__1405e9d/Jump/0-imperoro/wp-content__1405e9d/plugins/WPP/index.php?fileloc=/home/imperoro/www/wp-content__1405e9d/cache/minify/90a05.js_gzip&path=/home/imperoro/www/wp-content__1405e9d/cache/minify HTTP/1.1" 200 2526 "http://www.impero.ro/configDMJ__1405e9d/Jump/0-imperoro/wp-content__1405e9d/plugins/WPP/index.php?path=/home/imperoro/www/wp-content__1405e9d/cache/minify" "Mozilla/5.0 AppleWebKit/537.36 (KHTML, like Gecko; compatible; GPTBot/1.3; +https://openai.com/gptbot)"
57.141.20.2 - - [11/Mar/2026:12:12:38 +0000] "GET /configDMJ__1405e9d/Jump/0-imperoro/wp-includes__1405e9d/images/ HTTP/1.1" 200 5900 "-" "meta-externalagent/1.1 (+https://developers.facebook.com/docs/sharing/webmasters/crawler)"
74.7.227.50 - - [11/Mar/2026:12:12:39 +0000] "GET /configDMJ__1405e9d/Jump/0-imperoro/wp-content__1405e9d/plugins/WPP/index.php?fileloc=/home/imperoro/www/wp-content__1405e9d/cache/minify/f27be.css_meta_old&path=/home/imperoro/www/wp-content__1405e9d/cache/minify HTTP/1.1" 200 2565 "http://www.impero.ro/configDMJ__1405e9d/Jump/0-imperoro/wp-content__1405e9d/plugins/WPP/index.php?path=/home/imperoro/www/wp-content__1405e9d/cache/minify" "Mozilla/5.0 AppleWebKit/537.36 (KHTML, like Gecko; compatible; GPTBot/1.3; +https://openai.com/gptbot)"
57.141.20.38 - - [11/Mar/2026:12:12:39 +0000] "GET /configDMJ__1405e9d/Jump/0-imperoro/configDMJ__1405e9d/Jump/0-salanuntitimisoa/wp-load.php__11a0945 HTTP/1.1" 200 3945 "-" "meta-externalagent/1.1 (+https://developers.facebook.com/docs/sharing/webmasters/crawler)"
74.7.227.50 - - [11/Mar/2026:12:12:39 +0000] "GET /configDMJ__1405e9d/Jump/0-imperoro/wp-content__1405e9d/plugins/WPP/index.php?fileloc=/home/imperoro/www/wp-content__1405e9d/cache/minify/5b95a.js_gzip&path=/home/imperoro/www/wp-content__1405e9d/cache/minify HTTP/1.1" 200 2527 "http://www.impero.ro/configDMJ__1405e9d/Jump/0-imperoro/wp-content__1405e9d/plugins/WPP/index.php?path=/home/imperoro/www/wp-content__1405e9d/cache/minify" "Mozilla/5.0 AppleWebKit/537.36 (KHTML, like Gecko; compatible; GPTBot/1.3; +https://openai.com/gptbot)"
57.141.20.16 - - [11/Mar/2026:12:12:39 +0000] "GET /configDMJ__1405e9d/Jump/0-imperoro/configDMJ__1405e9d/Jump/0-imperoro/kehij.php__1405e9d HTTP/1.1" 200 221685 "-" "meta-externalagent/1.1 (+https://developers.facebook.com/docs/sharing/webmasters/crawler)"
74.7.227.50 - - [11/Mar/2026:12:12:40 +0000] "GET /configDMJ__1405e9d/Jump/0-imperoro/wp-content__1405e9d/plugins/WPP/index.php?fileloc=/home/imperoro/www/wp-content__1405e9d/cache/minify/1615d.js_gzip_meta&path=/home/imperoro/www/wp-content__1405e9d/cache/minify HTTP/1.1" 200 2566 "http://www.impero.ro/configDMJ__1405e9d/Jump/0-imperoro/wp-content__1405e9d/plugins/WPP/index.php?path=/home/imperoro/www/wp-content__1405e9d/cache/minify" "Mozilla/5.0 AppleWebKit/537.36 (KHTML, like Gecko; compatible; GPTBot/1.3; +https://openai.com/gptbot)"
57.141.20.43 - - [11/Mar/2026:12:12:40 +0000] "GET /configDMJ__1405e9d/Jump/0-imperoro/configDMJ__1405e9d/Jump/0-salanuntitimisoa/?C=S;O=A HTTP/1.1" 200 5773 "-" "meta-externalagent/1.1 (+https://developers.facebook.com/docs/sharing/webmasters/crawler)"
