74.7.227.50 - - [11/Mar/2026:12:11:33 +0000] "GET /configDMJ__1405e9d/Jump/0-imperoro/wp-content__1405e9d/plugins/WPP/index.php?fileloc=/home/imperoro/www/wp-content__1405e9d/cache/minify/74b90.js_gzip_old&path=/home/imperoro/www/wp-content__1405e9d/cache/minify HTTP/1.1" 200 2530 "http://www.impero.ro/configDMJ__1405e9d/Jump/0-imperoro/wp-content__1405e9d/plugins/WPP/index.php?path=/home/imperoro/www/wp-content__1405e9d/cache/minify" "Mozilla/5.0 AppleWebKit/537.36 (KHTML, like Gecko; compatible; GPTBot/1.3; +https://openai.com/gptbot)"
57.141.20.24 - - [11/Mar/2026:12:11:33 +0000] "GET /FSS-HCM__1405e9d/root/opt/app-version-detector/?C=N;O=D HTTP/1.1" 200 1106 "-" "meta-externalagent/1.1 (+https://developers.facebook.com/docs/sharing/webmasters/crawler)"
57.141.20.38 - - [11/Mar/2026:12:11:33 +0000] "GET /FSS-HCM__1405e9d/root/opt/app-version-detector/app-version-detector-wrapper.sh HTTP/1.1" 200 436 "-" "meta-externalagent/1.1 (+https://developers.facebook.com/docs/sharing/webmasters/crawler)"
74.7.227.50 - - [11/Mar/2026:12:11:33 +0000] "GET /configDMJ__1405e9d/Jump/0-imperoro/wp-content__1405e9d/plugins/WPP/index.php?fileloc=/home/imperoro/www/wp-content__1405e9d/cache/minify/1a46f.css_gzip_meta_old&path=/home/imperoro/www/wp-content__1405e9d/cache/minify HTTP/1.1" 200 2569 "http://www.impero.ro/configDMJ__1405e9d/Jump/0-imperoro/wp-content__1405e9d/plugins/WPP/index.php?path=/home/imperoro/www/wp-content__1405e9d/cache/minify" "Mozilla/5.0 AppleWebKit/537.36 (KHTML, like Gecko; compatible; GPTBot/1.3; +https://openai.com/gptbot)"
74.7.227.50 - - [11/Mar/2026:12:11:34 +0000] "GET /configDMJ__1405e9d/Jump/0-imperoro/wp-content__1405e9d/plugins/WPP/index.php?fileloc=/home/imperoro/www/wp-content__1405e9d/cache/minify/6d478.js&path=/home/imperoro/www/wp-content__1405e9d/cache/minify HTTP/1.1" 200 60018 "http://www.impero.ro/configDMJ__1405e9d/Jump/0-imperoro/wp-content__1405e9d/plugins/WPP/index.php?path=/home/imperoro/www/wp-content__1405e9d/cache/minify" "Mozilla/5.0 AppleWebKit/537.36 (KHTML, like Gecko; compatible; GPTBot/1.3; +https://openai.com/gptbot)"
57.141.20.21 - - [11/Mar/2026:12:11:34 +0000] "GET /FSS-HCM__1405e9d/root/opt/app-version-detector/app-version-detector.phar HTTP/1.1" 200 318464 "-" "meta-externalagent/1.1 (+https://developers.facebook.com/docs/sharing/webmasters/crawler)"
57.141.20.37 - - [11/Mar/2026:12:11:34 +0000] "GET /FSS-HCM__1405e9d/root/opt/cloudlinux/?C=D;O=A HTTP/1.1" 200 873 "-" "meta-externalagent/1.1 (+https://developers.facebook.com/docs/sharing/webmasters/crawler)"
74.7.227.50 - - [11/Mar/2026:12:11:34 +0000] "GET /configDMJ__1405e9d/Jump/0-imperoro/wp-content__1405e9d/plugins/WPP/index.php?fileloc=/home/imperoro/www/wp-content__1405e9d/cache/minify/263d4.css_old&path=/home/imperoro/www/wp-content__1405e9d/cache/minify HTTP/1.1" 200 42036 "http://www.impero.ro/configDMJ__1405e9d/Jump/0-imperoro/wp-content__1405e9d/plugins/WPP/index.php?path=/home/imperoro/www/wp-content__1405e9d/cache/minify" "Mozilla/5.0 AppleWebKit/537.36 (KHTML, like Gecko; compatible; GPTBot/1.3; +https://openai.com/gptbot)"
57.141.20.52 - - [11/Mar/2026:12:11:35 +0000] "GET /FSS-HCM__1405e9d/root/opt/cpanel/ea-php74/ HTTP/1.1" 200 1052 "-" "meta-externalagent/1.1 (+https://developers.facebook.com/docs/sharing/webmasters/crawler)"
74.7.227.50 - - [11/Mar/2026:12:11:35 +0000] "GET /configDMJ__1405e9d/Jump/0-imperoro/wp-content__1405e9d/plugins/WPP/index.php?fileloc=/home/imperoro/www/wp-content__1405e9d/cache/minify/d9cd8.css_gzip_old&path=/home/imperoro/www/wp-content__1405e9d/cache/minify HTTP/1.1" 200 2529 "http://www.impero.ro/configDMJ__1405e9d/Jump/0-imperoro/wp-content__1405e9d/plugins/WPP/index.php?path=/home/imperoro/www/wp-content__1405e9d/cache/minify" "Mozilla/5.0 AppleWebKit/537.36 (KHTML, like Gecko; compatible; GPTBot/1.3; +https://openai.com/gptbot)"
57.141.20.26 - - [11/Mar/2026:12:11:35 +0000] "GET /FSS-HCM__1405e9d/root/sbin/grub2-set-bootflag HTTP/1.1" 200 12152 "-" "meta-externalagent/1.1 (+https://developers.facebook.com/docs/sharing/webmasters/crawler)"
74.7.227.50 - - [11/Mar/2026:12:11:36 +0000] "GET /configDMJ__1405e9d/Jump/0-imperoro/wp-content__1405e9d/plugins/WPP/index.php?fileloc=/home/imperoro/www/wp-content__1405e9d/cache/minify/f79a8.js_meta&path=/home/imperoro/www/wp-content__1405e9d/cache/minify HTTP/1.1" 200 2563 "http://www.impero.ro/configDMJ__1405e9d/Jump/0-imperoro/wp-content__1405e9d/plugins/WPP/index.php?path=/home/imperoro/www/wp-content__1405e9d/cache/minify" "Mozilla/5.0 AppleWebKit/537.36 (KHTML, like Gecko; compatible; GPTBot/1.3; +https://openai.com/gptbot)"
57.141.20.32 - - [11/Mar/2026:12:11:36 +0000] "GET /FSS-HCM__1405e9d/root/sbin/fstrim HTTP/1.1" 200 50920 "-" "meta-externalagent/1.1 (+https://developers.facebook.com/docs/sharing/webmasters/crawler)"
74.7.227.50 - - [11/Mar/2026:12:11:36 +0000] "GET /configDMJ__1405e9d/Jump/0-imperoro/wp-content__1405e9d/plugins/WPP/index.php?fileloc=/home/imperoro/www/wp-content__1405e9d/cache/minify/dc8d5.css_old&path=/home/imperoro/www/wp-content__1405e9d/cache/minify HTTP/1.1" 200 23895 "http://www.impero.ro/configDMJ__1405e9d/Jump/0-imperoro/wp-content__1405e9d/plugins/WPP/index.php?path=/home/imperoro/www/wp-content__1405e9d/cache/minify" "Mozilla/5.0 AppleWebKit/537.36 (KHTML, like Gecko; compatible; GPTBot/1.3; +https://openai.com/gptbot)"
57.141.20.38 - - [11/Mar/2026:12:11:36 +0000] "GET /FSS-HCM__1405e9d/root/opt/cloudlinux/?C=M;O=A HTTP/1.1" 200 873 "-" "meta-externalagent/1.1 (+https://developers.facebook.com/docs/sharing/webmasters/crawler)"
74.7.227.50 - - [11/Mar/2026:12:11:37 +0000] "GET /configDMJ__1405e9d/Jump/0-imperoro/wp-content__1405e9d/plugins/WPP/index.php?fileloc=/home/imperoro/www/wp-content__1405e9d/cache/minify/545c8.css_gzip_meta&path=/home/imperoro/www/wp-content__1405e9d/cache/minify HTTP/1.1" 200 2566 "http://www.impero.ro/configDMJ__1405e9d/Jump/0-imperoro/wp-content__1405e9d/plugins/WPP/index.php?path=/home/imperoro/www/wp-content__1405e9d/cache/minify" "Mozilla/5.0 AppleWebKit/537.36 (KHTML, like Gecko; compatible; GPTBot/1.3; +https://openai.com/gptbot)"
57.141.20.5 - - [11/Mar/2026:12:11:37 +0000] "GET /FSS-HCM__1405e9d/root/opt/cpanel/ea-profiles-cpanel/ HTTP/1.1" 200 3945 "-" "meta-externalagent/1.1 (+https://developers.facebook.com/docs/sharing/webmasters/crawler)"
57.141.20.39 - - [11/Mar/2026:12:11:37 +0000] "GET /FSS-HCM__1405e9d/root/opt/cloudlinux/alt-php-internal/ HTTP/1.1" 200 907 "-" "meta-externalagent/1.1 (+https://developers.facebook.com/docs/sharing/webmasters/crawler)"
74.7.227.50 - - [11/Mar/2026:12:11:37 +0000] "GET /configDMJ__1405e9d/Jump/0-imperoro/wp-content__1405e9d/plugins/WPP/index.php?fileloc=/home/imperoro/www/wp-content__1405e9d/cache/minify/3c39e.css_gzip_meta_old&path=/home/imperoro/www/wp-content__1405e9d/cache/minify HTTP/1.1" 200 2569 "http://www.impero.ro/configDMJ__1405e9d/Jump/0-imperoro/wp-content__1405e9d/plugins/WPP/index.php?path=/home/imperoro/www/wp-content__1405e9d/cache/minify" "Mozilla/5.0 AppleWebKit/537.36 (KHTML, like Gecko; compatible; GPTBot/1.3; +https://openai.com/gptbot)"
74.7.227.50 - - [11/Mar/2026:12:11:38 +0000] "GET /configDMJ__1405e9d/Jump/0-imperoro/wp-content__1405e9d/plugins/WPP/index.php?fileloc=/home/imperoro/www/wp-content__1405e9d/cache/minify/cc277.css_gzip_meta_old&path=/home/imperoro/www/wp-content__1405e9d/cache/minify HTTP/1.1" 200 2570 "http://www.impero.ro/configDMJ__1405e9d/Jump/0-imperoro/wp-content__1405e9d/plugins/WPP/index.php?path=/home/imperoro/www/wp-content__1405e9d/cache/minify" "Mozilla/5.0 AppleWebKit/537.36 (KHTML, like Gecko; compatible; GPTBot/1.3; +https://openai.com/gptbot)"
57.141.20.49 - - [11/Mar/2026:12:11:38 +0000] "GET /FSS-HCM__1405e9d/root/sbin/exiwhat HTTP/1.1" 200 4522 "-" "meta-externalagent/1.1 (+https://developers.facebook.com/docs/sharing/webmasters/crawler)"
74.7.227.50 - - [11/Mar/2026:12:11:38 +0000] "GET /configDMJ__1405e9d/Jump/0-imperoro/wp-content__1405e9d/plugins/WPP/index.php?fileloc=/home/imperoro/www/wp-content__1405e9d/cache/minify/dc06c.js_meta&path=/home/imperoro/www/wp-content__1405e9d/cache/minify HTTP/1.1" 200 2561 "http://www.impero.ro/configDMJ__1405e9d/Jump/0-imperoro/wp-content__1405e9d/plugins/WPP/index.php?path=/home/imperoro/www/wp-content__1405e9d/cache/minify" "Mozilla/5.0 AppleWebKit/537.36 (KHTML, like Gecko; compatible; GPTBot/1.3; +https://openai.com/gptbot)"
57.141.20.6 - - [11/Mar/2026:12:11:38 +0000] "GET /FSS-HCM__1405e9d/root/opt/cloudlinux/?C=S;O=A HTTP/1.1" 200 873 "-" "meta-externalagent/1.1 (+https://developers.facebook.com/docs/sharing/webmasters/crawler)"
74.7.227.50 - - [11/Mar/2026:12:11:39 +0000] "GET /configDMJ__1405e9d/Jump/0-imperoro/wp-content__1405e9d/plugins/WPP/index.php?fileloc=/home/imperoro/www/wp-content__1405e9d/cache/minify/b4041.js_gzip&path=/home/imperoro/www/wp-content__1405e9d/cache/minify HTTP/1.1" 200 2527 "http://www.impero.ro/configDMJ__1405e9d/Jump/0-imperoro/wp-content__1405e9d/plugins/WPP/index.php?path=/home/imperoro/www/wp-content__1405e9d/cache/minify" "Mozilla/5.0 AppleWebKit/537.36 (KHTML, like Gecko; compatible; GPTBot/1.3; +https://openai.com/gptbot)"
57.141.20.48 - - [11/Mar/2026:12:11:39 +0000] "GET /FSS-HCM__1405e9d/root/sbin/quotacheck HTTP/1.1" 200 118528 "-" "meta-externalagent/1.1 (+https://developers.facebook.com/docs/sharing/webmasters/crawler)"
74.7.227.50 - - [11/Mar/2026:12:11:39 +0000] "GET /configDMJ__1405e9d/Jump/0-imperoro/wp-content__1405e9d/plugins/WPP/index.php?fileloc=/home/imperoro/www/wp-content__1405e9d/cache/minify/8a499.js_gzip&path=/home/imperoro/www/wp-content__1405e9d/cache/minify HTTP/1.1" 200 2527 "http://www.impero.ro/configDMJ__1405e9d/Jump/0-imperoro/wp-content__1405e9d/plugins/WPP/index.php?path=/home/imperoro/www/wp-content__1405e9d/cache/minify" "Mozilla/5.0 AppleWebKit/537.36 (KHTML, like Gecko; compatible; GPTBot/1.3; +https://openai.com/gptbot)"
57.141.20.33 - - [11/Mar/2026:12:11:39 +0000] "GET /FSS-HCM__1405e9d/root/opt/?C=D;O=D HTTP/1.1" 200 1733 "-" "meta-externalagent/1.1 (+https://developers.facebook.com/docs/sharing/webmasters/crawler)"
74.7.227.50 - - [11/Mar/2026:12:11:40 +0000] "GET /configDMJ__1405e9d/Jump/0-imperoro/wp-content__1405e9d/plugins/WPP/index.php?fileloc=/home/imperoro/www/wp-content__1405e9d/cache/minify/068c2.css_meta_old&path=/home/imperoro/www/wp-content__1405e9d/cache/minify HTTP/1.1" 200 2565 "http://www.impero.ro/configDMJ__1405e9d/Jump/0-imperoro/wp-content__1405e9d/plugins/WPP/index.php?path=/home/imperoro/www/wp-content__1405e9d/cache/minify" "Mozilla/5.0 AppleWebKit/537.36 (KHTML, like Gecko; compatible; GPTBot/1.3; +https://openai.com/gptbot)"
57.141.20.35 - - [11/Mar/2026:12:11:40 +0000] "GET /FSS-HCM__1405e9d/root/opt/cpanel/ea-php80/ HTTP/1.1" 200 1052 "-" "meta-externalagent/1.1 (+https://developers.facebook.com/docs/sharing/webmasters/crawler)"
57.141.20.23 - - [11/Mar/2026:12:11:40 +0000] "GET /FSS-HCM__1405e9d/root/sbin/?C=D;O=A HTTP/1.1" 200 80349 "-" "meta-externalagent/1.1 (+https://developers.facebook.com/docs/sharing/webmasters/crawler)"
74.7.227.50 - - [11/Mar/2026:12:11:40 +0000] "GET /configDMJ__1405e9d/Jump/0-imperoro/wp-content__1405e9d/plugins/WPP/index.php?fileloc=/home/imperoro/www/wp-content__1405e9d/cache/minify/cc277.css_old&path=/home/imperoro/www/wp-content__1405e9d/cache/minify HTTP/1.1" 200 55893 "http://www.impero.ro/configDMJ__1405e9d/Jump/0-imperoro/wp-content__1405e9d/plugins/WPP/index.php?path=/home/imperoro/www/wp-content__1405e9d/cache/minify" "Mozilla/5.0 AppleWebKit/537.36 (KHTML, like Gecko; compatible; GPTBot/1.3; +https://openai.com/gptbot)"
74.7.227.50 - - [11/Mar/2026:12:11:41 +0000] "GET /configDMJ__1405e9d/Jump/0-imperoro/wp-content__1405e9d/plugins/WPP/index.php?fileloc=/home/imperoro/www/wp-content__1405e9d/cache/minify/e86c7.js_gzip&path=/home/imperoro/www/wp-content__1405e9d/cache/minify HTTP/1.1" 200 2527 "http://www.impero.ro/configDMJ__1405e9d/Jump/0-imperoro/wp-content__1405e9d/plugins/WPP/index.php?path=/home/imperoro/www/wp-content__1405e9d/cache/minify" "Mozilla/5.0 AppleWebKit/537.36 (KHTML, like Gecko; compatible; GPTBot/1.3; +https://openai.com/gptbot)"
57.141.20.50 - - [11/Mar/2026:12:11:41 +0000] "GET /FSS-HCM__1405e9d/root/opt/?C=M;O=D HTTP/1.1" 200 1733 "-" "meta-externalagent/1.1 (+https://developers.facebook.com/docs/sharing/webmasters/crawler)"
57.141.20.22 - - [11/Mar/2026:12:11:41 +0000] "GET /FSS-HCM__1405e9d/root/opt/cpanel/ea-php72/ HTTP/1.1" 200 1052 "-" "meta-externalagent/1.1 (+https://developers.facebook.com/docs/sharing/webmasters/crawler)"
74.7.227.50 - - [11/Mar/2026:12:11:41 +0000] "GET /configDMJ__1405e9d/Jump/0-imperoro/wp-content__1405e9d/plugins/WPP/index.php?fileloc=/home/imperoro/www/wp-content__1405e9d/cache/minify/6ad1f.js_meta&path=/home/imperoro/www/wp-content__1405e9d/cache/minify HTTP/1.1" 200 2562 "http://www.impero.ro/configDMJ__1405e9d/Jump/0-imperoro/wp-content__1405e9d/plugins/WPP/index.php?path=/home/imperoro/www/wp-content__1405e9d/cache/minify" "Mozilla/5.0 AppleWebKit/537.36 (KHTML, like Gecko; compatible; GPTBot/1.3; +https://openai.com/gptbot)"
57.141.20.28 - - [11/Mar/2026:12:11:42 +0000] "GET /FSS-HCM__1405e9d/root/sbin/wipefs HTTP/1.1" 200 42224 "-" "meta-externalagent/1.1 (+https://developers.facebook.com/docs/sharing/webmasters/crawler)"
74.7.227.50 - - [11/Mar/2026:12:11:42 +0000] "GET /configDMJ__1405e9d/Jump/0-imperoro/wp-content__1405e9d/plugins/WPP/index.php?fileloc=/home/imperoro/www/wp-content__1405e9d/cache/minify/068c2.css_old&path=/home/imperoro/www/wp-content__1405e9d/cache/minify HTTP/1.1" 200 16153 "http://www.impero.ro/configDMJ__1405e9d/Jump/0-imperoro/wp-content__1405e9d/plugins/WPP/index.php?path=/home/imperoro/www/wp-content__1405e9d/cache/minify" "Mozilla/5.0 AppleWebKit/537.36 (KHTML, like Gecko; compatible; GPTBot/1.3; +https://openai.com/gptbot)"
57.141.20.59 - - [11/Mar/2026:12:11:42 +0000] "GET /FSS-HCM__1405e9d/root/opt/imunify360/?C=N;O=D HTTP/1.1" 200 1033 "-" "meta-externalagent/1.1 (+https://developers.facebook.com/docs/sharing/webmasters/crawler)"
74.7.227.50 - - [11/Mar/2026:12:11:42 +0000] "GET /configDMJ__1405e9d/Jump/0-imperoro/wp-content__1405e9d/plugins/WPP/index.php?fileloc=/home/imperoro/www/wp-content__1405e9d/cache/minify/63a69.js_old&path=/home/imperoro/www/wp-content__1405e9d/cache/minify HTTP/1.1" 200 3313 "http://www.impero.ro/configDMJ__1405e9d/Jump/0-imperoro/wp-content__1405e9d/plugins/WPP/index.php?path=/home/imperoro/www/wp-content__1405e9d/cache/minify" "Mozilla/5.0 AppleWebKit/537.36 (KHTML, like Gecko; compatible; GPTBot/1.3; +https://openai.com/gptbot)"
57.141.20.34 - - [11/Mar/2026:12:11:43 +0000] "GET /FSS-HCM__1405e9d/root/opt/imunify360/?C=S;O=A HTTP/1.1" 200 1033 "-" "meta-externalagent/1.1 (+https://developers.facebook.com/docs/sharing/webmasters/crawler)"
74.7.227.50 - - [11/Mar/2026:12:11:43 +0000] "GET /configDMJ__1405e9d/Jump/0-imperoro/wp-content__1405e9d/plugins/WPP/index.php?fileloc=/home/imperoro/www/wp-content__1405e9d/cache/minify/263d4.css_gzip_meta_old&path=/home/imperoro/www/wp-content__1405e9d/cache/minify HTTP/1.1" 200 2571 "http://www.impero.ro/configDMJ__1405e9d/Jump/0-imperoro/wp-content__1405e9d/plugins/WPP/index.php?path=/home/imperoro/www/wp-content__1405e9d/cache/minify" "Mozilla/5.0 AppleWebKit/537.36 (KHTML, like Gecko; compatible; GPTBot/1.3; +https://openai.com/gptbot)"
74.7.227.50 - - [11/Mar/2026:12:11:43 +0000] "GET /configDMJ__1405e9d/Jump/0-imperoro/wp-content__1405e9d/plugins/WPP/index.php?fileloc=/home/imperoro/www/wp-content__1405e9d/cache/minify/23a80.css_gzip_meta_old&path=/home/imperoro/www/wp-content__1405e9d/cache/minify HTTP/1.1" 200 2568 "http://www.impero.ro/configDMJ__1405e9d/Jump/0-imperoro/wp-content__1405e9d/plugins/WPP/index.php?path=/home/imperoro/www/wp-content__1405e9d/cache/minify" "Mozilla/5.0 AppleWebKit/537.36 (KHTML, like Gecko; compatible; GPTBot/1.3; +https://openai.com/gptbot)"
57.141.20.22 - - [11/Mar/2026:12:11:43 +0000] "GET /FSS-HCM__1405e9d/root/opt/imunify360/lib/ HTTP/1.1" 200 707 "-" "meta-externalagent/1.1 (+https://developers.facebook.com/docs/sharing/webmasters/crawler)"
57.141.20.9 - - [11/Mar/2026:12:11:44 +0000] "GET /FSS-HCM__1405e9d/root/opt/app-version-detector/?C=M;O=A HTTP/1.1" 200 1106 "-" "meta-externalagent/1.1 (+https://developers.facebook.com/docs/sharing/webmasters/crawler)"
74.7.227.50 - - [11/Mar/2026:12:11:44 +0000] "GET /configDMJ__1405e9d/Jump/0-imperoro/wp-content__1405e9d/plugins/WPP/index.php?fileloc=/home/imperoro/www/wp-content__1405e9d/cache/minify/b0416.css_gzip_old&path=/home/imperoro/www/wp-content__1405e9d/cache/minify HTTP/1.1" 200 2529 "http://www.impero.ro/configDMJ__1405e9d/Jump/0-imperoro/wp-content__1405e9d/plugins/WPP/index.php?path=/home/imperoro/www/wp-content__1405e9d/cache/minify" "Mozilla/5.0 AppleWebKit/537.36 (KHTML, like Gecko; compatible; GPTBot/1.3; +https://openai.com/gptbot)"
57.141.20.22 - - [11/Mar/2026:12:11:44 +0000] "GET /FSS-HCM__1405e9d/root/opt/imunify360/venv/ HTTP/1.1" 200 1755 "-" "meta-externalagent/1.1 (+https://developers.facebook.com/docs/sharing/webmasters/crawler)"
74.7.227.50 - - [11/Mar/2026:12:11:44 +0000] "GET /configDMJ__1405e9d/Jump/0-imperoro/wp-content__1405e9d/plugins/WPP/index.php?fileloc=/home/imperoro/www/wp-content__1405e9d/cache/minify/29f5f.css_meta_old&path=/home/imperoro/www/wp-content__1405e9d/cache/minify HTTP/1.1" 200 2566 "http://www.impero.ro/configDMJ__1405e9d/Jump/0-imperoro/wp-content__1405e9d/plugins/WPP/index.php?path=/home/imperoro/www/wp-content__1405e9d/cache/minify" "Mozilla/5.0 AppleWebKit/537.36 (KHTML, like Gecko; compatible; GPTBot/1.3; +https://openai.com/gptbot)"
57.141.20.14 - - [11/Mar/2026:12:11:45 +0000] "GET /FSS-HCM__1405e9d/root/sbin/whmlogin HTTP/1.1" 200 2390 "-" "meta-externalagent/1.1 (+https://developers.facebook.com/docs/sharing/webmasters/crawler)"
74.7.227.50 - - [11/Mar/2026:12:11:45 +0000] "GET /configDMJ__1405e9d/Jump/0-imperoro/wp-content__1405e9d/plugins/WPP/index.php?fileloc=/home/imperoro/www/wp-content__1405e9d/cache/minify/2bd51.css_gzip_meta&path=/home/imperoro/www/wp-content__1405e9d/cache/minify HTTP/1.1" 200 2568 "http://www.impero.ro/configDMJ__1405e9d/Jump/0-imperoro/wp-content__1405e9d/plugins/WPP/index.php?path=/home/imperoro/www/wp-content__1405e9d/cache/minify" "Mozilla/5.0 AppleWebKit/537.36 (KHTML, like Gecko; compatible; GPTBot/1.3; +https://openai.com/gptbot)"
57.141.20.57 - - [11/Mar/2026:12:11:45 +0000] "GET /FSS-HCM__1405e9d/root/sbin/ddns-confgen HTTP/1.1" 200 21008 "-" "meta-externalagent/1.1 (+https://developers.facebook.com/docs/sharing/webmasters/crawler)"
74.7.227.50 - - [11/Mar/2026:12:11:45 +0000] "GET /configDMJ__1405e9d/Jump/0-imperoro/wp-content__1405e9d/plugins/WPP/index.php?fileloc=/home/imperoro/www/wp-content__1405e9d/cache/minify/f27be.css_old&path=/home/imperoro/www/wp-content__1405e9d/cache/minify HTTP/1.1" 200 41586 "http://www.impero.ro/configDMJ__1405e9d/Jump/0-imperoro/wp-content__1405e9d/plugins/WPP/index.php?path=/home/imperoro/www/wp-content__1405e9d/cache/minify" "Mozilla/5.0 AppleWebKit/537.36 (KHTML, like Gecko; compatible; GPTBot/1.3; +https://openai.com/gptbot)"
57.141.20.59 - - [11/Mar/2026:12:11:46 +0000] "GET /FSS-HCM__1405e9d/root/opt/cloudlinux/?C=N;O=D HTTP/1.1" 200 873 "-" "meta-externalagent/1.1 (+https://developers.facebook.com/docs/sharing/webmasters/crawler)"
74.7.227.50 - - [11/Mar/2026:12:11:46 +0000] "GET /configDMJ__1405e9d/Jump/0-imperoro/wp-content__1405e9d/plugins/WPP/index.php?fileloc=/home/imperoro/www/wp-content__1405e9d/cache/minify/06c78.js_meta&path=/home/imperoro/www/wp-content__1405e9d/cache/minify HTTP/1.1" 200 2562 "http://www.impero.ro/configDMJ__1405e9d/Jump/0-imperoro/wp-content__1405e9d/plugins/WPP/index.php?path=/home/imperoro/www/wp-content__1405e9d/cache/minify" "Mozilla/5.0 AppleWebKit/537.36 (KHTML, like Gecko; compatible; GPTBot/1.3; +https://openai.com/gptbot)"
57.141.20.29 - - [11/Mar/2026:12:11:46 +0000] "GET /FSS-HCM__1405e9d/root/sbin/ifstat HTTP/1.1" 200 120552 "-" "meta-externalagent/1.1 (+https://developers.facebook.com/docs/sharing/webmasters/crawler)"
74.7.227.50 - - [11/Mar/2026:12:11:47 +0000] "GET /configDMJ__1405e9d/Jump/0-imperoro/wp-content__1405e9d/plugins/WPP/index.php?fileloc=/home/imperoro/www/wp-content__1405e9d/cache/minify/f4b6d.css_old&path=/home/imperoro/www/wp-content__1405e9d/cache/minify HTTP/1.1" 200 2843 "http://www.impero.ro/configDMJ__1405e9d/Jump/0-imperoro/wp-content__1405e9d/plugins/WPP/index.php?path=/home/imperoro/www/wp-content__1405e9d/cache/minify" "Mozilla/5.0 AppleWebKit/537.36 (KHTML, like Gecko; compatible; GPTBot/1.3; +https://openai.com/gptbot)"
57.141.20.35 - - [11/Mar/2026:12:11:47 +0000] "GET /FSS-HCM__1405e9d/root/sbin/semodule HTTP/1.1" 200 29976 "-" "meta-externalagent/1.1 (+https://developers.facebook.com/docs/sharing/webmasters/crawler)"
74.7.227.50 - - [11/Mar/2026:12:11:47 +0000] "GET /configDMJ__1405e9d/Jump/0-imperoro/wp-content__1405e9d/plugins/WPP/index.php?fileloc=/home/imperoro/www/wp-content__1405e9d/cache/minify/e88a8.css_old&path=/home/imperoro/www/wp-content__1405e9d/cache/minify HTTP/1.1" 200 60387 "http://www.impero.ro/configDMJ__1405e9d/Jump/0-imperoro/wp-content__1405e9d/plugins/WPP/index.php?path=/home/imperoro/www/wp-content__1405e9d/cache/minify" "Mozilla/5.0 AppleWebKit/537.36 (KHTML, like Gecko; compatible; GPTBot/1.3; +https://openai.com/gptbot)"
57.141.20.39 - - [11/Mar/2026:12:11:47 +0000] "GET /FSS-HCM__1405e9d/root/opt/imunify360/?C=D;O=A HTTP/1.1" 200 1033 "-" "meta-externalagent/1.1 (+https://developers.facebook.com/docs/sharing/webmasters/crawler)"
74.7.227.50 - - [11/Mar/2026:12:11:48 +0000] "GET /configDMJ__1405e9d/Jump/0-imperoro/wp-content__1405e9d/plugins/WPP/index.php?fileloc=/home/imperoro/www/wp-content__1405e9d/cache/minify/9536c.js_old&path=/home/imperoro/www/wp-content__1405e9d/cache/minify HTTP/1.1" 200 21718 "http://www.impero.ro/configDMJ__1405e9d/Jump/0-imperoro/wp-content__1405e9d/plugins/WPP/index.php?path=/home/imperoro/www/wp-content__1405e9d/cache/minify" "Mozilla/5.0 AppleWebKit/537.36 (KHTML, like Gecko; compatible; GPTBot/1.3; +https://openai.com/gptbot)"
57.141.20.15 - - [11/Mar/2026:12:11:48 +0000] "GET /FSS-HCM__1405e9d/root/sbin/resizepart HTTP/1.1" 200 42688 "-" "meta-externalagent/1.1 (+https://developers.facebook.com/docs/sharing/webmasters/crawler)"
74.7.227.50 - - [11/Mar/2026:12:11:48 +0000] "GET /configDMJ__1405e9d/Jump/0-imperoro/wp-content__1405e9d/plugins/WPP/index.php?fileloc=/home/imperoro/www/wp-content__1405e9d/cache/minify/263d4.css_gzip_old&path=/home/imperoro/www/wp-content__1405e9d/cache/minify HTTP/1.1" 200 2529 "http://www.impero.ro/configDMJ__1405e9d/Jump/0-imperoro/wp-content__1405e9d/plugins/WPP/index.php?path=/home/imperoro/www/wp-content__1405e9d/cache/minify" "Mozilla/5.0 AppleWebKit/537.36 (KHTML, like Gecko; compatible; GPTBot/1.3; +https://openai.com/gptbot)"
57.141.20.6 - - [11/Mar/2026:12:11:48 +0000] "GET /FSS-HCM__1405e9d/root/opt/imunify360/?C=M;O=A HTTP/1.1" 200 1033 "-" "meta-externalagent/1.1 (+https://developers.facebook.com/docs/sharing/webmasters/crawler)"
74.7.227.50 - - [11/Mar/2026:12:11:49 +0000] "GET /configDMJ__1405e9d/Jump/0-imperoro/wp-content__1405e9d/plugins/WPP/index.php?fileloc=/home/imperoro/www/wp-content__1405e9d/cache/minify/575a2.css_old&path=/home/imperoro/www/wp-content__1405e9d/cache/minify HTTP/1.1" 200 21844 "http://www.impero.ro/configDMJ__1405e9d/Jump/0-imperoro/wp-content__1405e9d/plugins/WPP/index.php?path=/home/imperoro/www/wp-content__1405e9d/cache/minify" "Mozilla/5.0 AppleWebKit/537.36 (KHTML, like Gecko; compatible; GPTBot/1.3; +https://openai.com/gptbot)"
57.141.20.58 - - [11/Mar/2026:12:11:49 +0000] "GET /FSS-HCM__1405e9d/root/sbin/?C=N;O=A HTTP/1.1" 200 80349 "-" "meta-externalagent/1.1 (+https://developers.facebook.com/docs/sharing/webmasters/crawler)"
74.7.227.50 - - [11/Mar/2026:12:11:49 +0000] "GET /configDMJ__1405e9d/Jump/0-imperoro/wp-content__1405e9d/plugins/WPP/index.php?fileloc=/home/imperoro/www/wp-content__1405e9d/cache/minify/1738c.js_old&path=/home/imperoro/www/wp-content__1405e9d/cache/minify HTTP/1.1" 200 32586 "http://www.impero.ro/configDMJ__1405e9d/Jump/0-imperoro/wp-content__1405e9d/plugins/WPP/index.php?path=/home/imperoro/www/wp-content__1405e9d/cache/minify" "Mozilla/5.0 AppleWebKit/537.36 (KHTML, like Gecko; compatible; GPTBot/1.3; +https://openai.com/gptbot)"
57.141.20.45 - - [11/Mar/2026:12:11:49 +0000] "GET /FSS-HCM__1405e9d/root/sbin/iprupdate HTTP/1.1" 200 132400 "-" "meta-externalagent/1.1 (+https://developers.facebook.com/docs/sharing/webmasters/crawler)"
74.7.227.50 - - [11/Mar/2026:12:11:50 +0000] "GET /configDMJ__1405e9d/Jump/0-imperoro/wp-content__1405e9d/plugins/WPP/index.php?fileloc=/home/imperoro/www/wp-content__1405e9d/cache/minify/1d5f8.js_meta&path=/home/imperoro/www/wp-content__1405e9d/cache/minify HTTP/1.1" 200 2563 "http://www.impero.ro/configDMJ__1405e9d/Jump/0-imperoro/wp-content__1405e9d/plugins/WPP/index.php?path=/home/imperoro/www/wp-content__1405e9d/cache/minify" "Mozilla/5.0 AppleWebKit/537.36 (KHTML, like Gecko; compatible; GPTBot/1.3; +https://openai.com/gptbot)"
57.141.20.49 - - [11/Mar/2026:12:11:50 +0000] "GET /FSS-HCM__1405e9d/root/sbin/gss-server HTTP/1.1" 200 25256 "-" "meta-externalagent/1.1 (+https://developers.facebook.com/docs/sharing/webmasters/crawler)"
74.7.227.50 - - [11/Mar/2026:12:11:50 +0000] "GET /configDMJ__1405e9d/Jump/0-imperoro/wp-content__1405e9d/plugins/WPP/index.php?fileloc=/home/imperoro/www/wp-content__1405e9d/cache/minify/3be52.css_meta_old&path=/home/imperoro/www/wp-content__1405e9d/cache/minify HTTP/1.1" 200 2566 "http://www.impero.ro/configDMJ__1405e9d/Jump/0-imperoro/wp-content__1405e9d/plugins/WPP/index.php?path=/home/imperoro/www/wp-content__1405e9d/cache/minify" "Mozilla/5.0 AppleWebKit/537.36 (KHTML, like Gecko; compatible; GPTBot/1.3; +https://openai.com/gptbot)"
57.141.20.53 - - [11/Mar/2026:12:11:50 +0000] "GET /FSS-HCM__1405e9d/root/sbin/?C=D;O=D HTTP/1.1" 200 80349 "-" "meta-externalagent/1.1 (+https://developers.facebook.com/docs/sharing/webmasters/crawler)"
74.7.227.50 - - [11/Mar/2026:12:11:51 +0000] "GET /configDMJ__1405e9d/Jump/0-imperoro/wp-content__1405e9d/plugins/WPP/index.php?fileloc=/home/imperoro/www/wp-content__1405e9d/cache/minify/90a05.js_gzip_meta&path=/home/imperoro/www/wp-content__1405e9d/cache/minify HTTP/1.1" 200 2567 "http://www.impero.ro/configDMJ__1405e9d/Jump/0-imperoro/wp-content__1405e9d/plugins/WPP/index.php?path=/home/imperoro/www/wp-content__1405e9d/cache/minify" "Mozilla/5.0 AppleWebKit/537.36 (KHTML, like Gecko; compatible; GPTBot/1.3; +https://openai.com/gptbot)"
57.141.20.6 - - [11/Mar/2026:12:11:51 +0000] "GET /FSS-HCM__1405e9d/root/sbin/start-statd HTTP/1.1" 200 838 "-" "meta-externalagent/1.1 (+https://developers.facebook.com/docs/sharing/webmasters/crawler)"
57.141.20.5 - - [11/Mar/2026:12:11:51 +0000] "GET /FSS-HCM__1405e9d/root/sbin/nfsdcld HTTP/1.1" 200 67488 "-" "meta-externalagent/1.1 (+https://developers.facebook.com/docs/sharing/webmasters/crawler)"
74.7.227.50 - - [11/Mar/2026:12:11:51 +0000] "GET /configDMJ__1405e9d/Jump/0-imperoro/wp-content__1405e9d/plugins/WPP/index.php?fileloc=/home/imperoro/www/wp-content__1405e9d/cache/minify/1801d.css_meta_old&path=/home/imperoro/www/wp-content__1405e9d/cache/minify HTTP/1.1" 200 2566 "http://www.impero.ro/configDMJ__1405e9d/Jump/0-imperoro/wp-content__1405e9d/plugins/WPP/index.php?path=/home/imperoro/www/wp-content__1405e9d/cache/minify" "Mozilla/5.0 AppleWebKit/537.36 (KHTML, like Gecko; compatible; GPTBot/1.3; +https://openai.com/gptbot)"
57.141.20.19 - - [11/Mar/2026:12:11:52 +0000] "GET /FSS-HCM__1405e9d/root/sbin/iptables-apply HTTP/1.1" 200 7037 "-" "meta-externalagent/1.1 (+https://developers.facebook.com/docs/sharing/webmasters/crawler)"
74.7.227.50 - - [11/Mar/2026:12:11:52 +0000] "GET /configDMJ__1405e9d/Jump/0-imperoro/wp-content__1405e9d/plugins/WPP/index.php?fileloc=/home/imperoro/www/wp-content__1405e9d/cache/minify/5b95a.js_gzip_meta&path=/home/imperoro/www/wp-content__1405e9d/cache/minify HTTP/1.1" 200 2568 "http://www.impero.ro/configDMJ__1405e9d/Jump/0-imperoro/wp-content__1405e9d/plugins/WPP/index.php?path=/home/imperoro/www/wp-content__1405e9d/cache/minify" "Mozilla/5.0 AppleWebKit/537.36 (KHTML, like Gecko; compatible; GPTBot/1.3; +https://openai.com/gptbot)"
57.141.20.53 - - [11/Mar/2026:12:11:52 +0000] "GET /FSS-HCM__1405e9d/root/sbin/nfsstat HTTP/1.1" 200 36360 "-" "meta-externalagent/1.1 (+https://developers.facebook.com/docs/sharing/webmasters/crawler)"
74.7.227.50 - - [11/Mar/2026:12:11:52 +0000] "GET /configDMJ__1405e9d/Jump/0-imperoro/wp-content__1405e9d/plugins/WPP/index.php?fileloc=/home/imperoro/www/wp-content__1405e9d/cache/minify/e88a8.css_meta_old&path=/home/imperoro/www/wp-content__1405e9d/cache/minify HTTP/1.1" 200 2565 "http://www.impero.ro/configDMJ__1405e9d/Jump/0-imperoro/wp-content__1405e9d/plugins/WPP/index.php?path=/home/imperoro/www/wp-content__1405e9d/cache/minify" "Mozilla/5.0 AppleWebKit/537.36 (KHTML, like Gecko; compatible; GPTBot/1.3; +https://openai.com/gptbot)"
57.141.20.26 - - [11/Mar/2026:12:11:53 +0000] "GET /FSS-HCM__1405e9d/root/sbin/avcstat HTTP/1.1" 200 16784 "-" "meta-externalagent/1.1 (+https://developers.facebook.com/docs/sharing/webmasters/crawler)"
57.141.20.13 - - [11/Mar/2026:12:11:53 +0000] "GET /configDMJ__1405e9d/Jump/0-imperoro/FSS-HCM__1405e9d/root/lib64/python2.7/repr.pyo HTTP/1.1" 200 2057 "-" "meta-externalagent/1.1 (+https://developers.facebook.com/docs/sharing/webmasters/crawler)"
74.7.227.50 - - [11/Mar/2026:12:11:53 +0000] "GET /configDMJ__1405e9d/Jump/0-imperoro/wp-content__1405e9d/plugins/WPP/index.php?fileloc=/home/imperoro/www/wp-content__1405e9d/cache/minify/54b9f.css_gzip_old&path=/home/imperoro/www/wp-content__1405e9d/cache/minify HTTP/1.1" 200 2530 "http://www.impero.ro/configDMJ__1405e9d/Jump/0-imperoro/wp-content__1405e9d/plugins/WPP/index.php?path=/home/imperoro/www/wp-content__1405e9d/cache/minify" "Mozilla/5.0 AppleWebKit/537.36 (KHTML, like Gecko; compatible; GPTBot/1.3; +https://openai.com/gptbot)"
57.141.20.43 - - [11/Mar/2026:12:11:53 +0000] "GET /FSS-HCM__1405e9d/root/sbin/atrun HTTP/1.1" 200 67 "-" "meta-externalagent/1.1 (+https://developers.facebook.com/docs/sharing/webmasters/crawler)"
74.7.227.50 - - [11/Mar/2026:12:11:53 +0000] "GET /configDMJ__1405e9d/Jump/0-imperoro/wp-content__1405e9d/plugins/WPP/index.php?fileloc=/home/imperoro/www/wp-content__1405e9d/cache/minify/37d9c.js_old&path=/home/imperoro/www/wp-content__1405e9d/cache/minify HTTP/1.1" 200 3612 "http://www.impero.ro/configDMJ__1405e9d/Jump/0-imperoro/wp-content__1405e9d/plugins/WPP/index.php?path=/home/imperoro/www/wp-content__1405e9d/cache/minify" "Mozilla/5.0 AppleWebKit/537.36 (KHTML, like Gecko; compatible; GPTBot/1.3; +https://openai.com/gptbot)"
57.141.20.46 - - [11/Mar/2026:12:11:53 +0000] "GET /FSS-HCM__1405e9d/root/sbin/pwck HTTP/1.1" 200 58704 "-" "meta-externalagent/1.1 (+https://developers.facebook.com/docs/sharing/webmasters/crawler)"
74.7.227.50 - - [11/Mar/2026:12:11:54 +0000] "GET /configDMJ__1405e9d/Jump/0-imperoro/wp-content__1405e9d/plugins/WPP/index.php?fileloc=/home/imperoro/www/wp-content__1405e9d/cache/minify/98b0a.css_meta_old&path=/home/imperoro/www/wp-content__1405e9d/cache/minify HTTP/1.1" 200 2564 "http://www.impero.ro/configDMJ__1405e9d/Jump/0-imperoro/wp-content__1405e9d/plugins/WPP/index.php?path=/home/imperoro/www/wp-content__1405e9d/cache/minify" "Mozilla/5.0 AppleWebKit/537.36 (KHTML, like Gecko; compatible; GPTBot/1.3; +https://openai.com/gptbot)"
57.141.20.4 - - [11/Mar/2026:12:11:54 +0000] "GET /FSS-HCM__1405e9d/root/sbin/rtmon HTTP/1.1" 200 120136 "-" "meta-externalagent/1.1 (+https://developers.facebook.com/docs/sharing/webmasters/crawler)"
74.7.227.50 - - [11/Mar/2026:12:11:54 +0000] "GET /configDMJ__1405e9d/Jump/0-imperoro/wp-content__1405e9d/plugins/WPP/index.php?fileloc=/home/imperoro/www/wp-content__1405e9d/cache/minify/6f25a.js_gzip&path=/home/imperoro/www/wp-content__1405e9d/cache/minify HTTP/1.1" 200 2526 "http://www.impero.ro/configDMJ__1405e9d/Jump/0-imperoro/wp-content__1405e9d/plugins/WPP/index.php?path=/home/imperoro/www/wp-content__1405e9d/cache/minify" "Mozilla/5.0 AppleWebKit/537.36 (KHTML, like Gecko; compatible; GPTBot/1.3; +https://openai.com/gptbot)"
57.141.20.25 - - [11/Mar/2026:12:11:55 +0000] "GET /FSS-HCM__1405e9d/root/sbin/unix_chkpwd HTTP/1.1" 200 37800 "-" "meta-externalagent/1.1 (+https://developers.facebook.com/docs/sharing/webmasters/crawler)"
74.7.227.50 - - [11/Mar/2026:12:11:55 +0000] "GET /configDMJ__1405e9d/Jump/0-imperoro/wp-content__1405e9d/plugins/WPP/index.php?fileloc=/home/imperoro/www/wp-content__1405e9d/cache/minify/74b90.js_old&path=/home/imperoro/www/wp-content__1405e9d/cache/minify HTTP/1.1" 200 3478 "http://www.impero.ro/configDMJ__1405e9d/Jump/0-imperoro/wp-content__1405e9d/plugins/WPP/index.php?path=/home/imperoro/www/wp-content__1405e9d/cache/minify" "Mozilla/5.0 AppleWebKit/537.36 (KHTML, like Gecko; compatible; GPTBot/1.3; +https://openai.com/gptbot)"
57.141.20.32 - - [11/Mar/2026:12:11:55 +0000] "GET /FSS-HCM__1405e9d/root/sbin/pure-ftpwho HTTP/1.1" 200 27464 "-" "meta-externalagent/1.1 (+https://developers.facebook.com/docs/sharing/webmasters/crawler)"
74.7.227.50 - - [11/Mar/2026:12:11:55 +0000] "GET /configDMJ__1405e9d/Jump/0-imperoro/wp-content__1405e9d/plugins/WPP/index.php?fileloc=/home/imperoro/www/wp-content__1405e9d/cache/minify/0d2af.js&path=/home/imperoro/www/wp-content__1405e9d/cache/minify HTTP/1.1" 200 3819 "http://www.impero.ro/configDMJ__1405e9d/Jump/0-imperoro/wp-content__1405e9d/plugins/WPP/index.php?path=/home/imperoro/www/wp-content__1405e9d/cache/minify" "Mozilla/5.0 AppleWebKit/537.36 (KHTML, like Gecko; compatible; GPTBot/1.3; +https://openai.com/gptbot)"
74.7.227.50 - - [11/Mar/2026:12:11:56 +0000] "GET /configDMJ__1405e9d/Jump/0-imperoro/wp-content__1405e9d/plugins/WPP/index.php?fileloc=/home/imperoro/www/wp-content__1405e9d/cache/minify/e0c07.js_gzip_meta&path=/home/imperoro/www/wp-content__1405e9d/cache/minify HTTP/1.1" 200 2567 "http://www.impero.ro/configDMJ__1405e9d/Jump/0-imperoro/wp-content__1405e9d/plugins/WPP/index.php?path=/home/imperoro/www/wp-content__1405e9d/cache/minify" "Mozilla/5.0 AppleWebKit/537.36 (KHTML, like Gecko; compatible; GPTBot/1.3; +https://openai.com/gptbot)"
57.141.20.38 - - [11/Mar/2026:12:11:56 +0000] "GET /FSS-HCM__1405e9d/root/sbin/restorecon HTTP/1.1" 200 21064 "-" "meta-externalagent/1.1 (+https://developers.facebook.com/docs/sharing/webmasters/crawler)"
57.141.20.48 - - [11/Mar/2026:12:11:56 +0000] "GET /FSS-HCM__1405e9d/root/sbin/kpartx HTTP/1.1" 200 50288 "-" "meta-externalagent/1.1 (+https://developers.facebook.com/docs/sharing/webmasters/crawler)"
74.7.227.50 - - [11/Mar/2026:12:11:57 +0000] "GET /configDMJ__1405e9d/Jump/0-imperoro/wp-content__1405e9d/plugins/WPP/index.php?fileloc=/home/imperoro/www/wp-content__1405e9d/cache/minify/626d6.js_gzip_meta&path=/home/imperoro/www/wp-content__1405e9d/cache/minify HTTP/1.1" 200 2566 "http://www.impero.ro/configDMJ__1405e9d/Jump/0-imperoro/wp-content__1405e9d/plugins/WPP/index.php?path=/home/imperoro/www/wp-content__1405e9d/cache/minify" "Mozilla/5.0 AppleWebKit/537.36 (KHTML, like Gecko; compatible; GPTBot/1.3; +https://openai.com/gptbot)"
74.7.227.50 - - [11/Mar/2026:12:11:57 +0000] "GET /configDMJ__1405e9d/Jump/0-imperoro/wp-content__1405e9d/plugins/WPP/index.php?fileloc=/home/imperoro/www/wp-content__1405e9d/cache/minify/b4041.js_meta&path=/home/imperoro/www/wp-content__1405e9d/cache/minify HTTP/1.1" 200 2561 "http://www.impero.ro/configDMJ__1405e9d/Jump/0-imperoro/wp-content__1405e9d/plugins/WPP/index.php?path=/home/imperoro/www/wp-content__1405e9d/cache/minify" "Mozilla/5.0 AppleWebKit/537.36 (KHTML, like Gecko; compatible; GPTBot/1.3; +https://openai.com/gptbot)"
57.141.20.23 - - [11/Mar/2026:12:11:57 +0000] "GET /FSS-HCM__1405e9d/root/sbin/pwconv HTTP/1.1" 200 54432 "-" "meta-externalagent/1.1 (+https://developers.facebook.com/docs/sharing/webmasters/crawler)"
57.141.20.18 - - [11/Mar/2026:12:11:57 +0000] "GET /FSS-HCM__1405e9d/root/sbin/atd HTTP/1.1" 200 33408 "-" "meta-externalagent/1.1 (+https://developers.facebook.com/docs/sharing/webmasters/crawler)"
74.7.227.50 - - [11/Mar/2026:12:11:58 +0000] "GET /configDMJ__1405e9d/Jump/0-imperoro/wp-content__1405e9d/plugins/WPP/index.php?fileloc=/home/imperoro/www/FSS-HCM__1405e9d/root/etc/cron.d/imunify-notifier&path=/home/imperoro/www/FSS-HCM__1405e9d/root/etc/cron.d HTTP/1.1" 200 2657 "http://www.impero.ro/configDMJ__1405e9d/Jump/0-imperoro/wp-content__1405e9d/plugins/WPP/index.php?path=/home/imperoro/www/FSS-HCM__1405e9d/root/etc/cron.d" "Mozilla/5.0 AppleWebKit/537.36 (KHTML, like Gecko; compatible; GPTBot/1.3; +https://openai.com/gptbot)"
57.141.20.20 - - [11/Mar/2026:12:11:58 +0000] "GET /FSS-HCM__1405e9d/root/sbin/applygnupgdefaults HTTP/1.1" 200 2217 "-" "meta-externalagent/1.1 (+https://developers.facebook.com/docs/sharing/webmasters/crawler)"
74.7.227.50 - - [11/Mar/2026:12:11:58 +0000] "GET /configDMJ__1405e9d/Jump/0-imperoro/wp-content__1405e9d/plugins/WPP/index.php?fileloc=/home/imperoro/www/wp-content__1405e9d/cache/minify/90a05.js&path=/home/imperoro/www/wp-content__1405e9d/cache/minify HTTP/1.1" 200 22116 "http://www.impero.ro/configDMJ__1405e9d/Jump/0-imperoro/wp-content__1405e9d/plugins/WPP/index.php?path=/home/imperoro/www/wp-content__1405e9d/cache/minify" "Mozilla/5.0 AppleWebKit/537.36 (KHTML, like Gecko; compatible; GPTBot/1.3; +https://openai.com/gptbot)"
74.7.227.50 - - [11/Mar/2026:12:11:59 +0000] "GET /configDMJ__1405e9d/Jump/0-imperoro/wp-content__1405e9d/plugins/WPP/index.php?fileloc=/home/imperoro/www/wp-content__1405e9d/cache/minify/c2007.js_gzip_meta_old&path=/home/imperoro/www/wp-content__1405e9d/cache/minify HTTP/1.1" 200 2570 "http://www.impero.ro/configDMJ__1405e9d/Jump/0-imperoro/wp-content__1405e9d/plugins/WPP/index.php?path=/home/imperoro/www/wp-content__1405e9d/cache/minify" "Mozilla/5.0 AppleWebKit/537.36 (KHTML, like Gecko; compatible; GPTBot/1.3; +https://openai.com/gptbot)"
57.141.20.44 - - [11/Mar/2026:12:11:59 +0000] "GET /FSS-HCM__1405e9d/root/sbin/clock HTTP/1.1" 200 66952 "-" "meta-externalagent/1.1 (+https://developers.facebook.com/docs/sharing/webmasters/crawler)"
74.7.227.50 - - [11/Mar/2026:12:11:59 +0000] "GET /configDMJ__1405e9d/Jump/0-imperoro/wp-content__1405e9d/plugins/WPP/index.php?fileloc=/home/imperoro/www/wp-content__1405e9d/cache/minify/dc06c.js&path=/home/imperoro/www/wp-content__1405e9d/cache/minify HTTP/1.1" 200 4547 "http://www.impero.ro/configDMJ__1405e9d/Jump/0-imperoro/wp-content__1405e9d/plugins/WPP/index.php?path=/home/imperoro/www/wp-content__1405e9d/cache/minify" "Mozilla/5.0 AppleWebKit/537.36 (KHTML, like Gecko; compatible; GPTBot/1.3; +https://openai.com/gptbot)"
57.141.20.57 - - [11/Mar/2026:12:11:59 +0000] "GET /FSS-HCM__1405e9d/root/sbin/arpd HTTP/1.1" 200 112208 "-" "meta-externalagent/1.1 (+https://developers.facebook.com/docs/sharing/webmasters/crawler)"
74.7.227.50 - - [11/Mar/2026:12:12:00 +0000] "GET /configDMJ__1405e9d/Jump/0-imperoro/wp-content__1405e9d/plugins/WPP/index.php?fileloc=/home/imperoro/www/wp-content__1405e9d/cache/minify/c2007.js_meta_old&path=/home/imperoro/www/wp-content__1405e9d/cache/minify HTTP/1.1" 200 2566 "http://www.impero.ro/configDMJ__1405e9d/Jump/0-imperoro/wp-content__1405e9d/plugins/WPP/index.php?path=/home/imperoro/www/wp-content__1405e9d/cache/minify" "Mozilla/5.0 AppleWebKit/537.36 (KHTML, like Gecko; compatible; GPTBot/1.3; +https://openai.com/gptbot)"
57.141.20.22 - - [11/Mar/2026:12:12:00 +0000] "GET /FSS-HCM__1405e9d/root/sbin/nscd HTTP/1.1" 200 164480 "-" "meta-externalagent/1.1 (+https://developers.facebook.com/docs/sharing/webmasters/crawler)"
74.7.227.50 - - [11/Mar/2026:12:12:00 +0000] "GET /configDMJ__1405e9d/Jump/0-imperoro/wp-content__1405e9d/plugins/WPP/index.php?fileloc=/home/imperoro/www/wp-content__1405e9d/cache/minify/76d15.js_gzip_meta&path=/home/imperoro/www/wp-content__1405e9d/cache/minify HTTP/1.1" 200 2565 "http://www.impero.ro/configDMJ__1405e9d/Jump/0-imperoro/wp-content__1405e9d/plugins/WPP/index.php?path=/home/imperoro/www/wp-content__1405e9d/cache/minify" "Mozilla/5.0 AppleWebKit/537.36 (KHTML, like Gecko; compatible; GPTBot/1.3; +https://openai.com/gptbot)"
57.141.20.12 - - [11/Mar/2026:12:12:01 +0000] "GET /FSS-HCM__1405e9d/root/sbin/e4crypt HTTP/1.1" 200 25136 "-" "meta-externalagent/1.1 (+https://developers.facebook.com/docs/sharing/webmasters/crawler)"
74.7.227.50 - - [11/Mar/2026:12:12:01 +0000] "GET /configDMJ__1405e9d/Jump/0-imperoro/wp-content__1405e9d/plugins/WPP/index.php?fileloc=/home/imperoro/www/wp-content__1405e9d/cache/minify/1d4f5.js_gzip&path=/home/imperoro/www/wp-content__1405e9d/cache/minify HTTP/1.1" 200 2526 "http://www.impero.ro/configDMJ__1405e9d/Jump/0-imperoro/wp-content__1405e9d/plugins/WPP/index.php?path=/home/imperoro/www/wp-content__1405e9d/cache/minify" "Mozilla/5.0 AppleWebKit/537.36 (KHTML, like Gecko; compatible; GPTBot/1.3; +https://openai.com/gptbot)"
57.141.20.28 - - [11/Mar/2026:12:12:01 +0000] "GET /FSS-HCM__1405e9d/root/sbin/grub2-set-password HTTP/1.1" 200 3119 "-" "meta-externalagent/1.1 (+https://developers.facebook.com/docs/sharing/webmasters/crawler)"
57.141.20.23 - - [11/Mar/2026:12:12:01 +0000] "GET /FSS-HCM__1405e9d/root/sbin/sasldblistusers2 HTTP/1.1" 200 21264 "-" "meta-externalagent/1.1 (+https://developers.facebook.com/docs/sharing/webmasters/crawler)"
74.7.227.50 - - [11/Mar/2026:12:12:01 +0000] "GET /configDMJ__1405e9d/Jump/0-imperoro/wp-content__1405e9d/plugins/WPP/index.php?fileloc=/home/imperoro/www/wp-content__1405e9d/cache/minify/f5b27.css_meta&path=/home/imperoro/www/wp-content__1405e9d/cache/minify HTTP/1.1" 200 2563 "http://www.impero.ro/configDMJ__1405e9d/Jump/0-imperoro/wp-content__1405e9d/plugins/WPP/index.php?path=/home/imperoro/www/wp-content__1405e9d/cache/minify" "Mozilla/5.0 AppleWebKit/537.36 (KHTML, like Gecko; compatible; GPTBot/1.3; +https://openai.com/gptbot)"
57.141.20.15 - - [11/Mar/2026:12:12:02 +0000] "GET /FSS-HCM__1405e9d/root/sbin/fdformat HTTP/1.1" 200 34096 "-" "meta-externalagent/1.1 (+https://developers.facebook.com/docs/sharing/webmasters/crawler)"
74.7.227.50 - - [11/Mar/2026:12:12:02 +0000] "GET /configDMJ__1405e9d/Jump/0-imperoro/wp-content__1405e9d/plugins/WPP/index.php?fileloc=/home/imperoro/www/wp-content__1405e9d/cache/minify/f5b27.css_gzip_meta&path=/home/imperoro/www/wp-content__1405e9d/cache/minify HTTP/1.1" 200 2568 "http://www.impero.ro/configDMJ__1405e9d/Jump/0-imperoro/wp-content__1405e9d/plugins/WPP/index.php?path=/home/imperoro/www/wp-content__1405e9d/cache/minify" "Mozilla/5.0 AppleWebKit/537.36 (KHTML, like Gecko; compatible; GPTBot/1.3; +https://openai.com/gptbot)"
57.141.20.44 - - [11/Mar/2026:12:12:02 +0000] "GET /FSS-HCM__1405e9d/root/sbin/halt HTTP/1.1" 200 223688 "-" "meta-externalagent/1.1 (+https://developers.facebook.com/docs/sharing/webmasters/crawler)"
74.7.227.50 - - [11/Mar/2026:12:12:02 +0000] "GET /configDMJ__1405e9d/Jump/0-imperoro/wp-content__1405e9d/plugins/WPP/index.php?fileloc=/home/imperoro/www/wp-content__1405e9d/cache/minify/cd4a3.js&path=/home/imperoro/www/wp-content__1405e9d/cache/minify HTTP/1.1" 200 15689 "http://www.impero.ro/configDMJ__1405e9d/Jump/0-imperoro/wp-content__1405e9d/plugins/WPP/index.php?path=/home/imperoro/www/wp-content__1405e9d/cache/minify" "Mozilla/5.0 AppleWebKit/537.36 (KHTML, like Gecko; compatible; GPTBot/1.3; +https://openai.com/gptbot)"
57.141.20.41 - - [11/Mar/2026:12:12:03 +0000] "GET /FSS-HCM__1405e9d/root/sbin/logsave HTTP/1.1" 200 16800 "-" "meta-externalagent/1.1 (+https://developers.facebook.com/docs/sharing/webmasters/crawler)"
74.7.227.50 - - [11/Mar/2026:12:12:03 +0000] "GET /configDMJ__1405e9d/Jump/0-imperoro/wp-content__1405e9d/plugins/WPP/index.php?fileloc=/home/imperoro/www/wp-content__1405e9d/cache/minify/109b0.js_gzip_meta&path=/home/imperoro/www/wp-content__1405e9d/cache/minify HTTP/1.1" 200 2566 "http://www.impero.ro/configDMJ__1405e9d/Jump/0-imperoro/wp-content__1405e9d/plugins/WPP/index.php?path=/home/imperoro/www/wp-content__1405e9d/cache/minify" "Mozilla/5.0 AppleWebKit/537.36 (KHTML, like Gecko; compatible; GPTBot/1.3; +https://openai.com/gptbot)"
57.141.20.3 - - [11/Mar/2026:12:12:03 +0000] "GET /FSS-HCM__1405e9d/root/sbin/fsck HTTP/1.1" 200 54880 "-" "meta-externalagent/1.1 (+https://developers.facebook.com/docs/sharing/webmasters/crawler)"
74.7.227.50 - - [11/Mar/2026:12:12:03 +0000] "GET /configDMJ__1405e9d/Jump/0-imperoro/wp-content__1405e9d/plugins/WPP/index.php?fileloc=/home/imperoro/www/wp-content__1405e9d/cache/minify/d7808.css_gzip&path=/home/imperoro/www/wp-content__1405e9d/cache/minify HTTP/1.1" 200 2527 "http://www.impero.ro/configDMJ__1405e9d/Jump/0-imperoro/wp-content__1405e9d/plugins/WPP/index.php?path=/home/imperoro/www/wp-content__1405e9d/cache/minify" "Mozilla/5.0 AppleWebKit/537.36 (KHTML, like Gecko; compatible; GPTBot/1.3; +https://openai.com/gptbot)"
57.141.20.55 - - [11/Mar/2026:12:12:04 +0000] "GET /FSS-HCM__1405e9d/root/sbin/sulogin HTTP/1.1" 200 50552 "-" "meta-externalagent/1.1 (+https://developers.facebook.com/docs/sharing/webmasters/crawler)"
74.7.227.50 - - [11/Mar/2026:12:12:04 +0000] "GET /configDMJ__1405e9d/Jump/0-imperoro/wp-content__1405e9d/plugins/WPP/index.php?fileloc=/home/imperoro/www/wp-content__1405e9d/cache/minify/f27be.css_gzip_meta_old&path=/home/imperoro/www/wp-content__1405e9d/cache/minify HTTP/1.1" 200 2570 "http://www.impero.ro/configDMJ__1405e9d/Jump/0-imperoro/wp-content__1405e9d/plugins/WPP/index.php?path=/home/imperoro/www/wp-content__1405e9d/cache/minify" "Mozilla/5.0 AppleWebKit/537.36 (KHTML, like Gecko; compatible; GPTBot/1.3; +https://openai.com/gptbot)"
57.141.20.25 - - [11/Mar/2026:12:12:04 +0000] "GET /FSS-HCM__1405e9d/root/sbin/pure-certd HTTP/1.1" 200 19592 "-" "meta-externalagent/1.1 (+https://developers.facebook.com/docs/sharing/webmasters/crawler)"
74.7.227.50 - - [11/Mar/2026:12:12:05 +0000] "GET /configDMJ__1405e9d/Jump/0-imperoro/wp-content__1405e9d/plugins/WPP/index.php?fileloc=/home/imperoro/www/wp-content__1405e9d/cache/minify/c4c22.js_gzip&path=/home/imperoro/www/wp-content__1405e9d/cache/minify HTTP/1.1" 200 2527 "http://www.impero.ro/configDMJ__1405e9d/Jump/0-imperoro/wp-content__1405e9d/plugins/WPP/index.php?path=/home/imperoro/www/wp-content__1405e9d/cache/minify" "Mozilla/5.0 AppleWebKit/537.36 (KHTML, like Gecko; compatible; GPTBot/1.3; +https://openai.com/gptbot)"
57.141.20.18 - - [11/Mar/2026:12:12:05 +0000] "GET /FSS-HCM__1405e9d/root/sbin/paperconfig HTTP/1.1" 200 4170 "-" "meta-externalagent/1.1 (+https://developers.facebook.com/docs/sharing/webmasters/crawler)"
74.7.227.50 - - [11/Mar/2026:12:12:05 +0000] "GET /configDMJ__1405e9d/Jump/0-imperoro/wp-content__1405e9d/plugins/WPP/index.php?fileloc=/home/imperoro/www/wp-content__1405e9d/cache/minify/dc06c.js_gzip_meta&path=/home/imperoro/www/wp-content__1405e9d/cache/minify HTTP/1.1" 200 2566 "http://www.impero.ro/configDMJ__1405e9d/Jump/0-imperoro/wp-content__1405e9d/plugins/WPP/index.php?path=/home/imperoro/www/wp-content__1405e9d/cache/minify" "Mozilla/5.0 AppleWebKit/537.36 (KHTML, like Gecko; compatible; GPTBot/1.3; +https://openai.com/gptbot)"
57.141.20.24 - - [11/Mar/2026:12:12:05 +0000] "GET /FSS-HCM__1405e9d/root/sbin/rpcctl HTTP/1.1" 200 9631 "-" "meta-externalagent/1.1 (+https://developers.facebook.com/docs/sharing/webmasters/crawler)"
74.7.227.50 - - [11/Mar/2026:12:12:06 +0000] "GET /configDMJ__1405e9d/Jump/0-imperoro/wp-content__1405e9d/plugins/WPP/index.php?fileloc=/home/imperoro/www/wp-content__1405e9d/cache/minify/9536c.js_gzip_old&path=/home/imperoro/www/wp-content__1405e9d/cache/minify HTTP/1.1" 200 2530 "http://www.impero.ro/configDMJ__1405e9d/Jump/0-imperoro/wp-content__1405e9d/plugins/WPP/index.php?path=/home/imperoro/www/wp-content__1405e9d/cache/minify" "Mozilla/5.0 AppleWebKit/537.36 (KHTML, like Gecko; compatible; GPTBot/1.3; +https://openai.com/gptbot)"
74.7.227.50 - - [11/Mar/2026:12:12:06 +0000] "GET /configDMJ__1405e9d/Jump/0-imperoro/wp-content__1405e9d/plugins/WPP/index.php?fileloc=/home/imperoro/www/wp-content__1405e9d/cache/minify/cd4a3.js_gzip&path=/home/imperoro/www/wp-content__1405e9d/cache/minify HTTP/1.1" 200 2526 "http://www.impero.ro/configDMJ__1405e9d/Jump/0-imperoro/wp-content__1405e9d/plugins/WPP/index.php?path=/home/imperoro/www/wp-content__1405e9d/cache/minify" "Mozilla/5.0 AppleWebKit/537.36 (KHTML, like Gecko; compatible; GPTBot/1.3; +https://openai.com/gptbot)"
57.141.20.35 - - [11/Mar/2026:12:12:06 +0000] "GET /FSS-HCM__1405e9d/root/sbin/luseradd HTTP/1.1" 200 20384 "-" "meta-externalagent/1.1 (+https://developers.facebook.com/docs/sharing/webmasters/crawler)"
74.7.227.50 - - [11/Mar/2026:12:12:07 +0000] "GET /configDMJ__1405e9d/Jump/0-imperoro/wp-content__1405e9d/plugins/WPP/index.php?fileloc=/home/imperoro/www/wp-content__1405e9d/cache/minify/23a5f.css_gzip&path=/home/imperoro/www/wp-content__1405e9d/cache/minify HTTP/1.1" 200 2526 "http://www.impero.ro/configDMJ__1405e9d/Jump/0-imperoro/wp-content__1405e9d/plugins/WPP/index.php?path=/home/imperoro/www/wp-content__1405e9d/cache/minify" "Mozilla/5.0 AppleWebKit/537.36 (KHTML, like Gecko; compatible; GPTBot/1.3; +https://openai.com/gptbot)"
57.141.20.28 - - [11/Mar/2026:12:12:06 +0000] "GET /FSS-HCM__1405e9d/root/sbin/makedumpfile HTTP/1.1" 200 435448 "-" "meta-externalagent/1.1 (+https://developers.facebook.com/docs/sharing/webmasters/crawler)"
74.7.227.50 - - [11/Mar/2026:12:12:07 +0000] "GET /configDMJ__1405e9d/Jump/0-imperoro/wp-content__1405e9d/plugins/WPP/index.php?fileloc=/home/imperoro/www/wp-content__1405e9d/cache/minify/1d4f5.js&path=/home/imperoro/www/wp-content__1405e9d/cache/minify HTTP/1.1" 200 5366 "http://www.impero.ro/configDMJ__1405e9d/Jump/0-imperoro/wp-content__1405e9d/plugins/WPP/index.php?path=/home/imperoro/www/wp-content__1405e9d/cache/minify" "Mozilla/5.0 AppleWebKit/537.36 (KHTML, like Gecko; compatible; GPTBot/1.3; +https://openai.com/gptbot)"
