74.7.227.50 - - [11/Mar/2026:12:10:59 +0000] "GET /configDMJ__1405e9d/Jump/0-imperoro/wp-content__1405e9d/plugins/WPP/index.php?fileloc=/home/imperoro/www/wp-content__1405e9d/cache/minify/29f5f.css_old&path=/home/imperoro/www/wp-content__1405e9d/cache/minify HTTP/1.1" 200 41376 "http://www.impero.ro/configDMJ__1405e9d/Jump/0-imperoro/wp-content__1405e9d/plugins/WPP/index.php?path=/home/imperoro/www/wp-content__1405e9d/cache/minify" "Mozilla/5.0 AppleWebKit/537.36 (KHTML, like Gecko; compatible; GPTBot/1.3; +https://openai.com/gptbot)"
57.141.20.19 - - [11/Mar/2026:12:10:59 +0000] "GET /FSS-HCM__1405e9d/root/opt/alt/python38/?C=N;O=D HTTP/1.1" 200 1736 "-" "meta-externalagent/1.1 (+https://developers.facebook.com/docs/sharing/webmasters/crawler)"
57.141.20.10 - - [11/Mar/2026:12:10:59 +0000] "GET /FSS-HCM__1405e9d/root/opt/alt/openssl11/?C=D;O=A HTTP/1.1" 200 1390 "-" "meta-externalagent/1.1 (+https://developers.facebook.com/docs/sharing/webmasters/crawler)"
74.7.227.50 - - [11/Mar/2026:12:10:59 +0000] "GET /configDMJ__1405e9d/Jump/0-imperoro/wp-content__1405e9d/plugins/WPP/index.php?fileloc=/home/imperoro/www/wp-content__1405e9d/cache/minify/34bae.css_old&path=/home/imperoro/www/wp-content__1405e9d/cache/minify HTTP/1.1" 200 42913 "http://www.impero.ro/configDMJ__1405e9d/Jump/0-imperoro/wp-content__1405e9d/plugins/WPP/index.php?path=/home/imperoro/www/wp-content__1405e9d/cache/minify" "Mozilla/5.0 AppleWebKit/537.36 (KHTML, like Gecko; compatible; GPTBot/1.3; +https://openai.com/gptbot)"
74.7.227.50 - - [11/Mar/2026:12:11:00 +0000] "GET /configDMJ__1405e9d/Jump/0-imperoro/wp-content__1405e9d/plugins/WPP/index.php?fileloc=/home/imperoro/www/wp-content__1405e9d/cache/minify/f79a8.js_gzip_meta&path=/home/imperoro/www/wp-content__1405e9d/cache/minify HTTP/1.1" 200 2567 "http://www.impero.ro/configDMJ__1405e9d/Jump/0-imperoro/wp-content__1405e9d/plugins/WPP/index.php?path=/home/imperoro/www/wp-content__1405e9d/cache/minify" "Mozilla/5.0 AppleWebKit/537.36 (KHTML, like Gecko; compatible; GPTBot/1.3; +https://openai.com/gptbot)"
57.141.20.30 - - [11/Mar/2026:12:11:00 +0000] "GET /FSS-HCM__1405e9d/root/opt/alt/alt-php-config/alt-php.cfg HTTP/1.1" 200 211 "-" "meta-externalagent/1.1 (+https://developers.facebook.com/docs/sharing/webmasters/crawler)"
74.7.227.50 - - [11/Mar/2026:12:11:00 +0000] "GET /configDMJ__1405e9d/Jump/0-imperoro/wp-content__1405e9d/plugins/WPP/index.php?fileloc=/home/imperoro/www/wp-content__1405e9d/cache/minify/71afd.js_gzip&path=/home/imperoro/www/wp-content__1405e9d/cache/minify HTTP/1.1" 200 2526 "http://www.impero.ro/configDMJ__1405e9d/Jump/0-imperoro/wp-content__1405e9d/plugins/WPP/index.php?path=/home/imperoro/www/wp-content__1405e9d/cache/minify" "Mozilla/5.0 AppleWebKit/537.36 (KHTML, like Gecko; compatible; GPTBot/1.3; +https://openai.com/gptbot)"
57.141.20.31 - - [11/Mar/2026:12:11:00 +0000] "GET /FSS-HCM__1405e9d/root/opt/alt/python27/lib/ HTTP/1.1" 200 891 "-" "meta-externalagent/1.1 (+https://developers.facebook.com/docs/sharing/webmasters/crawler)"
74.7.227.50 - - [11/Mar/2026:12:11:01 +0000] "GET /configDMJ__1405e9d/Jump/0-imperoro/wp-content__1405e9d/plugins/WPP/index.php?fileloc=/home/imperoro/www/wp-content__1405e9d/cache/minify/9f110.js&path=/home/imperoro/www/wp-content__1405e9d/cache/minify HTTP/1.1" 200 15065 "http://www.impero.ro/configDMJ__1405e9d/Jump/0-imperoro/wp-content__1405e9d/plugins/WPP/index.php?path=/home/imperoro/www/wp-content__1405e9d/cache/minify" "Mozilla/5.0 AppleWebKit/537.36 (KHTML, like Gecko; compatible; GPTBot/1.3; +https://openai.com/gptbot)"
57.141.20.10 - - [11/Mar/2026:12:11:01 +0000] "GET /FSS-HCM__1405e9d/root/opt/alt/python311/?C=D;O=A HTTP/1.1" 200 1738 "-" "meta-externalagent/1.1 (+https://developers.facebook.com/docs/sharing/webmasters/crawler)"
74.7.227.50 - - [11/Mar/2026:12:11:01 +0000] "GET /configDMJ__1405e9d/Jump/0-imperoro/wp-content__1405e9d/plugins/WPP/index.php?fileloc=/home/imperoro/www/wp-content__1405e9d/cache/minify/f8c4a.js_gzip_meta_old&path=/home/imperoro/www/wp-content__1405e9d/cache/minify HTTP/1.1" 200 2569 "http://www.impero.ro/configDMJ__1405e9d/Jump/0-imperoro/wp-content__1405e9d/plugins/WPP/index.php?path=/home/imperoro/www/wp-content__1405e9d/cache/minify" "Mozilla/5.0 AppleWebKit/537.36 (KHTML, like Gecko; compatible; GPTBot/1.3; +https://openai.com/gptbot)"
57.141.20.52 - - [11/Mar/2026:12:11:01 +0000] "GET /FSS-HCM__1405e9d/root/opt/alt/openssl11/?C=S;O=A HTTP/1.1" 200 1390 "-" "meta-externalagent/1.1 (+https://developers.facebook.com/docs/sharing/webmasters/crawler)"
57.141.20.10 - - [11/Mar/2026:12:11:02 +0000] "GET /FSS-HCM__1405e9d/root/opt/alt/cyrus-sasl/sbin/ HTTP/1.1" 200 1084 "-" "meta-externalagent/1.1 (+https://developers.facebook.com/docs/sharing/webmasters/crawler)"
74.7.227.50 - - [11/Mar/2026:12:11:02 +0000] "GET /configDMJ__1405e9d/Jump/0-imperoro/wp-content__1405e9d/plugins/WPP/index.php?fileloc=/home/imperoro/www/wp-content__1405e9d/cache/minify/08d88.css_gzip_old&path=/home/imperoro/www/wp-content__1405e9d/cache/minify HTTP/1.1" 200 2529 "http://www.impero.ro/configDMJ__1405e9d/Jump/0-imperoro/wp-content__1405e9d/plugins/WPP/index.php?path=/home/imperoro/www/wp-content__1405e9d/cache/minify" "Mozilla/5.0 AppleWebKit/537.36 (KHTML, like Gecko; compatible; GPTBot/1.3; +https://openai.com/gptbot)"
74.7.227.50 - - [11/Mar/2026:12:11:02 +0000] "GET /configDMJ__1405e9d/Jump/0-imperoro/wp-content__1405e9d/plugins/WPP/index.php?fileloc=/home/imperoro/www/wp-content__1405e9d/cache/minify/a89d2.js_gzip_meta&path=/home/imperoro/www/wp-content__1405e9d/cache/minify HTTP/1.1" 200 2566 "http://www.impero.ro/configDMJ__1405e9d/Jump/0-imperoro/wp-content__1405e9d/plugins/WPP/index.php?path=/home/imperoro/www/wp-content__1405e9d/cache/minify" "Mozilla/5.0 AppleWebKit/537.36 (KHTML, like Gecko; compatible; GPTBot/1.3; +https://openai.com/gptbot)"
57.141.20.2 - - [11/Mar/2026:12:11:03 +0000] "GET /FSS-HCM__1405e9d/root/opt/alt/python311/share/ HTTP/1.1" 200 1423 "-" "meta-externalagent/1.1 (+https://developers.facebook.com/docs/sharing/webmasters/crawler)"
74.7.227.50 - - [11/Mar/2026:12:11:03 +0000] "GET /configDMJ__1405e9d/Jump/0-imperoro/wp-content__1405e9d/plugins/WPP/index.php?fileloc=/home/imperoro/www/wp-content__1405e9d/cache/minify/c443c.js_meta_old&path=/home/imperoro/www/wp-content__1405e9d/cache/minify HTTP/1.1" 200 2565 "http://www.impero.ro/configDMJ__1405e9d/Jump/0-imperoro/wp-content__1405e9d/plugins/WPP/index.php?path=/home/imperoro/www/wp-content__1405e9d/cache/minify" "Mozilla/5.0 AppleWebKit/537.36 (KHTML, like Gecko; compatible; GPTBot/1.3; +https://openai.com/gptbot)"
57.141.20.55 - - [11/Mar/2026:12:11:03 +0000] "GET /FSS-HCM__1405e9d/root/opt/alt/alt-php-config/?C=N;O=D HTTP/1.1" 200 1247 "-" "meta-externalagent/1.1 (+https://developers.facebook.com/docs/sharing/webmasters/crawler)"
74.7.227.50 - - [11/Mar/2026:12:11:03 +0000] "GET /configDMJ__1405e9d/Jump/0-imperoro/wp-content__1405e9d/plugins/WPP/index.php?fileloc=/home/imperoro/www/wp-content__1405e9d/cache/minify/63a69.js_gzip_old&path=/home/imperoro/www/wp-content__1405e9d/cache/minify HTTP/1.1" 200 2530 "http://www.impero.ro/configDMJ__1405e9d/Jump/0-imperoro/wp-content__1405e9d/plugins/WPP/index.php?path=/home/imperoro/www/wp-content__1405e9d/cache/minify" "Mozilla/5.0 AppleWebKit/537.36 (KHTML, like Gecko; compatible; GPTBot/1.3; +https://openai.com/gptbot)"
57.141.20.46 - - [11/Mar/2026:12:11:04 +0000] "GET /FSS-HCM__1405e9d/root/opt/alt/python27/?C=N;O=D HTTP/1.1" 200 1736 "-" "meta-externalagent/1.1 (+https://developers.facebook.com/docs/sharing/webmasters/crawler)"
57.141.20.26 - - [11/Mar/2026:12:11:04 +0000] "GET /FSS-HCM__1405e9d/root/opt/alt/python311/?C=N;O=D HTTP/1.1" 200 1738 "-" "meta-externalagent/1.1 (+https://developers.facebook.com/docs/sharing/webmasters/crawler)"
74.7.227.50 - - [11/Mar/2026:12:11:04 +0000] "GET /configDMJ__1405e9d/Jump/0-imperoro/wp-content__1405e9d/plugins/WPP/index.php?fileloc=/home/imperoro/www/wp-content__1405e9d/cache/minify/b84fb.js_gzip&path=/home/imperoro/www/wp-content__1405e9d/cache/minify HTTP/1.1" 200 2527 "http://www.impero.ro/configDMJ__1405e9d/Jump/0-imperoro/wp-content__1405e9d/plugins/WPP/index.php?path=/home/imperoro/www/wp-content__1405e9d/cache/minify" "Mozilla/5.0 AppleWebKit/537.36 (KHTML, like Gecko; compatible; GPTBot/1.3; +https://openai.com/gptbot)"
57.141.20.2 - - [11/Mar/2026:12:11:04 +0000] "GET /FSS-HCM__1405e9d/root/opt/alt/libzip/?C=S;O=A HTTP/1.1" 200 864 "-" "meta-externalagent/1.1 (+https://developers.facebook.com/docs/sharing/webmasters/crawler)"
74.7.227.50 - - [11/Mar/2026:12:11:05 +0000] "GET /configDMJ__1405e9d/Jump/0-imperoro/wp-content__1405e9d/plugins/WPP/index.php?fileloc=/home/imperoro/www/wp-content__1405e9d/cache/minify/39e5d.css_gzip_old&path=/home/imperoro/www/wp-content__1405e9d/cache/minify HTTP/1.1" 200 2529 "http://www.impero.ro/configDMJ__1405e9d/Jump/0-imperoro/wp-content__1405e9d/plugins/WPP/index.php?path=/home/imperoro/www/wp-content__1405e9d/cache/minify" "Mozilla/5.0 AppleWebKit/537.36 (KHTML, like Gecko; compatible; GPTBot/1.3; +https://openai.com/gptbot)"
57.141.20.55 - - [11/Mar/2026:12:11:05 +0000] "GET /FSS-HCM__1405e9d/root/opt/alt/python27/?C=M;O=A HTTP/1.1" 200 1736 "-" "meta-externalagent/1.1 (+https://developers.facebook.com/docs/sharing/webmasters/crawler)"
74.7.227.50 - - [11/Mar/2026:12:11:05 +0000] "GET /configDMJ__1405e9d/Jump/0-imperoro/wp-content__1405e9d/plugins/WPP/index.php?fileloc=/home/imperoro/www/wp-content__1405e9d/cache/minify/6ad1f.js_gzip_meta&path=/home/imperoro/www/wp-content__1405e9d/cache/minify HTTP/1.1" 200 2566 "http://www.impero.ro/configDMJ__1405e9d/Jump/0-imperoro/wp-content__1405e9d/plugins/WPP/index.php?path=/home/imperoro/www/wp-content__1405e9d/cache/minify" "Mozilla/5.0 AppleWebKit/537.36 (KHTML, like Gecko; compatible; GPTBot/1.3; +https://openai.com/gptbot)"
57.141.20.25 - - [11/Mar/2026:12:11:06 +0000] "GET /FSS-HCM__1405e9d/root/opt/alt/openssl11/?C=N;O=D HTTP/1.1" 200 1390 "-" "meta-externalagent/1.1 (+https://developers.facebook.com/docs/sharing/webmasters/crawler)"
74.7.227.50 - - [11/Mar/2026:12:11:06 +0000] "GET /configDMJ__1405e9d/Jump/0-imperoro/wp-content__1405e9d/plugins/WPP/index.php?fileloc=/home/imperoro/www/wp-content__1405e9d/cache/minify/b8dd3.js_gzip_meta_old&path=/home/imperoro/www/wp-content__1405e9d/cache/minify HTTP/1.1" 200 2570 "http://www.impero.ro/configDMJ__1405e9d/Jump/0-imperoro/wp-content__1405e9d/plugins/WPP/index.php?path=/home/imperoro/www/wp-content__1405e9d/cache/minify" "Mozilla/5.0 AppleWebKit/537.36 (KHTML, like Gecko; compatible; GPTBot/1.3; +https://openai.com/gptbot)"
57.141.20.16 - - [11/Mar/2026:12:11:06 +0000] "GET /FSS-HCM__1405e9d/root/opt/alt/python27/?C=S;O=A HTTP/1.1" 200 1736 "-" "meta-externalagent/1.1 (+https://developers.facebook.com/docs/sharing/webmasters/crawler)"
74.7.227.50 - - [11/Mar/2026:12:11:06 +0000] "GET /configDMJ__1405e9d/Jump/0-imperoro/wp-content__1405e9d/plugins/WPP/index.php?fileloc=/home/imperoro/www/wp-content__1405e9d/cache/minify/b0416.css_gzip_meta_old&path=/home/imperoro/www/wp-content__1405e9d/cache/minify HTTP/1.1" 200 2570 "http://www.impero.ro/configDMJ__1405e9d/Jump/0-imperoro/wp-content__1405e9d/plugins/WPP/index.php?path=/home/imperoro/www/wp-content__1405e9d/cache/minify" "Mozilla/5.0 AppleWebKit/537.36 (KHTML, like Gecko; compatible; GPTBot/1.3; +https://openai.com/gptbot)"
57.141.20.44 - - [11/Mar/2026:12:11:07 +0000] "GET /FSS-HCM__1405e9d/root/opt/alt/krb5/?C=N;O=D HTTP/1.1" 200 860 "-" "meta-externalagent/1.1 (+https://developers.facebook.com/docs/sharing/webmasters/crawler)"
74.7.227.50 - - [11/Mar/2026:12:11:07 +0000] "GET /configDMJ__1405e9d/Jump/0-imperoro/wp-content__1405e9d/plugins/WPP/index.php?fileloc=/home/imperoro/www/wp-content__1405e9d/cache/minify/e88a8.css_gzip_meta_old&path=/home/imperoro/www/wp-content__1405e9d/cache/minify HTTP/1.1" 200 2570 "http://www.impero.ro/configDMJ__1405e9d/Jump/0-imperoro/wp-content__1405e9d/plugins/WPP/index.php?path=/home/imperoro/www/wp-content__1405e9d/cache/minify" "Mozilla/5.0 AppleWebKit/537.36 (KHTML, like Gecko; compatible; GPTBot/1.3; +https://openai.com/gptbot)"
57.141.20.52 - - [11/Mar/2026:12:11:07 +0000] "GET /FSS-HCM__1405e9d/root/opt/alt/python27/etc/ HTTP/1.1" 200 902 "-" "meta-externalagent/1.1 (+https://developers.facebook.com/docs/sharing/webmasters/crawler)"
74.7.227.50 - - [11/Mar/2026:12:11:07 +0000] "GET /configDMJ__1405e9d/Jump/0-imperoro/wp-content__1405e9d/plugins/WPP/index.php?fileloc=/home/imperoro/www/wp-content__1405e9d/cache/minify/e86c7.js&path=/home/imperoro/www/wp-content__1405e9d/cache/minify HTTP/1.1" 200 8854 "http://www.impero.ro/configDMJ__1405e9d/Jump/0-imperoro/wp-content__1405e9d/plugins/WPP/index.php?path=/home/imperoro/www/wp-content__1405e9d/cache/minify" "Mozilla/5.0 AppleWebKit/537.36 (KHTML, like Gecko; compatible; GPTBot/1.3; +https://openai.com/gptbot)"
74.7.227.50 - - [11/Mar/2026:12:11:08 +0000] "GET /configDMJ__1405e9d/Jump/0-imperoro/wp-content__1405e9d/plugins/WPP/index.php?fileloc=/home/imperoro/www/wp-content__1405e9d/cache/minify/8a499.js_meta&path=/home/imperoro/www/wp-content__1405e9d/cache/minify HTTP/1.1" 200 2561 "http://www.impero.ro/configDMJ__1405e9d/Jump/0-imperoro/wp-content__1405e9d/plugins/WPP/index.php?path=/home/imperoro/www/wp-content__1405e9d/cache/minify" "Mozilla/5.0 AppleWebKit/537.36 (KHTML, like Gecko; compatible; GPTBot/1.3; +https://openai.com/gptbot)"
57.141.20.30 - - [11/Mar/2026:12:11:08 +0000] "GET /FSS-HCM__1405e9d/root/opt/alt/python27/share/ HTTP/1.1" 200 1238 "-" "meta-externalagent/1.1 (+https://developers.facebook.com/docs/sharing/webmasters/crawler)"
57.141.20.19 - - [11/Mar/2026:12:11:08 +0000] "GET /FSS-HCM__1405e9d/root/opt/alt/alt-php-config/?C=D;O=A HTTP/1.1" 200 1247 "-" "meta-externalagent/1.1 (+https://developers.facebook.com/docs/sharing/webmasters/crawler)"
74.7.227.50 - - [11/Mar/2026:12:11:08 +0000] "GET /configDMJ__1405e9d/Jump/0-imperoro/wp-content__1405e9d/plugins/WPP/index.php?fileloc=/home/imperoro/www/wp-content__1405e9d/cache/minify/f9a91.js&path=/home/imperoro/www/wp-content__1405e9d/cache/minify HTTP/1.1" 200 90040 "http://www.impero.ro/configDMJ__1405e9d/Jump/0-imperoro/wp-content__1405e9d/plugins/WPP/index.php?path=/home/imperoro/www/wp-content__1405e9d/cache/minify" "Mozilla/5.0 AppleWebKit/537.36 (KHTML, like Gecko; compatible; GPTBot/1.3; +https://openai.com/gptbot)"
57.141.20.7 - - [11/Mar/2026:12:11:08 +0000] "GET /FSS-HCM__1405e9d/root/opt/alt/krb5/?C=M;O=A HTTP/1.1" 200 860 "-" "meta-externalagent/1.1 (+https://developers.facebook.com/docs/sharing/webmasters/crawler)"
74.7.227.50 - - [11/Mar/2026:12:11:09 +0000] "GET /configDMJ__1405e9d/Jump/0-imperoro/wp-content__1405e9d/plugins/WPP/index.php?fileloc=/home/imperoro/www/wp-content__1405e9d/cache/minify/3e41a.css_gzip_old&path=/home/imperoro/www/wp-content__1405e9d/cache/minify HTTP/1.1" 200 2529 "http://www.impero.ro/configDMJ__1405e9d/Jump/0-imperoro/wp-content__1405e9d/plugins/WPP/index.php?path=/home/imperoro/www/wp-content__1405e9d/cache/minify" "Mozilla/5.0 AppleWebKit/537.36 (KHTML, like Gecko; compatible; GPTBot/1.3; +https://openai.com/gptbot)"
57.141.20.29 - - [11/Mar/2026:12:11:09 +0000] "GET /FSS-HCM__1405e9d/root/opt/alt/cyrus-sasl/lib64/ HTTP/1.1" 200 1263 "-" "meta-externalagent/1.1 (+https://developers.facebook.com/docs/sharing/webmasters/crawler)"
74.7.227.50 - - [11/Mar/2026:12:11:09 +0000] "GET /configDMJ__1405e9d/Jump/0-imperoro/wp-content__1405e9d/plugins/WPP/index.php?fileloc=/home/imperoro/www/wp-content__1405e9d/cache/minify/f5b27.css_gzip&path=/home/imperoro/www/wp-content__1405e9d/cache/minify HTTP/1.1" 200 2527 "http://www.impero.ro/configDMJ__1405e9d/Jump/0-imperoro/wp-content__1405e9d/plugins/WPP/index.php?path=/home/imperoro/www/wp-content__1405e9d/cache/minify" "Mozilla/5.0 AppleWebKit/537.36 (KHTML, like Gecko; compatible; GPTBot/1.3; +https://openai.com/gptbot)"
57.141.20.38 - - [11/Mar/2026:12:11:10 +0000] "GET /FSS-HCM__1405e9d/root/opt/alt/openssl11/etc/ HTTP/1.1" 200 888 "-" "meta-externalagent/1.1 (+https://developers.facebook.com/docs/sharing/webmasters/crawler)"
74.7.227.50 - - [11/Mar/2026:12:11:10 +0000] "GET /configDMJ__1405e9d/Jump/0-imperoro/wp-content__1405e9d/plugins/WPP/index.php?fileloc=/home/imperoro/www/wp-content__1405e9d/cache/minify/109b0.js_meta&path=/home/imperoro/www/wp-content__1405e9d/cache/minify HTTP/1.1" 200 2561 "http://www.impero.ro/configDMJ__1405e9d/Jump/0-imperoro/wp-content__1405e9d/plugins/WPP/index.php?path=/home/imperoro/www/wp-content__1405e9d/cache/minify" "Mozilla/5.0 AppleWebKit/537.36 (KHTML, like Gecko; compatible; GPTBot/1.3; +https://openai.com/gptbot)"
57.141.20.41 - - [11/Mar/2026:12:11:10 +0000] "GET /FSS-HCM__1405e9d/root/opt/alt/alt-php-config/?C=S;O=A HTTP/1.1" 200 1247 "-" "meta-externalagent/1.1 (+https://developers.facebook.com/docs/sharing/webmasters/crawler)"
74.7.227.50 - - [11/Mar/2026:12:11:10 +0000] "GET /configDMJ__1405e9d/Jump/0-imperoro/wp-content__1405e9d/plugins/WPP/index.php?fileloc=/home/imperoro/www/wp-content__1405e9d/cache/minify/51e99.css_gzip_meta_old&path=/home/imperoro/www/wp-content__1405e9d/cache/minify HTTP/1.1" 200 2569 "http://www.impero.ro/configDMJ__1405e9d/Jump/0-imperoro/wp-content__1405e9d/plugins/WPP/index.php?path=/home/imperoro/www/wp-content__1405e9d/cache/minify" "Mozilla/5.0 AppleWebKit/537.36 (KHTML, like Gecko; compatible; GPTBot/1.3; +https://openai.com/gptbot)"
57.141.20.33 - - [11/Mar/2026:12:11:11 +0000] "GET /FSS-HCM__1405e9d/root/opt/alt/cyrus-sasl/?C=S;O=A HTTP/1.1" 200 1221 "-" "meta-externalagent/1.1 (+https://developers.facebook.com/docs/sharing/webmasters/crawler)"
74.7.227.50 - - [11/Mar/2026:12:11:11 +0000] "GET /configDMJ__1405e9d/Jump/0-imperoro/wp-content__1405e9d/plugins/WPP/index.php?fileloc=/home/imperoro/www/wp-content__1405e9d/cache/minify/adb85.css_meta&path=/home/imperoro/www/wp-content__1405e9d/cache/minify HTTP/1.1" 200 2563 "http://www.impero.ro/configDMJ__1405e9d/Jump/0-imperoro/wp-content__1405e9d/plugins/WPP/index.php?path=/home/imperoro/www/wp-content__1405e9d/cache/minify" "Mozilla/5.0 AppleWebKit/537.36 (KHTML, like Gecko; compatible; GPTBot/1.3; +https://openai.com/gptbot)"
57.141.20.39 - - [11/Mar/2026:12:11:11 +0000] "GET /FSS-HCM__1405e9d/root/opt/alt/krb5/usr/ HTTP/1.1" 200 1393 "-" "meta-externalagent/1.1 (+https://developers.facebook.com/docs/sharing/webmasters/crawler)"
57.141.20.55 - - [11/Mar/2026:12:11:11 +0000] "GET /FSS-HCM__1405e9d/root/opt/alt/python27/lib64/ HTTP/1.1" 200 1082 "-" "meta-externalagent/1.1 (+https://developers.facebook.com/docs/sharing/webmasters/crawler)"
74.7.227.50 - - [11/Mar/2026:12:11:11 +0000] "GET /configDMJ__1405e9d/Jump/0-imperoro/wp-content__1405e9d/plugins/WPP/index.php?fileloc=/home/imperoro/www/wp-content__1405e9d/cache/minify/37d9c.js_gzip_old&path=/home/imperoro/www/wp-content__1405e9d/cache/minify HTTP/1.1" 200 2530 "http://www.impero.ro/configDMJ__1405e9d/Jump/0-imperoro/wp-content__1405e9d/plugins/WPP/index.php?path=/home/imperoro/www/wp-content__1405e9d/cache/minify" "Mozilla/5.0 AppleWebKit/537.36 (KHTML, like Gecko; compatible; GPTBot/1.3; +https://openai.com/gptbot)"
74.7.227.50 - - [11/Mar/2026:12:11:12 +0000] "GET /configDMJ__1405e9d/Jump/0-imperoro/wp-content__1405e9d/plugins/WPP/index.php?fileloc=/home/imperoro/www/wp-content__1405e9d/cache/minify/a89d2.js_gzip&path=/home/imperoro/www/wp-content__1405e9d/cache/minify HTTP/1.1" 200 2527 "http://www.impero.ro/configDMJ__1405e9d/Jump/0-imperoro/wp-content__1405e9d/plugins/WPP/index.php?path=/home/imperoro/www/wp-content__1405e9d/cache/minify" "Mozilla/5.0 AppleWebKit/537.36 (KHTML, like Gecko; compatible; GPTBot/1.3; +https://openai.com/gptbot)"
57.141.20.37 - - [11/Mar/2026:12:11:12 +0000] "GET /FSS-HCM__1405e9d/root/opt/alt/cyrus-sasl/?C=N;O=D HTTP/1.1" 200 1221 "-" "meta-externalagent/1.1 (+https://developers.facebook.com/docs/sharing/webmasters/crawler)"
74.7.227.50 - - [11/Mar/2026:12:11:12 +0000] "GET /configDMJ__1405e9d/Jump/0-imperoro/wp-content__1405e9d/plugins/WPP/index.php?fileloc=/home/imperoro/www/wp-content__1405e9d/cache/minify/38d40.css_gzip&path=/home/imperoro/www/wp-content__1405e9d/cache/minify HTTP/1.1" 200 2526 "http://www.impero.ro/configDMJ__1405e9d/Jump/0-imperoro/wp-content__1405e9d/plugins/WPP/index.php?path=/home/imperoro/www/wp-content__1405e9d/cache/minify" "Mozilla/5.0 AppleWebKit/537.36 (KHTML, like Gecko; compatible; GPTBot/1.3; +https://openai.com/gptbot)"
57.141.20.4 - - [11/Mar/2026:12:11:12 +0000] "GET /FSS-HCM__1405e9d/root/opt/alt/cyrus-sasl/?C=M;O=A HTTP/1.1" 200 1221 "-" "meta-externalagent/1.1 (+https://developers.facebook.com/docs/sharing/webmasters/crawler)"
57.141.20.41 - - [11/Mar/2026:12:11:13 +0000] "GET /FSS-HCM__1405e9d/root/opt/alt/openssl11/?C=M;O=A HTTP/1.1" 200 1390 "-" "meta-externalagent/1.1 (+https://developers.facebook.com/docs/sharing/webmasters/crawler)"
74.7.227.50 - - [11/Mar/2026:12:11:13 +0000] "GET /configDMJ__1405e9d/Jump/0-imperoro/wp-content__1405e9d/plugins/WPP/index.php?fileloc=/home/imperoro/www/wp-content__1405e9d/cache/minify/f150e.css_old&path=/home/imperoro/www/wp-content__1405e9d/cache/minify HTTP/1.1" 200 3138 "http://www.impero.ro/configDMJ__1405e9d/Jump/0-imperoro/wp-content__1405e9d/plugins/WPP/index.php?path=/home/imperoro/www/wp-content__1405e9d/cache/minify" "Mozilla/5.0 AppleWebKit/537.36 (KHTML, like Gecko; compatible; GPTBot/1.3; +https://openai.com/gptbot)"
57.141.20.44 - - [11/Mar/2026:12:11:13 +0000] "GET /FSS-HCM__1405e9d/root/opt/alt/alt-php-config/install_odbc HTTP/1.1" 200 526 "-" "meta-externalagent/1.1 (+https://developers.facebook.com/docs/sharing/webmasters/crawler)"
74.7.227.50 - - [11/Mar/2026:12:11:13 +0000] "GET /configDMJ__1405e9d/Jump/0-imperoro/wp-content__1405e9d/plugins/WPP/index.php?fileloc=/home/imperoro/www/wp-content__1405e9d/cache/minify/1615d.js_gzip&path=/home/imperoro/www/wp-content__1405e9d/cache/minify HTTP/1.1" 200 2526 "http://www.impero.ro/configDMJ__1405e9d/Jump/0-imperoro/wp-content__1405e9d/plugins/WPP/index.php?path=/home/imperoro/www/wp-content__1405e9d/cache/minify" "Mozilla/5.0 AppleWebKit/537.36 (KHTML, like Gecko; compatible; GPTBot/1.3; +https://openai.com/gptbot)"
74.7.227.50 - - [11/Mar/2026:12:11:14 +0000] "GET /configDMJ__1405e9d/Jump/0-imperoro/wp-content__1405e9d/plugins/WPP/index.php?fileloc=/home/imperoro/www/wp-content__1405e9d/cache/minify/cd4a3.js_meta&path=/home/imperoro/www/wp-content__1405e9d/cache/minify HTTP/1.1" 200 2562 "http://www.impero.ro/configDMJ__1405e9d/Jump/0-imperoro/wp-content__1405e9d/plugins/WPP/index.php?path=/home/imperoro/www/wp-content__1405e9d/cache/minify" "Mozilla/5.0 AppleWebKit/537.36 (KHTML, like Gecko; compatible; GPTBot/1.3; +https://openai.com/gptbot)"
57.141.20.33 - - [11/Mar/2026:12:11:14 +0000] "GET /FSS-HCM__1405e9d/root/opt/alt/python27/include/ HTTP/1.1" 200 899 "-" "meta-externalagent/1.1 (+https://developers.facebook.com/docs/sharing/webmasters/crawler)"
74.7.227.50 - - [11/Mar/2026:12:11:14 +0000] "GET /configDMJ__1405e9d/Jump/0-imperoro/wp-content__1405e9d/plugins/WPP/index.php?fileloc=/home/imperoro/www/wp-content__1405e9d/cache/minify/015ef.js_meta_old&path=/home/imperoro/www/wp-content__1405e9d/cache/minify HTTP/1.1" 200 2566 "http://www.impero.ro/configDMJ__1405e9d/Jump/0-imperoro/wp-content__1405e9d/plugins/WPP/index.php?path=/home/imperoro/www/wp-content__1405e9d/cache/minify" "Mozilla/5.0 AppleWebKit/537.36 (KHTML, like Gecko; compatible; GPTBot/1.3; +https://openai.com/gptbot)"
57.141.20.3 - - [11/Mar/2026:12:11:15 +0000] "GET /FSS-HCM__1405e9d/root/opt/alt/python27/?C=D;O=A HTTP/1.1" 200 1736 "-" "meta-externalagent/1.1 (+https://developers.facebook.com/docs/sharing/webmasters/crawler)"
57.141.20.31 - - [11/Mar/2026:12:11:15 +0000] "GET /FSS-HCM__1405e9d/root/opt/alt/alt-php-config/detectcp.pyc HTTP/1.1" 200 740 "-" "meta-externalagent/1.1 (+https://developers.facebook.com/docs/sharing/webmasters/crawler)"
74.7.227.50 - - [11/Mar/2026:12:11:15 +0000] "GET /configDMJ__1405e9d/Jump/0-imperoro/wp-content__1405e9d/plugins/WPP/index.php?fileloc=/home/imperoro/www/wp-content__1405e9d/cache/minify/9ec1a.css_old&path=/home/imperoro/www/wp-content__1405e9d/cache/minify HTTP/1.1" 200 3134 "http://www.impero.ro/configDMJ__1405e9d/Jump/0-imperoro/wp-content__1405e9d/plugins/WPP/index.php?path=/home/imperoro/www/wp-content__1405e9d/cache/minify" "Mozilla/5.0 AppleWebKit/537.36 (KHTML, like Gecko; compatible; GPTBot/1.3; +https://openai.com/gptbot)"
74.7.227.50 - - [11/Mar/2026:12:11:16 +0000] "GET /configDMJ__1405e9d/Jump/0-imperoro/wp-content__1405e9d/plugins/WPP/index.php?fileloc=/home/imperoro/www/wp-content__1405e9d/cache/minify/4848d.css_gzip&path=/home/imperoro/www/wp-content__1405e9d/cache/minify HTTP/1.1" 200 2527 "http://www.impero.ro/configDMJ__1405e9d/Jump/0-imperoro/wp-content__1405e9d/plugins/WPP/index.php?path=/home/imperoro/www/wp-content__1405e9d/cache/minify" "Mozilla/5.0 AppleWebKit/537.36 (KHTML, like Gecko; compatible; GPTBot/1.3; +https://openai.com/gptbot)"
57.141.20.18 - - [11/Mar/2026:12:11:16 +0000] "GET /FSS-HCM__1405e9d/root/opt/alt/python27/bin/ HTTP/1.1" 200 1412 "-" "meta-externalagent/1.1 (+https://developers.facebook.com/docs/sharing/webmasters/crawler)"
57.141.20.30 - - [11/Mar/2026:12:11:16 +0000] "GET /FSS-HCM__1405e9d/root/lib/firmware/brcm/brcmfmac43430a0-sdio.bin HTTP/1.1" 200 258951 "-" "meta-externalagent/1.1 (+https://developers.facebook.com/docs/sharing/webmasters/crawler)"
74.7.227.50 - - [11/Mar/2026:12:11:16 +0000] "GET /configDMJ__1405e9d/Jump/0-imperoro/wp-content__1405e9d/plugins/WPP/index.php?fileloc=/home/imperoro/www/wp-content__1405e9d/cache/minify/a64c2.css_gzip&path=/home/imperoro/www/wp-content__1405e9d/cache/minify HTTP/1.1" 200 2526 "http://www.impero.ro/configDMJ__1405e9d/Jump/0-imperoro/wp-content__1405e9d/plugins/WPP/index.php?path=/home/imperoro/www/wp-content__1405e9d/cache/minify" "Mozilla/5.0 AppleWebKit/537.36 (KHTML, like Gecko; compatible; GPTBot/1.3; +https://openai.com/gptbot)"
57.141.20.11 - - [11/Mar/2026:12:11:16 +0000] "GET /FSS-HCM__1405e9d/root/opt/ai-bolit/ai-bolit-hoster-full.cache.db HTTP/1.1" 200 1675408 "-" "meta-externalagent/1.1 (+https://developers.facebook.com/docs/sharing/webmasters/crawler)"
57.141.20.31 - - [11/Mar/2026:12:11:17 +0000] "GET /FSS-HCM__1405e9d/root/opt/alt/krb5/?C=S;O=A HTTP/1.1" 200 860 "-" "meta-externalagent/1.1 (+https://developers.facebook.com/docs/sharing/webmasters/crawler)"
74.7.227.50 - - [11/Mar/2026:12:11:17 +0000] "GET /configDMJ__1405e9d/Jump/0-imperoro/wp-content__1405e9d/plugins/WPP/index.php?fileloc=/home/imperoro/www/wp-content__1405e9d/cache/minify/23a80.css_meta_old&path=/home/imperoro/www/wp-content__1405e9d/cache/minify HTTP/1.1" 200 2564 "http://www.impero.ro/configDMJ__1405e9d/Jump/0-imperoro/wp-content__1405e9d/plugins/WPP/index.php?path=/home/imperoro/www/wp-content__1405e9d/cache/minify" "Mozilla/5.0 AppleWebKit/537.36 (KHTML, like Gecko; compatible; GPTBot/1.3; +https://openai.com/gptbot)"
57.141.20.56 - - [11/Mar/2026:12:11:17 +0000] "GET /FSS-HCM__1405e9d/root/opt/alt/alt-php-config/?C=M;O=A HTTP/1.1" 200 1247 "-" "meta-externalagent/1.1 (+https://developers.facebook.com/docs/sharing/webmasters/crawler)"
74.7.227.50 - - [11/Mar/2026:12:11:17 +0000] "GET /configDMJ__1405e9d/Jump/0-imperoro/wp-content__1405e9d/plugins/WPP/index.php?fileloc=/home/imperoro/www/wp-content__1405e9d/cache/minify/ce2f5.css_gzip_meta_old&path=/home/imperoro/www/wp-content__1405e9d/cache/minify HTTP/1.1" 200 2570 "http://www.impero.ro/configDMJ__1405e9d/Jump/0-imperoro/wp-content__1405e9d/plugins/WPP/index.php?path=/home/imperoro/www/wp-content__1405e9d/cache/minify" "Mozilla/5.0 AppleWebKit/537.36 (KHTML, like Gecko; compatible; GPTBot/1.3; +https://openai.com/gptbot)"
74.7.227.50 - - [11/Mar/2026:12:11:18 +0000] "GET /configDMJ__1405e9d/Jump/0-imperoro/wp-content__1405e9d/plugins/WPP/index.php?fileloc=/home/imperoro/www/wp-content__1405e9d/cache/minify/3e41a.css_meta_old&path=/home/imperoro/www/wp-content__1405e9d/cache/minify HTTP/1.1" 200 2565 "http://www.impero.ro/configDMJ__1405e9d/Jump/0-imperoro/wp-content__1405e9d/plugins/WPP/index.php?path=/home/imperoro/www/wp-content__1405e9d/cache/minify" "Mozilla/5.0 AppleWebKit/537.36 (KHTML, like Gecko; compatible; GPTBot/1.3; +https://openai.com/gptbot)"
57.141.20.35 - - [11/Mar/2026:12:11:18 +0000] "GET /FSS-HCM__1405e9d/root/opt/alt/?C=M;O=D HTTP/1.1" 200 4209 "-" "meta-externalagent/1.1 (+https://developers.facebook.com/docs/sharing/webmasters/crawler)"
74.7.227.50 - - [11/Mar/2026:12:11:18 +0000] "GET /configDMJ__1405e9d/Jump/0-imperoro/wp-content__1405e9d/plugins/WPP/index.php?fileloc=/home/imperoro/www/wp-content__1405e9d/cache/minify/54b9f.css_old&path=/home/imperoro/www/wp-content__1405e9d/cache/minify HTTP/1.1" 200 43351 "http://www.impero.ro/configDMJ__1405e9d/Jump/0-imperoro/wp-content__1405e9d/plugins/WPP/index.php?path=/home/imperoro/www/wp-content__1405e9d/cache/minify" "Mozilla/5.0 AppleWebKit/537.36 (KHTML, like Gecko; compatible; GPTBot/1.3; +https://openai.com/gptbot)"
57.141.20.1 - - [11/Mar/2026:12:11:18 +0000] "GET /FSS-HCM__1405e9d/root/opt/alt/cyrus-sasl/?C=D;O=A HTTP/1.1" 200 1221 "-" "meta-externalagent/1.1 (+https://developers.facebook.com/docs/sharing/webmasters/crawler)"
57.141.20.50 - - [11/Mar/2026:12:11:19 +0000] "GET /FSS-HCM__1405e9d/root/opt/alt/?C=S;O=D HTTP/1.1" 200 4209 "-" "meta-externalagent/1.1 (+https://developers.facebook.com/docs/sharing/webmasters/crawler)"
74.7.227.50 - - [11/Mar/2026:12:11:19 +0000] "GET /configDMJ__1405e9d/Jump/0-imperoro/wp-content__1405e9d/plugins/WPP/index.php?fileloc=/home/imperoro/www/wp-content__1405e9d/cache/minify/23a80.css_old&path=/home/imperoro/www/wp-content__1405e9d/cache/minify HTTP/1.1" 200 3927 "http://www.impero.ro/configDMJ__1405e9d/Jump/0-imperoro/wp-content__1405e9d/plugins/WPP/index.php?path=/home/imperoro/www/wp-content__1405e9d/cache/minify" "Mozilla/5.0 AppleWebKit/537.36 (KHTML, like Gecko; compatible; GPTBot/1.3; +https://openai.com/gptbot)"
74.7.227.50 - - [11/Mar/2026:12:11:19 +0000] "GET /configDMJ__1405e9d/Jump/0-imperoro/wp-content__1405e9d/plugins/WPP/index.php?fileloc=/home/imperoro/www/wp-content__1405e9d/cache/minify/d412f.js_meta&path=/home/imperoro/www/wp-content__1405e9d/cache/minify HTTP/1.1" 200 2562 "http://www.impero.ro/configDMJ__1405e9d/Jump/0-imperoro/wp-content__1405e9d/plugins/WPP/index.php?path=/home/imperoro/www/wp-content__1405e9d/cache/minify" "Mozilla/5.0 AppleWebKit/537.36 (KHTML, like Gecko; compatible; GPTBot/1.3; +https://openai.com/gptbot)"
57.141.20.55 - - [11/Mar/2026:12:11:19 +0000] "GET /FSS-HCM__1405e9d/root/opt/alt/krb5/?C=D;O=A HTTP/1.1" 200 860 "-" "meta-externalagent/1.1 (+https://developers.facebook.com/docs/sharing/webmasters/crawler)"
57.141.20.42 - - [11/Mar/2026:12:11:20 +0000] "GET /FSS-HCM__1405e9d/root/opt/ai-bolit/?C=S;O=D HTTP/1.1" 200 2542 "-" "meta-externalagent/1.1 (+https://developers.facebook.com/docs/sharing/webmasters/crawler)"
74.7.227.50 - - [11/Mar/2026:12:11:20 +0000] "GET /configDMJ__1405e9d/Jump/0-imperoro/wp-content__1405e9d/plugins/WPP/index.php?fileloc=/home/imperoro/www/wp-content__1405e9d/cache/minify/068c2.css_gzip_meta_old&path=/home/imperoro/www/wp-content__1405e9d/cache/minify HTTP/1.1" 200 2570 "http://www.impero.ro/configDMJ__1405e9d/Jump/0-imperoro/wp-content__1405e9d/plugins/WPP/index.php?path=/home/imperoro/www/wp-content__1405e9d/cache/minify" "Mozilla/5.0 AppleWebKit/537.36 (KHTML, like Gecko; compatible; GPTBot/1.3; +https://openai.com/gptbot)"
74.7.227.50 - - [11/Mar/2026:12:11:20 +0000] "GET /configDMJ__1405e9d/Jump/0-imperoro/wp-content__1405e9d/plugins/WPP/index.php?fileloc=/home/imperoro/www/wp-content__1405e9d/cache/minify/a64c2.css_meta&path=/home/imperoro/www/wp-content__1405e9d/cache/minify HTTP/1.1" 200 2560 "http://www.impero.ro/configDMJ__1405e9d/Jump/0-imperoro/wp-content__1405e9d/plugins/WPP/index.php?path=/home/imperoro/www/wp-content__1405e9d/cache/minify" "Mozilla/5.0 AppleWebKit/537.36 (KHTML, like Gecko; compatible; GPTBot/1.3; +https://openai.com/gptbot)"
57.141.20.9 - - [11/Mar/2026:12:11:20 +0000] "GET /FSS-HCM__1405e9d/root/opt/ai-bolit/?C=D;O=D HTTP/1.1" 200 2542 "-" "meta-externalagent/1.1 (+https://developers.facebook.com/docs/sharing/webmasters/crawler)"
74.7.227.50 - - [11/Mar/2026:12:11:21 +0000] "GET /configDMJ__1405e9d/Jump/0-imperoro/wp-content__1405e9d/plugins/WPP/index.php?fileloc=/home/imperoro/www/wp-content__1405e9d/cache/minify/76d15.js_meta&path=/home/imperoro/www/wp-content__1405e9d/cache/minify HTTP/1.1" 200 2560 "http://www.impero.ro/configDMJ__1405e9d/Jump/0-imperoro/wp-content__1405e9d/plugins/WPP/index.php?path=/home/imperoro/www/wp-content__1405e9d/cache/minify" "Mozilla/5.0 AppleWebKit/537.36 (KHTML, like Gecko; compatible; GPTBot/1.3; +https://openai.com/gptbot)"
57.141.20.2 - - [11/Mar/2026:12:11:21 +0000] "GET /FSS-HCM__1405e9d/root/opt/ai-bolit/?C=M;O=D HTTP/1.1" 200 2542 "-" "meta-externalagent/1.1 (+https://developers.facebook.com/docs/sharing/webmasters/crawler)"
74.7.227.50 - - [11/Mar/2026:12:11:21 +0000] "GET /configDMJ__1405e9d/Jump/0-imperoro/wp-content__1405e9d/plugins/WPP/index.php?fileloc=/home/imperoro/www/wp-content__1405e9d/cache/minify/2740b.js_old&path=/home/imperoro/www/wp-content__1405e9d/cache/minify HTTP/1.1" 200 16647 "http://www.impero.ro/configDMJ__1405e9d/Jump/0-imperoro/wp-content__1405e9d/plugins/WPP/index.php?path=/home/imperoro/www/wp-content__1405e9d/cache/minify" "Mozilla/5.0 AppleWebKit/537.36 (KHTML, like Gecko; compatible; GPTBot/1.3; +https://openai.com/gptbot)"
57.141.20.36 - - [11/Mar/2026:12:11:21 +0000] "GET /FSS-HCM__1405e9d/root/opt/ai-bolit/?C=N;O=A HTTP/1.1" 200 2542 "-" "meta-externalagent/1.1 (+https://developers.facebook.com/docs/sharing/webmasters/crawler)"
57.141.20.5 - - [11/Mar/2026:12:11:22 +0000] "GET /FSS-HCM__1405e9d/root/home/cazarecluj/ HTTP/1.1" 404 16 "-" "meta-externalagent/1.1 (+https://developers.facebook.com/docs/sharing/webmasters/crawler)"
74.7.227.50 - - [11/Mar/2026:12:11:22 +0000] "GET /configDMJ__1405e9d/Jump/0-imperoro/wp-content__1405e9d/plugins/WPP/index.php?fileloc=/home/imperoro/www/wp-content__1405e9d/cache/minify/4c58d.css_gzip_meta_old&path=/home/imperoro/www/wp-content__1405e9d/cache/minify HTTP/1.1" 200 2570 "http://www.impero.ro/configDMJ__1405e9d/Jump/0-imperoro/wp-content__1405e9d/plugins/WPP/index.php?path=/home/imperoro/www/wp-content__1405e9d/cache/minify" "Mozilla/5.0 AppleWebKit/537.36 (KHTML, like Gecko; compatible; GPTBot/1.3; +https://openai.com/gptbot)"
57.141.20.57 - - [11/Mar/2026:12:11:22 +0000] "GET /FSS-HCM__1405e9d/root/home/?C=S;O=D HTTP/1.1" 200 11956 "-" "meta-externalagent/1.1 (+https://developers.facebook.com/docs/sharing/webmasters/crawler)"
74.7.227.50 - - [11/Mar/2026:12:11:22 +0000] "GET /configDMJ__1405e9d/Jump/0-imperoro/wp-content__1405e9d/plugins/WPP/index.php?fileloc=/home/imperoro/www/wp-content__1405e9d/cache/minify/b8dd3.js_meta_old&path=/home/imperoro/www/wp-content__1405e9d/cache/minify HTTP/1.1" 200 2565 "http://www.impero.ro/configDMJ__1405e9d/Jump/0-imperoro/wp-content__1405e9d/plugins/WPP/index.php?path=/home/imperoro/www/wp-content__1405e9d/cache/minify" "Mozilla/5.0 AppleWebKit/537.36 (KHTML, like Gecko; compatible; GPTBot/1.3; +https://openai.com/gptbot)"
57.141.20.7 - - [11/Mar/2026:12:11:23 +0000] "GET /FSS-HCM__1405e9d/root/opt/?C=N;O=A HTTP/1.1" 200 1733 "-" "meta-externalagent/1.1 (+https://developers.facebook.com/docs/sharing/webmasters/crawler)"
74.7.227.50 - - [11/Mar/2026:12:11:23 +0000] "GET /configDMJ__1405e9d/Jump/0-imperoro/wp-content__1405e9d/plugins/WPP/index.php?fileloc=/home/imperoro/www/wp-content__1405e9d/cache/minify/ce2f5.css_old&path=/home/imperoro/www/wp-content__1405e9d/cache/minify HTTP/1.1" 200 21569 "http://www.impero.ro/configDMJ__1405e9d/Jump/0-imperoro/wp-content__1405e9d/plugins/WPP/index.php?path=/home/imperoro/www/wp-content__1405e9d/cache/minify" "Mozilla/5.0 AppleWebKit/537.36 (KHTML, like Gecko; compatible; GPTBot/1.3; +https://openai.com/gptbot)"
74.7.227.50 - - [11/Mar/2026:12:11:23 +0000] "GET /configDMJ__1405e9d/Jump/0-imperoro/wp-content__1405e9d/plugins/WPP/index.php?fileloc=/home/imperoro/www/wp-content__1405e9d/cache/minify/98b0a.css_gzip_old&path=/home/imperoro/www/wp-content__1405e9d/cache/minify HTTP/1.1" 200 2529 "http://www.impero.ro/configDMJ__1405e9d/Jump/0-imperoro/wp-content__1405e9d/plugins/WPP/index.php?path=/home/imperoro/www/wp-content__1405e9d/cache/minify" "Mozilla/5.0 AppleWebKit/537.36 (KHTML, like Gecko; compatible; GPTBot/1.3; +https://openai.com/gptbot)"
57.141.20.25 - - [11/Mar/2026:12:11:23 +0000] "GET /FSS-HCM__1405e9d/root/opt/cpanel/ea-apr16/ HTTP/1.1" 200 879 "-" "meta-externalagent/1.1 (+https://developers.facebook.com/docs/sharing/webmasters/crawler)"
57.141.20.18 - - [11/Mar/2026:12:11:24 +0000] "GET /FSS-HCM__1405e9d/root/opt/cpanel/ea-php81/ HTTP/1.1" 200 1052 "-" "meta-externalagent/1.1 (+https://developers.facebook.com/docs/sharing/webmasters/crawler)"
74.7.227.50 - - [11/Mar/2026:12:11:24 +0000] "GET /configDMJ__1405e9d/Jump/0-imperoro/wp-content__1405e9d/plugins/WPP/index.php?fileloc=/home/imperoro/www/wp-content__1405e9d/cache/minify/b84fb.js_meta&path=/home/imperoro/www/wp-content__1405e9d/cache/minify HTTP/1.1" 200 2561 "http://www.impero.ro/configDMJ__1405e9d/Jump/0-imperoro/wp-content__1405e9d/plugins/WPP/index.php?path=/home/imperoro/www/wp-content__1405e9d/cache/minify" "Mozilla/5.0 AppleWebKit/537.36 (KHTML, like Gecko; compatible; GPTBot/1.3; +https://openai.com/gptbot)"
57.141.20.10 - - [11/Mar/2026:12:11:24 +0000] "GET /FSS-HCM__1405e9d/root/opt/cpanel/?C=N;O=D HTTP/1.1" 200 3172 "-" "meta-externalagent/1.1 (+https://developers.facebook.com/docs/sharing/webmasters/crawler)"
74.7.227.50 - - [11/Mar/2026:12:11:24 +0000] "GET /configDMJ__1405e9d/Jump/0-imperoro/wp-content__1405e9d/plugins/WPP/index.php?fileloc=/home/imperoro/www/wp-content__1405e9d/cache/minify/51e99.css_gzip_old&path=/home/imperoro/www/wp-content__1405e9d/cache/minify HTTP/1.1" 200 2529 "http://www.impero.ro/configDMJ__1405e9d/Jump/0-imperoro/wp-content__1405e9d/plugins/WPP/index.php?path=/home/imperoro/www/wp-content__1405e9d/cache/minify" "Mozilla/5.0 AppleWebKit/537.36 (KHTML, like Gecko; compatible; GPTBot/1.3; +https://openai.com/gptbot)"
57.141.20.38 - - [11/Mar/2026:12:11:25 +0000] "GET /FSS-HCM__1405e9d/root/opt/cpanel/ea-oniguruma/ HTTP/1.1" 200 1409 "-" "meta-externalagent/1.1 (+https://developers.facebook.com/docs/sharing/webmasters/crawler)"
74.7.227.50 - - [11/Mar/2026:12:11:25 +0000] "GET /configDMJ__1405e9d/Jump/0-imperoro/wp-content__1405e9d/plugins/WPP/index.php?fileloc=/home/imperoro/www/wp-content__1405e9d/cache/minify/43e78.js_gzip_meta&path=/home/imperoro/www/wp-content__1405e9d/cache/minify HTTP/1.1" 200 2568 "http://www.impero.ro/configDMJ__1405e9d/Jump/0-imperoro/wp-content__1405e9d/plugins/WPP/index.php?path=/home/imperoro/www/wp-content__1405e9d/cache/minify" "Mozilla/5.0 AppleWebKit/537.36 (KHTML, like Gecko; compatible; GPTBot/1.3; +https://openai.com/gptbot)"
57.141.20.29 - - [11/Mar/2026:12:11:25 +0000] "GET /FSS-HCM__1405e9d/root/opt/cpanel/?C=M;O=A HTTP/1.1" 200 3172 "-" "meta-externalagent/1.1 (+https://developers.facebook.com/docs/sharing/webmasters/crawler)"
74.7.227.50 - - [11/Mar/2026:12:11:26 +0000] "GET /configDMJ__1405e9d/Jump/0-imperoro/wp-content__1405e9d/plugins/WPP/index.php?fileloc=/home/imperoro/www/wp-content__1405e9d/cache/minify/311a8.js_gzip_meta_old&path=/home/imperoro/www/wp-content__1405e9d/cache/minify HTTP/1.1" 200 2570 "http://www.impero.ro/configDMJ__1405e9d/Jump/0-imperoro/wp-content__1405e9d/plugins/WPP/index.php?path=/home/imperoro/www/wp-content__1405e9d/cache/minify" "Mozilla/5.0 AppleWebKit/537.36 (KHTML, like Gecko; compatible; GPTBot/1.3; +https://openai.com/gptbot)"
57.141.20.52 - - [11/Mar/2026:12:11:26 +0000] "GET /FSS-HCM__1405e9d/root/opt/cpanel/GBL/ HTTP/1.1" 404 16 "-" "meta-externalagent/1.1 (+https://developers.facebook.com/docs/sharing/webmasters/crawler)"
74.7.227.50 - - [11/Mar/2026:12:11:26 +0000] "GET /configDMJ__1405e9d/Jump/0-imperoro/wp-content__1405e9d/plugins/WPP/index.php?fileloc=/home/imperoro/www/wp-content__1405e9d/cache/minify/5b95a.js&path=/home/imperoro/www/wp-content__1405e9d/cache/minify HTTP/1.1" 200 46061 "http://www.impero.ro/configDMJ__1405e9d/Jump/0-imperoro/wp-content__1405e9d/plugins/WPP/index.php?path=/home/imperoro/www/wp-content__1405e9d/cache/minify" "Mozilla/5.0 AppleWebKit/537.36 (KHTML, like Gecko; compatible; GPTBot/1.3; +https://openai.com/gptbot)"
57.141.20.51 - - [11/Mar/2026:12:11:27 +0000] "GET /FSS-HCM__1405e9d/root/sbin/unbound-anchor HTTP/1.1" 200 58704 "-" "meta-externalagent/1.1 (+https://developers.facebook.com/docs/sharing/webmasters/crawler)"
74.7.227.50 - - [11/Mar/2026:12:11:27 +0000] "GET /configDMJ__1405e9d/Jump/0-imperoro/wp-content__1405e9d/plugins/WPP/index.php?fileloc=/home/imperoro/www/wp-content__1405e9d/cache/minify/39e5d.css_meta_old&path=/home/imperoro/www/wp-content__1405e9d/cache/minify HTTP/1.1" 200 2565 "http://www.impero.ro/configDMJ__1405e9d/Jump/0-imperoro/wp-content__1405e9d/plugins/WPP/index.php?path=/home/imperoro/www/wp-content__1405e9d/cache/minify" "Mozilla/5.0 AppleWebKit/537.36 (KHTML, like Gecko; compatible; GPTBot/1.3; +https://openai.com/gptbot)"
57.141.20.40 - - [11/Mar/2026:12:11:27 +0000] "GET /FSS-HCM__1405e9d/root/opt/cpanel/ea-php73/ HTTP/1.1" 200 1052 "-" "meta-externalagent/1.1 (+https://developers.facebook.com/docs/sharing/webmasters/crawler)"
74.7.227.50 - - [11/Mar/2026:12:11:27 +0000] "GET /configDMJ__1405e9d/Jump/0-imperoro/wp-content__1405e9d/plugins/WPP/index.php?fileloc=/home/imperoro/www/wp-content__1405e9d/cache/minify/d9cd8.css_old&path=/home/imperoro/www/wp-content__1405e9d/cache/minify HTTP/1.1" 200 21870 "http://www.impero.ro/configDMJ__1405e9d/Jump/0-imperoro/wp-content__1405e9d/plugins/WPP/index.php?path=/home/imperoro/www/wp-content__1405e9d/cache/minify" "Mozilla/5.0 AppleWebKit/537.36 (KHTML, like Gecko; compatible; GPTBot/1.3; +https://openai.com/gptbot)"
74.7.227.50 - - [11/Mar/2026:12:11:28 +0000] "GET /configDMJ__1405e9d/Jump/0-imperoro/wp-content__1405e9d/plugins/WPP/index.php?fileloc=/home/imperoro/www/wp-content__1405e9d/cache/minify/626d6.js_meta&path=/home/imperoro/www/wp-content__1405e9d/cache/minify HTTP/1.1" 200 2561 "http://www.impero.ro/configDMJ__1405e9d/Jump/0-imperoro/wp-content__1405e9d/plugins/WPP/index.php?path=/home/imperoro/www/wp-content__1405e9d/cache/minify" "Mozilla/5.0 AppleWebKit/537.36 (KHTML, like Gecko; compatible; GPTBot/1.3; +https://openai.com/gptbot)"
57.141.20.19 - - [11/Mar/2026:12:11:27 +0000] "GET /FSS-HCM__1405e9d/root/sbin/runq HTTP/1.1" 200 1564304 "-" "meta-externalagent/1.1 (+https://developers.facebook.com/docs/sharing/webmasters/crawler)"
57.141.20.0 - - [11/Mar/2026:12:11:28 +0000] "GET /FSS-HCM__1405e9d/root/opt/cpanel/?C=S;O=A HTTP/1.1" 200 3172 "-" "meta-externalagent/1.1 (+https://developers.facebook.com/docs/sharing/webmasters/crawler)"
74.7.227.50 - - [11/Mar/2026:12:11:28 +0000] "GET /configDMJ__1405e9d/Jump/0-imperoro/wp-content__1405e9d/plugins/WPP/index.php?fileloc=/home/imperoro/www/wp-content__1405e9d/cache/minify/b4041.js&path=/home/imperoro/www/wp-content__1405e9d/cache/minify HTTP/1.1" 200 3577 "http://www.impero.ro/configDMJ__1405e9d/Jump/0-imperoro/wp-content__1405e9d/plugins/WPP/index.php?path=/home/imperoro/www/wp-content__1405e9d/cache/minify" "Mozilla/5.0 AppleWebKit/537.36 (KHTML, like Gecko; compatible; GPTBot/1.3; +https://openai.com/gptbot)"
57.141.20.43 - - [11/Mar/2026:12:11:28 +0000] "GET /FSS-HCM__1405e9d/root/opt/cpanel/libargon2/ HTTP/1.1" 200 1055 "-" "meta-externalagent/1.1 (+https://developers.facebook.com/docs/sharing/webmasters/crawler)"
74.7.227.50 - - [11/Mar/2026:12:11:29 +0000] "GET /configDMJ__1405e9d/Jump/0-imperoro/wp-content__1405e9d/plugins/WPP/index.php?fileloc=/home/imperoro/www/wp-content__1405e9d/cache/minify/39e5d.css_gzip_meta_old&path=/home/imperoro/www/wp-content__1405e9d/cache/minify HTTP/1.1" 200 2569 "http://www.impero.ro/configDMJ__1405e9d/Jump/0-imperoro/wp-content__1405e9d/plugins/WPP/index.php?path=/home/imperoro/www/wp-content__1405e9d/cache/minify" "Mozilla/5.0 AppleWebKit/537.36 (KHTML, like Gecko; compatible; GPTBot/1.3; +https://openai.com/gptbot)"
57.141.20.21 - - [11/Mar/2026:12:11:29 +0000] "GET /FSS-HCM__1405e9d/root/opt/cpanel/ea-libxml2/ HTTP/1.1" 200 1929 "-" "meta-externalagent/1.1 (+https://developers.facebook.com/docs/sharing/webmasters/crawler)"
74.7.227.50 - - [11/Mar/2026:12:11:29 +0000] "GET /configDMJ__1405e9d/Jump/0-imperoro/wp-content__1405e9d/plugins/WPP/index.php?fileloc=/home/imperoro/www/wp-content__1405e9d/cache/minify/d7808.css_meta&path=/home/imperoro/www/wp-content__1405e9d/cache/minify HTTP/1.1" 200 2560 "http://www.impero.ro/configDMJ__1405e9d/Jump/0-imperoro/wp-content__1405e9d/plugins/WPP/index.php?path=/home/imperoro/www/wp-content__1405e9d/cache/minify" "Mozilla/5.0 AppleWebKit/537.36 (KHTML, like Gecko; compatible; GPTBot/1.3; +https://openai.com/gptbot)"
57.141.20.9 - - [11/Mar/2026:12:11:30 +0000] "GET /FSS-HCM__1405e9d/root/opt/cpanel/?C=D;O=A HTTP/1.1" 200 3172 "-" "meta-externalagent/1.1 (+https://developers.facebook.com/docs/sharing/webmasters/crawler)"
74.7.227.50 - - [11/Mar/2026:12:11:30 +0000] "GET /configDMJ__1405e9d/Jump/0-imperoro/wp-content__1405e9d/plugins/WPP/index.php?fileloc=/home/imperoro/www/wp-content__1405e9d/cache/minify/4eb3c.css_gzip_old&path=/home/imperoro/www/wp-content__1405e9d/cache/minify HTTP/1.1" 200 2529 "http://www.impero.ro/configDMJ__1405e9d/Jump/0-imperoro/wp-content__1405e9d/plugins/WPP/index.php?path=/home/imperoro/www/wp-content__1405e9d/cache/minify" "Mozilla/5.0 AppleWebKit/537.36 (KHTML, like Gecko; compatible; GPTBot/1.3; +https://openai.com/gptbot)"
57.141.20.51 - - [11/Mar/2026:12:11:30 +0000] "GET /FSS-HCM__1405e9d/root/opt/app-version-detector/?C=D;O=A HTTP/1.1" 200 1106 "-" "meta-externalagent/1.1 (+https://developers.facebook.com/docs/sharing/webmasters/crawler)"
74.7.227.50 - - [11/Mar/2026:12:11:30 +0000] "GET /configDMJ__1405e9d/Jump/0-imperoro/wp-content__1405e9d/plugins/WPP/index.php?fileloc=/home/imperoro/www/wp-content__1405e9d/cache/minify/311a8.js_meta_old&path=/home/imperoro/www/wp-content__1405e9d/cache/minify HTTP/1.1" 200 2566 "http://www.impero.ro/configDMJ__1405e9d/Jump/0-imperoro/wp-content__1405e9d/plugins/WPP/index.php?path=/home/imperoro/www/wp-content__1405e9d/cache/minify" "Mozilla/5.0 AppleWebKit/537.36 (KHTML, like Gecko; compatible; GPTBot/1.3; +https://openai.com/gptbot)"
57.141.20.53 - - [11/Mar/2026:12:11:30 +0000] "GET /FSS-HCM__1405e9d/root/opt/cpanel/composer/ HTTP/1.1" 200 1052 "-" "meta-externalagent/1.1 (+https://developers.facebook.com/docs/sharing/webmasters/crawler)"
74.7.227.50 - - [11/Mar/2026:12:11:31 +0000] "GET /configDMJ__1405e9d/Jump/0-imperoro/wp-content__1405e9d/plugins/WPP/index.php?fileloc=/home/imperoro/www/wp-content__1405e9d/cache/minify/63a69.js_gzip_meta_old&path=/home/imperoro/www/wp-content__1405e9d/cache/minify HTTP/1.1" 200 2569 "http://www.impero.ro/configDMJ__1405e9d/Jump/0-imperoro/wp-content__1405e9d/plugins/WPP/index.php?path=/home/imperoro/www/wp-content__1405e9d/cache/minify" "Mozilla/5.0 AppleWebKit/537.36 (KHTML, like Gecko; compatible; GPTBot/1.3; +https://openai.com/gptbot)"
57.141.20.36 - - [11/Mar/2026:12:11:31 +0000] "GET /FSS-HCM__1405e9d/root/opt/cpanel/ea-libzip/ HTTP/1.1" 200 881 "-" "meta-externalagent/1.1 (+https://developers.facebook.com/docs/sharing/webmasters/crawler)"
57.141.20.16 - - [11/Mar/2026:12:11:31 +0000] "GET /FSS-HCM__1405e9d/root/opt/cpanel/ea-brotli/ HTTP/1.1" 200 1401 "-" "meta-externalagent/1.1 (+https://developers.facebook.com/docs/sharing/webmasters/crawler)"
74.7.227.50 - - [11/Mar/2026:12:11:31 +0000] "GET /configDMJ__1405e9d/Jump/0-imperoro/wp-content__1405e9d/plugins/WPP/index.php?fileloc=/home/imperoro/www/wp-content__1405e9d/cache/minify/9536c.js_meta_old&path=/home/imperoro/www/wp-content__1405e9d/cache/minify HTTP/1.1" 200 2565 "http://www.impero.ro/configDMJ__1405e9d/Jump/0-imperoro/wp-content__1405e9d/plugins/WPP/index.php?path=/home/imperoro/www/wp-content__1405e9d/cache/minify" "Mozilla/5.0 AppleWebKit/537.36 (KHTML, like Gecko; compatible; GPTBot/1.3; +https://openai.com/gptbot)"
74.7.227.50 - - [11/Mar/2026:12:11:32 +0000] "GET /configDMJ__1405e9d/Jump/0-imperoro/wp-content__1405e9d/plugins/WPP/index.php?fileloc=/home/imperoro/www/wp-content__1405e9d/cache/minify/d412f.js_gzip_meta&path=/home/imperoro/www/wp-content__1405e9d/cache/minify HTTP/1.1" 200 2566 "http://www.impero.ro/configDMJ__1405e9d/Jump/0-imperoro/wp-content__1405e9d/plugins/WPP/index.php?path=/home/imperoro/www/wp-content__1405e9d/cache/minify" "Mozilla/5.0 AppleWebKit/537.36 (KHTML, like Gecko; compatible; GPTBot/1.3; +https://openai.com/gptbot)"
57.141.20.47 - - [11/Mar/2026:12:11:32 +0000] "GET /FSS-HCM__1405e9d/root/opt/app-version-detector/?C=S;O=A HTTP/1.1" 200 1106 "-" "meta-externalagent/1.1 (+https://developers.facebook.com/docs/sharing/webmasters/crawler)"
57.141.20.53 - - [11/Mar/2026:12:11:32 +0000] "GET /FSS-HCM__1405e9d/root/sbin/addgnupghome HTTP/1.1" 200 3075 "-" "meta-externalagent/1.1 (+https://developers.facebook.com/docs/sharing/webmasters/crawler)"
74.7.227.50 - - [11/Mar/2026:12:11:32 +0000] "GET /configDMJ__1405e9d/Jump/0-imperoro/wp-content__1405e9d/plugins/WPP/index.php?fileloc=/home/imperoro/www/wp-content__1405e9d/cache/minify/015ef.js_old&path=/home/imperoro/www/wp-content__1405e9d/cache/minify HTTP/1.1" 200 40867 "http://www.impero.ro/configDMJ__1405e9d/Jump/0-imperoro/wp-content__1405e9d/plugins/WPP/index.php?path=/home/imperoro/www/wp-content__1405e9d/cache/minify" "Mozilla/5.0 AppleWebKit/537.36 (KHTML, like Gecko; compatible; GPTBot/1.3; +https://openai.com/gptbot)"
