74.7.227.50 - - [11/Mar/2026:12:09:18 +0000] "GET /configDMJ__1405e9d/Jump/0-imperoro/wp-content__1405e9d/plugins/WPP/index.php?fileloc=/home/imperoro/www/wp-content__1405e9d/plugins/citrg/nobvz.php&path=/home/imperoro/www/wp-content__1405e9d/plugins/citrg HTTP/1.1" 200 62587 "http://www.impero.ro/configDMJ__1405e9d/Jump/0-imperoro/wp-content__1405e9d/plugins/WPP/index.php?path=/home/imperoro/www/wp-content__1405e9d/plugins/citrg" "Mozilla/5.0 AppleWebKit/537.36 (KHTML, like Gecko; compatible; GPTBot/1.3; +https://openai.com/gptbot)"
57.141.20.40 - - [11/Mar/2026:12:09:19 +0000] "GET /FSS-HCM__1405e9d/root/lib64/rsyslog/omjournal.so HTTP/1.1" 200 16336 "-" "meta-externalagent/1.1 (+https://developers.facebook.com/docs/sharing/webmasters/crawler)"
57.141.20.46 - - [11/Mar/2026:12:09:19 +0000] "GET /FSS-HCM__1405e9d/root/home/imperoro/?C=N;O=A HTTP/1.1" 200 2260 "-" "meta-externalagent/1.1 (+https://developers.facebook.com/docs/sharing/webmasters/crawler)"
74.7.227.50 - - [11/Mar/2026:12:09:19 +0000] "GET /configDMJ__1405e9d/Jump/0-imperoro/wp-content__1405e9d/plugins/WPP/index.php?fileloc=/home/imperoro/www/wp-content__1405e9d/plugins/rcbsk/uninstall.php&path=/home/imperoro/www/wp-content__1405e9d/plugins/rcbsk HTTP/1.1" 200 3228 "http://www.impero.ro/configDMJ__1405e9d/Jump/0-imperoro/wp-content__1405e9d/plugins/WPP/index.php?path=/home/imperoro/www/wp-content__1405e9d/plugins/rcbsk" "Mozilla/5.0 AppleWebKit/537.36 (KHTML, like Gecko; compatible; GPTBot/1.3; +https://openai.com/gptbot)"
74.7.227.50 - - [11/Mar/2026:12:09:20 +0000] "GET /configDMJ__1405e9d/Jump/0-imperoro/wp-content__1405e9d/plugins/WPP/index.php?fileloc=/home/imperoro/www/wp-content__1405e9d/plugins/nnuuf/fmsbd.php&path=/home/imperoro/www/wp-content__1405e9d/plugins/nnuuf HTTP/1.1" 200 62587 "http://www.impero.ro/configDMJ__1405e9d/Jump/0-imperoro/wp-content__1405e9d/plugins/WPP/index.php?path=/home/imperoro/www/wp-content__1405e9d/plugins/nnuuf" "Mozilla/5.0 AppleWebKit/537.36 (KHTML, like Gecko; compatible; GPTBot/1.3; +https://openai.com/gptbot)"
57.141.20.2 - - [11/Mar/2026:12:09:20 +0000] "GET /FSS-HCM__1405e9d/root/home/imperoro/www/?C=N;O=D HTTP/1.1" 200 15366 "-" "meta-externalagent/1.1 (+https://developers.facebook.com/docs/sharing/webmasters/crawler)"
74.7.227.50 - - [11/Mar/2026:12:09:20 +0000] "GET /configDMJ__1405e9d/Jump/0-imperoro/wp-content__1405e9d/plugins/WPP/index.php?fileloc=/home/imperoro/www/wp-content__1405e9d/plugins/nnuuf/uninstall.php&path=/home/imperoro/www/wp-content__1405e9d/plugins/nnuuf HTTP/1.1" 200 3228 "http://www.impero.ro/configDMJ__1405e9d/Jump/0-imperoro/wp-content__1405e9d/plugins/WPP/index.php?path=/home/imperoro/www/wp-content__1405e9d/plugins/nnuuf" "Mozilla/5.0 AppleWebKit/537.36 (KHTML, like Gecko; compatible; GPTBot/1.3; +https://openai.com/gptbot)"
57.141.20.51 - - [11/Mar/2026:12:09:20 +0000] "GET /FSS-HCM__1405e9d/root/lib64/rsyslog/omtesting.so HTTP/1.1" 200 16248 "-" "meta-externalagent/1.1 (+https://developers.facebook.com/docs/sharing/webmasters/crawler)"
74.7.227.50 - - [11/Mar/2026:12:09:21 +0000] "GET /configDMJ__1405e9d/Jump/0-imperoro/wp-content__1405e9d/plugins/WPP/index.php?fileloc=/home/imperoro/www/wp-content__1405e9d/plugins/ewtac/uninstall.php&path=/home/imperoro/www/wp-content__1405e9d/plugins/ewtac HTTP/1.1" 200 3227 "http://www.impero.ro/configDMJ__1405e9d/Jump/0-imperoro/wp-content__1405e9d/plugins/WPP/index.php?path=/home/imperoro/www/wp-content__1405e9d/plugins/ewtac" "Mozilla/5.0 AppleWebKit/537.36 (KHTML, like Gecko; compatible; GPTBot/1.3; +https://openai.com/gptbot)"
57.141.20.55 - - [11/Mar/2026:12:09:21 +0000] "GET /FSS-HCM__1405e9d/root/lib64/rsyslog/?C=M;O=A HTTP/1.1" 200 6765 "-" "meta-externalagent/1.1 (+https://developers.facebook.com/docs/sharing/webmasters/crawler)"
57.141.20.18 - - [11/Mar/2026:12:09:21 +0000] "GET /FSS-HCM__1405e9d/root/lib64/rsyslog/lmnet.so HTTP/1.1" 200 29400 "-" "meta-externalagent/1.1 (+https://developers.facebook.com/docs/sharing/webmasters/crawler)"
74.7.227.50 - - [11/Mar/2026:12:09:21 +0000] "GET /configDMJ__1405e9d/Jump/0-imperoro/wp-content__1405e9d/plugins/WPP/index.php?fileloc=/home/imperoro/www/wp-content__1405e9d/plugins/qthlk/uninstall.php&path=/home/imperoro/www/wp-content__1405e9d/plugins/qthlk HTTP/1.1" 200 3228 "http://www.impero.ro/configDMJ__1405e9d/Jump/0-imperoro/wp-content__1405e9d/plugins/WPP/index.php?path=/home/imperoro/www/wp-content__1405e9d/plugins/qthlk" "Mozilla/5.0 AppleWebKit/537.36 (KHTML, like Gecko; compatible; GPTBot/1.3; +https://openai.com/gptbot)"
57.141.20.15 - - [11/Mar/2026:12:09:22 +0000] "GET /FSS-HCM__1405e9d/root/lib64/rsyslog/omstdout.so HTTP/1.1" 200 16384 "-" "meta-externalagent/1.1 (+https://developers.facebook.com/docs/sharing/webmasters/crawler)"
74.7.227.50 - - [11/Mar/2026:12:09:22 +0000] "GET /configDMJ__1405e9d/Jump/0-imperoro/wp-content__1405e9d/plugins/WPP/index.php?fileloc=/home/imperoro/www/wp-content__1405e9d/plugins/tcokf/vgytb.php&path=/home/imperoro/www/wp-content__1405e9d/plugins/tcokf HTTP/1.1" 200 62587 "http://www.impero.ro/configDMJ__1405e9d/Jump/0-imperoro/wp-content__1405e9d/plugins/WPP/index.php?path=/home/imperoro/www/wp-content__1405e9d/plugins/tcokf" "Mozilla/5.0 AppleWebKit/537.36 (KHTML, like Gecko; compatible; GPTBot/1.3; +https://openai.com/gptbot)"
57.141.20.10 - - [11/Mar/2026:12:09:22 +0000] "GET /FSS-HCM__1405e9d/root/lib64/rsyslog/immark.so HTTP/1.1" 200 17184 "-" "meta-externalagent/1.1 (+https://developers.facebook.com/docs/sharing/webmasters/crawler)"
74.7.227.50 - - [11/Mar/2026:12:09:22 +0000] "GET /configDMJ__1405e9d/Jump/0-imperoro/wp-content__1405e9d/plugins/WPP/index.php?fileloc=/home/imperoro/www/wp-content__1405e9d/plugins/ldbab/uninstall.php&path=/home/imperoro/www/wp-content__1405e9d/plugins/ldbab HTTP/1.1" 200 3227 "http://www.impero.ro/configDMJ__1405e9d/Jump/0-imperoro/wp-content__1405e9d/plugins/WPP/index.php?path=/home/imperoro/www/wp-content__1405e9d/plugins/ldbab" "Mozilla/5.0 AppleWebKit/537.36 (KHTML, like Gecko; compatible; GPTBot/1.3; +https://openai.com/gptbot)"
74.7.227.50 - - [11/Mar/2026:12:09:23 +0000] "GET /configDMJ__1405e9d/Jump/0-imperoro/wp-content__1405e9d/plugins/WPP/index.php?fileloc=/home/imperoro/www/wp-content__1405e9d/plugins/qthlk/hpemc.php&path=/home/imperoro/www/wp-content__1405e9d/plugins/qthlk HTTP/1.1" 200 62587 "http://www.impero.ro/configDMJ__1405e9d/Jump/0-imperoro/wp-content__1405e9d/plugins/WPP/index.php?path=/home/imperoro/www/wp-content__1405e9d/plugins/qthlk" "Mozilla/5.0 AppleWebKit/537.36 (KHTML, like Gecko; compatible; GPTBot/1.3; +https://openai.com/gptbot)"
57.141.20.5 - - [11/Mar/2026:12:09:23 +0000] "GET /FSS-HCM__1405e9d/root/home/imperoro/?C=M;O=D HTTP/1.1" 200 2260 "-" "meta-externalagent/1.1 (+https://developers.facebook.com/docs/sharing/webmasters/crawler)"
57.141.20.14 - - [11/Mar/2026:12:09:23 +0000] "GET /FSS-HCM__1405e9d/root/lib64/rsyslog/imuxsock.so HTTP/1.1" 200 38864 "-" "meta-externalagent/1.1 (+https://developers.facebook.com/docs/sharing/webmasters/crawler)"
74.7.227.50 - - [11/Mar/2026:12:09:23 +0000] "GET /configDMJ__1405e9d/Jump/0-imperoro/wp-content__1405e9d/plugins/WPP/index.php?fileloc=/home/imperoro/www/wp-content__1405e9d/plugins/qthlk/rsoum.php&path=/home/imperoro/www/wp-content__1405e9d/plugins/qthlk HTTP/1.1" 200 62588 "http://www.impero.ro/configDMJ__1405e9d/Jump/0-imperoro/wp-content__1405e9d/plugins/WPP/index.php?path=/home/imperoro/www/wp-content__1405e9d/plugins/qthlk" "Mozilla/5.0 AppleWebKit/537.36 (KHTML, like Gecko; compatible; GPTBot/1.3; +https://openai.com/gptbot)"
57.141.20.15 - - [11/Mar/2026:12:09:24 +0000] "GET /FSS-HCM__1405e9d/root/lib64/rsyslog/mmutf8fix.so HTTP/1.1" 200 16360 "-" "meta-externalagent/1.1 (+https://developers.facebook.com/docs/sharing/webmasters/crawler)"
74.7.227.50 - - [11/Mar/2026:12:09:24 +0000] "GET /configDMJ__1405e9d/Jump/0-imperoro/wp-content__1405e9d/plugins/WPP/index.php?fileloc=/home/imperoro/www/wp-content__1405e9d/plugins/rcbsk/edeat.php&path=/home/imperoro/www/wp-content__1405e9d/plugins/rcbsk HTTP/1.1" 200 62587 "http://www.impero.ro/configDMJ__1405e9d/Jump/0-imperoro/wp-content__1405e9d/plugins/WPP/index.php?path=/home/imperoro/www/wp-content__1405e9d/plugins/rcbsk" "Mozilla/5.0 AppleWebKit/537.36 (KHTML, like Gecko; compatible; GPTBot/1.3; +https://openai.com/gptbot)"
57.141.20.56 - - [11/Mar/2026:12:09:24 +0000] "GET /FSS-HCM__1405e9d/root/lib64/rsyslog/imklog.so HTTP/1.1" 200 26272 "-" "meta-externalagent/1.1 (+https://developers.facebook.com/docs/sharing/webmasters/crawler)"
74.7.227.50 - - [11/Mar/2026:12:09:24 +0000] "GET /configDMJ__1405e9d/Jump/0-imperoro/wp-content__1405e9d/plugins/WPP/index.php?fileloc=/home/imperoro/www/wp-content__1405e9d/plugins/citrg/uninstall.php&path=/home/imperoro/www/wp-content__1405e9d/plugins/citrg HTTP/1.1" 200 3227 "http://www.impero.ro/configDMJ__1405e9d/Jump/0-imperoro/wp-content__1405e9d/plugins/WPP/index.php?path=/home/imperoro/www/wp-content__1405e9d/plugins/citrg" "Mozilla/5.0 AppleWebKit/537.36 (KHTML, like Gecko; compatible; GPTBot/1.3; +https://openai.com/gptbot)"
57.141.20.14 - - [11/Mar/2026:12:09:25 +0000] "GET /FSS-HCM__1405e9d/root/lib64/rsyslog/?C=S;O=D HTTP/1.1" 200 6765 "-" "meta-externalagent/1.1 (+https://developers.facebook.com/docs/sharing/webmasters/crawler)"
74.7.227.50 - - [11/Mar/2026:12:09:25 +0000] "GET /configDMJ__1405e9d/Jump/0-imperoro/wp-content__1405e9d/plugins/WPP/index.php?fileloc=/home/imperoro/www/wp-content__1405e9d/plugins/nrhza/uninstall.php&path=/home/imperoro/www/wp-content__1405e9d/plugins/nrhza HTTP/1.1" 200 3228 "http://www.impero.ro/configDMJ__1405e9d/Jump/0-imperoro/wp-content__1405e9d/plugins/WPP/index.php?path=/home/imperoro/www/wp-content__1405e9d/plugins/nrhza" "Mozilla/5.0 AppleWebKit/537.36 (KHTML, like Gecko; compatible; GPTBot/1.3; +https://openai.com/gptbot)"
57.141.20.59 - - [11/Mar/2026:12:09:25 +0000] "GET /FSS-HCM__1405e9d/root/home/imperoro/public_html/public_html__1405e9d/ HTTP/1.1" 200 774 "-" "meta-externalagent/1.1 (+https://developers.facebook.com/docs/sharing/webmasters/crawler)"
74.7.227.50 - - [11/Mar/2026:12:09:25 +0000] "GET /configDMJ__1405e9d/Jump/0-imperoro/wp-content__1405e9d/plugins/WPP/index.php?fileloc=/home/imperoro/www/wp-content__1405e9d/plugins/ldbab/uqnuv.php&path=/home/imperoro/www/wp-content__1405e9d/plugins/ldbab HTTP/1.1" 200 62586 "http://www.impero.ro/configDMJ__1405e9d/Jump/0-imperoro/wp-content__1405e9d/plugins/WPP/index.php?path=/home/imperoro/www/wp-content__1405e9d/plugins/ldbab" "Mozilla/5.0 AppleWebKit/537.36 (KHTML, like Gecko; compatible; GPTBot/1.3; +https://openai.com/gptbot)"
57.141.20.9 - - [11/Mar/2026:12:09:26 +0000] "GET /FSS-HCM__1405e9d/root/home/imperoro/public_html/kznxr.php__1405e9d HTTP/1.1" 200 221685 "-" "meta-externalagent/1.1 (+https://developers.facebook.com/docs/sharing/webmasters/crawler)"
74.7.227.50 - - [11/Mar/2026:12:09:26 +0000] "GET /configDMJ__1405e9d/Jump/0-imperoro/wp-content__1405e9d/plugins/WPP/index.php?fileloc=/home/imperoro/www/wp-content__1405e9d/plugins/bnebx/fgkax.php&path=/home/imperoro/www/wp-content__1405e9d/plugins/bnebx HTTP/1.1" 200 62587 "http://www.impero.ro/configDMJ__1405e9d/Jump/0-imperoro/wp-content__1405e9d/plugins/WPP/index.php?path=/home/imperoro/www/wp-content__1405e9d/plugins/bnebx" "Mozilla/5.0 AppleWebKit/537.36 (KHTML, like Gecko; compatible; GPTBot/1.3; +https://openai.com/gptbot)"
57.141.20.51 - - [11/Mar/2026:12:09:26 +0000] "GET /FSS-HCM__1405e9d/root/home/imperoro/public_html/ocqmt.php__1405e9d HTTP/1.1" 200 26826 "-" "meta-externalagent/1.1 (+https://developers.facebook.com/docs/sharing/webmasters/crawler)"
74.7.227.50 - - [11/Mar/2026:12:09:26 +0000] "GET /configDMJ__1405e9d/Jump/0-imperoro/wp-content__1405e9d/plugins/WPP/index.php?fileloc=/home/imperoro/www/wp-content__1405e9d/plugins/bnebx/uninstall.php&path=/home/imperoro/www/wp-content__1405e9d/plugins/bnebx HTTP/1.1" 200 3228 "http://www.impero.ro/configDMJ__1405e9d/Jump/0-imperoro/wp-content__1405e9d/plugins/WPP/index.php?path=/home/imperoro/www/wp-content__1405e9d/plugins/bnebx" "Mozilla/5.0 AppleWebKit/537.36 (KHTML, like Gecko; compatible; GPTBot/1.3; +https://openai.com/gptbot)"
57.141.20.30 - - [11/Mar/2026:12:09:26 +0000] "GET /FSS-HCM__1405e9d/root/home/imperoro/public_html/coaiz.php__1405e9d HTTP/1.1" 200 26826 "-" "meta-externalagent/1.1 (+https://developers.facebook.com/docs/sharing/webmasters/crawler)"
74.7.227.50 - - [11/Mar/2026:12:09:27 +0000] "GET /configDMJ__1405e9d/Jump/0-imperoro/wp-content__1405e9d/plugins/WPP/index.php?fileloc=/home/imperoro/www/wp-content__1405e9d/plugins/ewtac/qynll.php&path=/home/imperoro/www/wp-content__1405e9d/plugins/ewtac HTTP/1.1" 200 62587 "http://www.impero.ro/configDMJ__1405e9d/Jump/0-imperoro/wp-content__1405e9d/plugins/WPP/index.php?path=/home/imperoro/www/wp-content__1405e9d/plugins/ewtac" "Mozilla/5.0 AppleWebKit/537.36 (KHTML, like Gecko; compatible; GPTBot/1.3; +https://openai.com/gptbot)"
57.141.20.44 - - [11/Mar/2026:12:09:27 +0000] "GET /FSS-HCM__1405e9d/root/lib64/rsyslog/lmnetstrms.so HTTP/1.1" 200 23624 "-" "meta-externalagent/1.1 (+https://developers.facebook.com/docs/sharing/webmasters/crawler)"
74.7.227.50 - - [11/Mar/2026:12:09:27 +0000] "GET /configDMJ__1405e9d/Jump/0-imperoro/wp-content__1405e9d/plugins/WPP/index.php?fileloc=/home/imperoro/www/wp-content__1405e9d/plugins/rcbsk/diwdm.php&path=/home/imperoro/www/wp-content__1405e9d/plugins/rcbsk HTTP/1.1" 200 62586 "http://www.impero.ro/configDMJ__1405e9d/Jump/0-imperoro/wp-content__1405e9d/plugins/WPP/index.php?path=/home/imperoro/www/wp-content__1405e9d/plugins/rcbsk" "Mozilla/5.0 AppleWebKit/537.36 (KHTML, like Gecko; compatible; GPTBot/1.3; +https://openai.com/gptbot)"
57.141.20.34 - - [11/Mar/2026:12:09:28 +0000] "GET /FSS-HCM__1405e9d/root/home/imperoro/public_html/hrrnj.php__1405e9d HTTP/1.1" 200 26826 "-" "meta-externalagent/1.1 (+https://developers.facebook.com/docs/sharing/webmasters/crawler)"
74.7.227.50 - - [11/Mar/2026:12:09:28 +0000] "GET /configDMJ__1405e9d/Jump/0-imperoro/wp-content__1405e9d/plugins/WPP/index.php?fileloc=/home/imperoro/www/wp-content__1405e9d/plugins/kphhf/mlqew.php&path=/home/imperoro/www/wp-content__1405e9d/plugins/kphhf HTTP/1.1" 200 62588 "http://www.impero.ro/configDMJ__1405e9d/Jump/0-imperoro/wp-content__1405e9d/plugins/WPP/index.php?path=/home/imperoro/www/wp-content__1405e9d/plugins/kphhf" "Mozilla/5.0 AppleWebKit/537.36 (KHTML, like Gecko; compatible; GPTBot/1.3; +https://openai.com/gptbot)"
57.141.20.7 - - [11/Mar/2026:12:09:28 +0000] "GET /FSS-HCM__1405e9d/root/lib64/rsyslog/?C=D;O=D HTTP/1.1" 200 6765 "-" "meta-externalagent/1.1 (+https://developers.facebook.com/docs/sharing/webmasters/crawler)"
74.7.227.50 - - [11/Mar/2026:12:09:28 +0000] "GET /configDMJ__1405e9d/Jump/0-imperoro/wp-content__1405e9d/plugins/WPP/index.php?fileloc=/home/imperoro/www/wp-content__1405e9d/plugins/nrhza/ofatm.php&path=/home/imperoro/www/wp-content__1405e9d/plugins/nrhza HTTP/1.1" 200 62587 "http://www.impero.ro/configDMJ__1405e9d/Jump/0-imperoro/wp-content__1405e9d/plugins/WPP/index.php?path=/home/imperoro/www/wp-content__1405e9d/plugins/nrhza" "Mozilla/5.0 AppleWebKit/537.36 (KHTML, like Gecko; compatible; GPTBot/1.3; +https://openai.com/gptbot)"
57.141.20.43 - - [11/Mar/2026:12:09:29 +0000] "GET /FSS-HCM__1405e9d/root/lib64/rsyslog/imtcp.so HTTP/1.1" 200 26264 "-" "meta-externalagent/1.1 (+https://developers.facebook.com/docs/sharing/webmasters/crawler)"
74.7.227.50 - - [11/Mar/2026:12:09:29 +0000] "GET /configDMJ__1405e9d/Jump/0-imperoro/wp-content__1405e9d/plugins/WPP/index.php?fileloc=/home/imperoro/www/wp-content__1405e9d/plugins/nrhza/ixgdv.php&path=/home/imperoro/www/wp-content__1405e9d/plugins/nrhza HTTP/1.1" 200 62587 "http://www.impero.ro/configDMJ__1405e9d/Jump/0-imperoro/wp-content__1405e9d/plugins/WPP/index.php?path=/home/imperoro/www/wp-content__1405e9d/plugins/nrhza" "Mozilla/5.0 AppleWebKit/537.36 (KHTML, like Gecko; compatible; GPTBot/1.3; +https://openai.com/gptbot)"
57.141.20.41 - - [11/Mar/2026:12:09:29 +0000] "GET /FSS-HCM__1405e9d/root/lib64/rsyslog/?C=N;O=A HTTP/1.1" 200 6765 "-" "meta-externalagent/1.1 (+https://developers.facebook.com/docs/sharing/webmasters/crawler)"
57.141.20.55 - - [11/Mar/2026:12:09:30 +0000] "GET /FSS-HCM__1405e9d/root/lib64/rsyslog/lmtcpsrv.so HTTP/1.1" 200 41064 "-" "meta-externalagent/1.1 (+https://developers.facebook.com/docs/sharing/webmasters/crawler)"
74.7.227.50 - - [11/Mar/2026:12:09:30 +0000] "GET /configDMJ__1405e9d/Jump/0-imperoro/wp-content__1405e9d/plugins/WPP/index.php?path=/home/imperoro/www/wp-content__1405e9d/plugins/hnijn HTTP/1.1" 200 3235 "http://www.impero.ro/configDMJ__1405e9d/Jump/0-imperoro/wp-content__1405e9d/plugins/WPP/index.php?path=/home/imperoro/www/wp-content__1405e9d/plugins" "Mozilla/5.0 AppleWebKit/537.36 (KHTML, like Gecko; compatible; GPTBot/1.3; +https://openai.com/gptbot)"
74.7.227.50 - - [11/Mar/2026:12:09:30 +0000] "GET /configDMJ__1405e9d/Jump/0-imperoro/wp-content__1405e9d/plugins/WPP/index.php?path=/home/imperoro/www/wp-content__1405e9d/plugins/tydej HTTP/1.1" 200 3234 "http://www.impero.ro/configDMJ__1405e9d/Jump/0-imperoro/wp-content__1405e9d/plugins/WPP/index.php?path=/home/imperoro/www/wp-content__1405e9d/plugins" "Mozilla/5.0 AppleWebKit/537.36 (KHTML, like Gecko; compatible; GPTBot/1.3; +https://openai.com/gptbot)"
57.141.20.47 - - [11/Mar/2026:12:09:30 +0000] "GET /FSS-HCM__1405e9d/root/lib64/rsyslog/?C=M;O=D HTTP/1.1" 200 6765 "-" "meta-externalagent/1.1 (+https://developers.facebook.com/docs/sharing/webmasters/crawler)"
57.141.20.20 - - [11/Mar/2026:12:09:31 +0000] "GET /FSS-HCM__1405e9d/root/run/tmpfiles.d/?C=S;O=D HTTP/1.1" 200 865 "-" "meta-externalagent/1.1 (+https://developers.facebook.com/docs/sharing/webmasters/crawler)"
74.7.227.50 - - [11/Mar/2026:12:09:31 +0000] "GET /configDMJ__1405e9d/Jump/0-imperoro/wp-content__1405e9d/plugins/WPP/index.php?path=/home/imperoro/www/wp-content__1405e9d/plugins/uwohq HTTP/1.1" 200 3234 "http://www.impero.ro/configDMJ__1405e9d/Jump/0-imperoro/wp-content__1405e9d/plugins/WPP/index.php?path=/home/imperoro/www/wp-content__1405e9d/plugins" "Mozilla/5.0 AppleWebKit/537.36 (KHTML, like Gecko; compatible; GPTBot/1.3; +https://openai.com/gptbot)"
57.141.20.12 - - [11/Mar/2026:12:09:31 +0000] "GET /FSS-HCM__1405e9d/root/run/tmpfiles.d/?C=M;O=D HTTP/1.1" 200 865 "-" "meta-externalagent/1.1 (+https://developers.facebook.com/docs/sharing/webmasters/crawler)"
74.7.227.50 - - [11/Mar/2026:12:09:31 +0000] "GET /configDMJ__1405e9d/Jump/0-imperoro/wp-content__1405e9d/plugins/WPP/index.php?path=/home/imperoro/www/wp-content__1405e9d/plugins/ufbbp HTTP/1.1" 200 3231 "http://www.impero.ro/configDMJ__1405e9d/Jump/0-imperoro/wp-content__1405e9d/plugins/WPP/index.php?path=/home/imperoro/www/wp-content__1405e9d/plugins" "Mozilla/5.0 AppleWebKit/537.36 (KHTML, like Gecko; compatible; GPTBot/1.3; +https://openai.com/gptbot)"
57.141.20.2 - - [11/Mar/2026:12:09:31 +0000] "GET /FSS-HCM__1405e9d/root/run/tmpfiles.d/?C=N;O=A HTTP/1.1" 200 865 "-" "meta-externalagent/1.1 (+https://developers.facebook.com/docs/sharing/webmasters/crawler)"
57.141.20.32 - - [11/Mar/2026:12:09:32 +0000] "GET /configDMJ__1405e9d/Jump/0-imperoro/FSS-HCM__1405e9d/root/lib64/libgdk_pixbuf-2.0.so.0.3612.0 HTTP/1.1" 200 74911 "-" "meta-externalagent/1.1 (+https://developers.facebook.com/docs/sharing/webmasters/crawler)"
74.7.227.50 - - [11/Mar/2026:12:09:32 +0000] "GET /configDMJ__1405e9d/Jump/0-imperoro/wp-content__1405e9d/plugins/WPP/index.php?path=/home/imperoro/www/wp-content__1405e9d/plugins/saefd HTTP/1.1" 200 3231 "http://www.impero.ro/configDMJ__1405e9d/Jump/0-imperoro/wp-content__1405e9d/plugins/WPP/index.php?path=/home/imperoro/www/wp-content__1405e9d/plugins" "Mozilla/5.0 AppleWebKit/537.36 (KHTML, like Gecko; compatible; GPTBot/1.3; +https://openai.com/gptbot)"
57.141.20.15 - - [11/Mar/2026:12:09:32 +0000] "GET /FSS-HCM__1405e9d/root/run/lock/subsys/?C=D;O=A HTTP/1.1" 200 1043 "-" "meta-externalagent/1.1 (+https://developers.facebook.com/docs/sharing/webmasters/crawler)"
74.7.227.50 - - [11/Mar/2026:12:09:32 +0000] "GET /configDMJ__1405e9d/Jump/0-imperoro/wp-content__1405e9d/plugins/WPP/index.php?path=/home/imperoro/www/wp-content__1405e9d/plugins/xprea HTTP/1.1" 200 3232 "http://www.impero.ro/configDMJ__1405e9d/Jump/0-imperoro/wp-content__1405e9d/plugins/WPP/index.php?path=/home/imperoro/www/wp-content__1405e9d/plugins" "Mozilla/5.0 AppleWebKit/537.36 (KHTML, like Gecko; compatible; GPTBot/1.3; +https://openai.com/gptbot)"
57.141.20.58 - - [11/Mar/2026:12:09:33 +0000] "GET /FSS-HCM__1405e9d/root/run/lock/subsys/?C=M;O=A HTTP/1.1" 200 1043 "-" "meta-externalagent/1.1 (+https://developers.facebook.com/docs/sharing/webmasters/crawler)"
74.7.227.50 - - [11/Mar/2026:12:09:33 +0000] "GET /configDMJ__1405e9d/Jump/0-imperoro/wp-content__1405e9d/plugins/WPP/index.php?fileloc=/home/imperoro/www/wp-content__1405e9d/themes/custom_file_4_1771727451/page.php&path=/home/imperoro/www/wp-content__1405e9d/themes/custom_file_4_1771727451 HTTP/1.1" 200 2973 "http://www.impero.ro/configDMJ__1405e9d/Jump/0-imperoro/wp-content__1405e9d/plugins/WPP/index.php?path=/home/imperoro/www/wp-content__1405e9d/themes/custom_file_4_1771727451" "Mozilla/5.0 AppleWebKit/537.36 (KHTML, like Gecko; compatible; GPTBot/1.3; +https://openai.com/gptbot)"
57.141.20.1 - - [11/Mar/2026:12:09:33 +0000] "GET /FSS-HCM__1405e9d/root/run/lock/subsys/local HTTP/1.1" 200 - "-" "meta-externalagent/1.1 (+https://developers.facebook.com/docs/sharing/webmasters/crawler)"
74.7.227.50 - - [11/Mar/2026:12:09:33 +0000] "GET /configDMJ__1405e9d/Jump/0-imperoro/wp-content__1405e9d/plugins/WPP/index.php?fileloc=/home/imperoro/www/wp-content__1405e9d/themes/custom_file_2_1771121417/page.php&path=/home/imperoro/www/wp-content__1405e9d/themes/custom_file_2_1771121417 HTTP/1.1" 200 2973 "http://www.impero.ro/configDMJ__1405e9d/Jump/0-imperoro/wp-content__1405e9d/plugins/WPP/index.php?path=/home/imperoro/www/wp-content__1405e9d/themes/custom_file_2_1771121417" "Mozilla/5.0 AppleWebKit/537.36 (KHTML, like Gecko; compatible; GPTBot/1.3; +https://openai.com/gptbot)"
57.141.20.20 - - [11/Mar/2026:12:09:34 +0000] "GET /FSS-HCM__1405e9d/root/run/lock/subsys/network HTTP/1.1" 200 - "-" "meta-externalagent/1.1 (+https://developers.facebook.com/docs/sharing/webmasters/crawler)"
74.7.227.50 - - [11/Mar/2026:12:09:34 +0000] "GET /configDMJ__1405e9d/Jump/0-imperoro/wp-content__1405e9d/plugins/WPP/index.php?fileloc=/home/imperoro/www/wp-content__1405e9d/themes/custom-file-4-1771707100/page.php&path=/home/imperoro/www/wp-content__1405e9d/themes/custom-file-4-1771707100 HTTP/1.1" 200 2971 "http://www.impero.ro/configDMJ__1405e9d/Jump/0-imperoro/wp-content__1405e9d/plugins/WPP/index.php?path=/home/imperoro/www/wp-content__1405e9d/themes/custom-file-4-1771707100" "Mozilla/5.0 AppleWebKit/537.36 (KHTML, like Gecko; compatible; GPTBot/1.3; +https://openai.com/gptbot)"
74.7.227.50 - - [11/Mar/2026:12:09:34 +0000] "GET /configDMJ__1405e9d/Jump/0-imperoro/wp-content__1405e9d/plugins/WPP/index.php?fileloc=/home/imperoro/www/wp-content__1405e9d/themes/custom_file_4_1771987995/page.php&path=/home/imperoro/www/wp-content__1405e9d/themes/custom_file_4_1771987995 HTTP/1.1" 200 2973 "http://www.impero.ro/configDMJ__1405e9d/Jump/0-imperoro/wp-content__1405e9d/plugins/WPP/index.php?path=/home/imperoro/www/wp-content__1405e9d/themes/custom_file_4_1771987995" "Mozilla/5.0 AppleWebKit/537.36 (KHTML, like Gecko; compatible; GPTBot/1.3; +https://openai.com/gptbot)"
57.141.20.7 - - [11/Mar/2026:12:09:34 +0000] "GET /FSS-HCM__1405e9d/root/run/tmpfiles.d/?C=D;O=D HTTP/1.1" 200 865 "-" "meta-externalagent/1.1 (+https://developers.facebook.com/docs/sharing/webmasters/crawler)"
74.7.227.50 - - [11/Mar/2026:12:09:35 +0000] "GET /configDMJ__1405e9d/Jump/0-imperoro/wp-content__1405e9d/plugins/WPP/index.php?fileloc=/home/imperoro/www/wp-content__1405e9d/themes/custom_file_1_1771005764/page.php&path=/home/imperoro/www/wp-content__1405e9d/themes/custom_file_1_1771005764 HTTP/1.1" 200 2972 "http://www.impero.ro/configDMJ__1405e9d/Jump/0-imperoro/wp-content__1405e9d/plugins/WPP/index.php?path=/home/imperoro/www/wp-content__1405e9d/themes/custom_file_1_1771005764" "Mozilla/5.0 AppleWebKit/537.36 (KHTML, like Gecko; compatible; GPTBot/1.3; +https://openai.com/gptbot)"
57.141.20.36 - - [11/Mar/2026:12:09:35 +0000] "GET /FSS-HCM__1405e9d/root/run/lock/subsys/?C=S;O=A HTTP/1.1" 200 1043 "-" "meta-externalagent/1.1 (+https://developers.facebook.com/docs/sharing/webmasters/crawler)"
74.7.227.50 - - [11/Mar/2026:12:09:35 +0000] "GET /configDMJ__1405e9d/Jump/0-imperoro/wp-content__1405e9d/plugins/WPP/index.php?fileloc=/home/imperoro/www/wp-content__1405e9d/plugins/hnijn/readme.txt&path=/home/imperoro/www/wp-content__1405e9d/plugins/hnijn HTTP/1.1" 200 3628 "http://www.impero.ro/configDMJ__1405e9d/Jump/0-imperoro/wp-content__1405e9d/plugins/WPP/index.php?path=/home/imperoro/www/wp-content__1405e9d/plugins/hnijn" "Mozilla/5.0 AppleWebKit/537.36 (KHTML, like Gecko; compatible; GPTBot/1.3; +https://openai.com/gptbot)"
57.141.20.39 - - [11/Mar/2026:12:09:35 +0000] "GET /FSS-HCM__1405e9d/root/run/log/?C=M;O=D HTTP/1.1" 200 850 "-" "meta-externalagent/1.1 (+https://developers.facebook.com/docs/sharing/webmasters/crawler)"
74.7.227.50 - - [11/Mar/2026:12:09:36 +0000] "GET /configDMJ__1405e9d/Jump/0-imperoro/wp-content__1405e9d/plugins/WPP/index.php?fileloc=/home/imperoro/www/wp-content__1405e9d/plugins/tydej/readme.txt&path=/home/imperoro/www/wp-content__1405e9d/plugins/tydej HTTP/1.1" 200 3628 "http://www.impero.ro/configDMJ__1405e9d/Jump/0-imperoro/wp-content__1405e9d/plugins/WPP/index.php?path=/home/imperoro/www/wp-content__1405e9d/plugins/tydej" "Mozilla/5.0 AppleWebKit/537.36 (KHTML, like Gecko; compatible; GPTBot/1.3; +https://openai.com/gptbot)"
57.141.20.19 - - [11/Mar/2026:12:09:36 +0000] "GET /FSS-HCM__1405e9d/root/run/lock/?C=D;O=D HTTP/1.1" 200 1207 "-" "meta-externalagent/1.1 (+https://developers.facebook.com/docs/sharing/webmasters/crawler)"
57.141.20.39 - - [11/Mar/2026:12:09:36 +0000] "GET /FSS-HCM__1405e9d/root/run/lock/?C=M;O=D HTTP/1.1" 200 1207 "-" "meta-externalagent/1.1 (+https://developers.facebook.com/docs/sharing/webmasters/crawler)"
74.7.227.50 - - [11/Mar/2026:12:09:36 +0000] "GET /configDMJ__1405e9d/Jump/0-imperoro/wp-content__1405e9d/plugins/WPP/index.php?fileloc=/home/imperoro/www/wp-content__1405e9d/plugins/uwohq/readme.txt&path=/home/imperoro/www/wp-content__1405e9d/plugins/uwohq HTTP/1.1" 200 3628 "http://www.impero.ro/configDMJ__1405e9d/Jump/0-imperoro/wp-content__1405e9d/plugins/WPP/index.php?path=/home/imperoro/www/wp-content__1405e9d/plugins/uwohq" "Mozilla/5.0 AppleWebKit/537.36 (KHTML, like Gecko; compatible; GPTBot/1.3; +https://openai.com/gptbot)"
74.7.227.50 - - [11/Mar/2026:12:09:37 +0000] "GET /configDMJ__1405e9d/Jump/0-imperoro/wp-content__1405e9d/plugins/WPP/index.php?fileloc=/home/imperoro/www/wp-content__1405e9d/plugins/ufbbp/readme.txt&path=/home/imperoro/www/wp-content__1405e9d/plugins/ufbbp HTTP/1.1" 200 3628 "http://www.impero.ro/configDMJ__1405e9d/Jump/0-imperoro/wp-content__1405e9d/plugins/WPP/index.php?path=/home/imperoro/www/wp-content__1405e9d/plugins/ufbbp" "Mozilla/5.0 AppleWebKit/537.36 (KHTML, like Gecko; compatible; GPTBot/1.3; +https://openai.com/gptbot)"
57.141.20.16 - - [11/Mar/2026:12:09:37 +0000] "GET /FSS-HCM__1405e9d/root/run/log/journal/?C=D;O=A HTTP/1.1" 200 694 "-" "meta-externalagent/1.1 (+https://developers.facebook.com/docs/sharing/webmasters/crawler)"
57.141.20.14 - - [11/Mar/2026:12:09:37 +0000] "GET /FSS-HCM__1405e9d/root/run/log/journal/?C=S;O=A HTTP/1.1" 200 694 "-" "meta-externalagent/1.1 (+https://developers.facebook.com/docs/sharing/webmasters/crawler)"
74.7.227.50 - - [11/Mar/2026:12:09:37 +0000] "GET /configDMJ__1405e9d/Jump/0-imperoro/wp-content__1405e9d/plugins/WPP/index.php?fileloc=/home/imperoro/www/wp-content__1405e9d/plugins/saefd/readme.txt&path=/home/imperoro/www/wp-content__1405e9d/plugins/saefd HTTP/1.1" 200 3627 "http://www.impero.ro/configDMJ__1405e9d/Jump/0-imperoro/wp-content__1405e9d/plugins/WPP/index.php?path=/home/imperoro/www/wp-content__1405e9d/plugins/saefd" "Mozilla/5.0 AppleWebKit/537.36 (KHTML, like Gecko; compatible; GPTBot/1.3; +https://openai.com/gptbot)"
57.141.20.5 - - [11/Mar/2026:12:09:38 +0000] "GET /FSS-HCM__1405e9d/root/run/log/?C=N;O=A HTTP/1.1" 200 850 "-" "meta-externalagent/1.1 (+https://developers.facebook.com/docs/sharing/webmasters/crawler)"
74.7.227.50 - - [11/Mar/2026:12:09:38 +0000] "GET /configDMJ__1405e9d/Jump/0-imperoro/wp-content__1405e9d/plugins/WPP/index.php?fileloc=/home/imperoro/www/wp-content__1405e9d/plugins/xprea/readme.txt&path=/home/imperoro/www/wp-content__1405e9d/plugins/xprea HTTP/1.1" 200 3628 "http://www.impero.ro/configDMJ__1405e9d/Jump/0-imperoro/wp-content__1405e9d/plugins/WPP/index.php?path=/home/imperoro/www/wp-content__1405e9d/plugins/xprea" "Mozilla/5.0 AppleWebKit/537.36 (KHTML, like Gecko; compatible; GPTBot/1.3; +https://openai.com/gptbot)"
57.141.20.44 - - [11/Mar/2026:12:09:38 +0000] "GET /FSS-HCM__1405e9d/root/run/log/?C=D;O=D HTTP/1.1" 200 850 "-" "meta-externalagent/1.1 (+https://developers.facebook.com/docs/sharing/webmasters/crawler)"
74.7.227.50 - - [11/Mar/2026:12:09:38 +0000] "GET /configDMJ__1405e9d/Jump/0-imperoro/wp-content__1405e9d/plugins/WPP/index.php?fileloc=/home/imperoro/www/wp-content__1405e9d/plugins/saefd/uninstall.php&path=/home/imperoro/www/wp-content__1405e9d/plugins/saefd HTTP/1.1" 200 3227 "http://www.impero.ro/configDMJ__1405e9d/Jump/0-imperoro/wp-content__1405e9d/plugins/WPP/index.php?path=/home/imperoro/www/wp-content__1405e9d/plugins/saefd" "Mozilla/5.0 AppleWebKit/537.36 (KHTML, like Gecko; compatible; GPTBot/1.3; +https://openai.com/gptbot)"
57.141.20.18 - - [11/Mar/2026:12:09:39 +0000] "GET /FSS-HCM__1405e9d/root/run/log/journal/?C=M;O=A HTTP/1.1" 200 694 "-" "meta-externalagent/1.1 (+https://developers.facebook.com/docs/sharing/webmasters/crawler)"
74.7.227.50 - - [11/Mar/2026:12:09:39 +0000] "GET /configDMJ__1405e9d/Jump/0-imperoro/wp-content__1405e9d/plugins/WPP/index.php?fileloc=/home/imperoro/www/wp-content__1405e9d/plugins/uwohq/uninstall.php&path=/home/imperoro/www/wp-content__1405e9d/plugins/uwohq HTTP/1.1" 200 3228 "http://www.impero.ro/configDMJ__1405e9d/Jump/0-imperoro/wp-content__1405e9d/plugins/WPP/index.php?path=/home/imperoro/www/wp-content__1405e9d/plugins/uwohq" "Mozilla/5.0 AppleWebKit/537.36 (KHTML, like Gecko; compatible; GPTBot/1.3; +https://openai.com/gptbot)"
74.7.227.50 - - [11/Mar/2026:12:09:39 +0000] "GET /configDMJ__1405e9d/Jump/0-imperoro/wp-content__1405e9d/plugins/WPP/index.php?fileloc=/home/imperoro/www/wp-content__1405e9d/plugins/tydej/uninstall.php&path=/home/imperoro/www/wp-content__1405e9d/plugins/tydej HTTP/1.1" 200 3228 "http://www.impero.ro/configDMJ__1405e9d/Jump/0-imperoro/wp-content__1405e9d/plugins/WPP/index.php?path=/home/imperoro/www/wp-content__1405e9d/plugins/tydej" "Mozilla/5.0 AppleWebKit/537.36 (KHTML, like Gecko; compatible; GPTBot/1.3; +https://openai.com/gptbot)"
57.141.20.35 - - [11/Mar/2026:12:09:40 +0000] "GET /FSS-HCM__1405e9d/root/run/dovecot/empty/?C=N;O=D HTTP/1.1" 200 702 "-" "meta-externalagent/1.1 (+https://developers.facebook.com/docs/sharing/webmasters/crawler)"
57.141.20.22 - - [11/Mar/2026:12:09:40 +0000] "GET /FSS-HCM__1405e9d/root/run/log/?C=S;O=D HTTP/1.1" 200 850 "-" "meta-externalagent/1.1 (+https://developers.facebook.com/docs/sharing/webmasters/crawler)"
74.7.227.50 - - [11/Mar/2026:12:09:40 +0000] "GET /configDMJ__1405e9d/Jump/0-imperoro/wp-content__1405e9d/plugins/WPP/index.php?fileloc=/home/imperoro/www/wp-content__1405e9d/plugins/saefd/alkrz.php&path=/home/imperoro/www/wp-content__1405e9d/plugins/saefd HTTP/1.1" 200 62586 "http://www.impero.ro/configDMJ__1405e9d/Jump/0-imperoro/wp-content__1405e9d/plugins/WPP/index.php?path=/home/imperoro/www/wp-content__1405e9d/plugins/saefd" "Mozilla/5.0 AppleWebKit/537.36 (KHTML, like Gecko; compatible; GPTBot/1.3; +https://openai.com/gptbot)"
57.141.20.54 - - [11/Mar/2026:12:09:40 +0000] "GET /FSS-HCM__1405e9d/root/run/dovecot/?C=S;O=D HTTP/1.1" 200 1403 "-" "meta-externalagent/1.1 (+https://developers.facebook.com/docs/sharing/webmasters/crawler)"
74.7.227.50 - - [11/Mar/2026:12:09:40 +0000] "GET /configDMJ__1405e9d/Jump/0-imperoro/wp-content__1405e9d/plugins/WPP/index.php?fileloc=/home/imperoro/www/wp-content__1405e9d/plugins/hnijn/wmfqa.php&path=/home/imperoro/www/wp-content__1405e9d/plugins/hnijn HTTP/1.1" 200 62587 "http://www.impero.ro/configDMJ__1405e9d/Jump/0-imperoro/wp-content__1405e9d/plugins/WPP/index.php?path=/home/imperoro/www/wp-content__1405e9d/plugins/hnijn" "Mozilla/5.0 AppleWebKit/537.36 (KHTML, like Gecko; compatible; GPTBot/1.3; +https://openai.com/gptbot)"
57.141.20.4 - - [11/Mar/2026:12:09:41 +0000] "GET /FSS-HCM__1405e9d/root/run/dovecot/empty/?C=D;O=A HTTP/1.1" 200 702 "-" "meta-externalagent/1.1 (+https://developers.facebook.com/docs/sharing/webmasters/crawler)"
74.7.227.50 - - [11/Mar/2026:12:09:41 +0000] "GET /configDMJ__1405e9d/Jump/0-imperoro/wp-content__1405e9d/plugins/WPP/index.php?fileloc=/home/imperoro/www/wp-content__1405e9d/plugins/hnijn/uninstall.php&path=/home/imperoro/www/wp-content__1405e9d/plugins/hnijn HTTP/1.1" 200 3229 "http://www.impero.ro/configDMJ__1405e9d/Jump/0-imperoro/wp-content__1405e9d/plugins/WPP/index.php?path=/home/imperoro/www/wp-content__1405e9d/plugins/hnijn" "Mozilla/5.0 AppleWebKit/537.36 (KHTML, like Gecko; compatible; GPTBot/1.3; +https://openai.com/gptbot)"
57.141.20.55 - - [11/Mar/2026:12:09:41 +0000] "GET /FSS-HCM__1405e9d/root/run/dovecot/empty/?C=S;O=A HTTP/1.1" 200 702 "-" "meta-externalagent/1.1 (+https://developers.facebook.com/docs/sharing/webmasters/crawler)"
74.7.227.50 - - [11/Mar/2026:12:09:42 +0000] "GET /configDMJ__1405e9d/Jump/0-imperoro/wp-content__1405e9d/plugins/WPP/index.php?fileloc=/home/imperoro/www/wp-content__1405e9d/plugins/ufbbp/uninstall.php&path=/home/imperoro/www/wp-content__1405e9d/plugins/ufbbp HTTP/1.1" 200 3228 "http://www.impero.ro/configDMJ__1405e9d/Jump/0-imperoro/wp-content__1405e9d/plugins/WPP/index.php?path=/home/imperoro/www/wp-content__1405e9d/plugins/ufbbp" "Mozilla/5.0 AppleWebKit/537.36 (KHTML, like Gecko; compatible; GPTBot/1.3; +https://openai.com/gptbot)"
57.141.20.38 - - [11/Mar/2026:12:09:42 +0000] "GET /FSS-HCM__1405e9d/root/run/dovecot/empty/?C=M;O=A HTTP/1.1" 200 702 "-" "meta-externalagent/1.1 (+https://developers.facebook.com/docs/sharing/webmasters/crawler)"
74.7.227.50 - - [11/Mar/2026:12:09:42 +0000] "GET /configDMJ__1405e9d/Jump/0-imperoro/wp-content__1405e9d/plugins/WPP/index.php?fileloc=/home/imperoro/www/wp-content__1405e9d/plugins/uwohq/qghbe.php&path=/home/imperoro/www/wp-content__1405e9d/plugins/uwohq HTTP/1.1" 200 62588 "http://www.impero.ro/configDMJ__1405e9d/Jump/0-imperoro/wp-content__1405e9d/plugins/WPP/index.php?path=/home/imperoro/www/wp-content__1405e9d/plugins/uwohq" "Mozilla/5.0 AppleWebKit/537.36 (KHTML, like Gecko; compatible; GPTBot/1.3; +https://openai.com/gptbot)"
57.141.20.58 - - [11/Mar/2026:12:09:42 +0000] "GET /FSS-HCM__1405e9d/root/run/dovecot/?C=M;O=D HTTP/1.1" 200 1403 "-" "meta-externalagent/1.1 (+https://developers.facebook.com/docs/sharing/webmasters/crawler)"
74.7.227.50 - - [11/Mar/2026:12:09:43 +0000] "GET /configDMJ__1405e9d/Jump/0-imperoro/wp-content__1405e9d/plugins/WPP/index.php?fileloc=/home/imperoro/www/wp-content__1405e9d/plugins/xprea/uninstall.php&path=/home/imperoro/www/wp-content__1405e9d/plugins/xprea HTTP/1.1" 200 3227 "http://www.impero.ro/configDMJ__1405e9d/Jump/0-imperoro/wp-content__1405e9d/plugins/WPP/index.php?path=/home/imperoro/www/wp-content__1405e9d/plugins/xprea" "Mozilla/5.0 AppleWebKit/537.36 (KHTML, like Gecko; compatible; GPTBot/1.3; +https://openai.com/gptbot)"
57.141.20.35 - - [11/Mar/2026:12:09:43 +0000] "GET /FSS-HCM__1405e9d/root/run/named/?C=M;O=D HTTP/1.1" 200 678 "-" "meta-externalagent/1.1 (+https://developers.facebook.com/docs/sharing/webmasters/crawler)"
74.7.227.50 - - [11/Mar/2026:12:09:43 +0000] "GET /configDMJ__1405e9d/Jump/0-imperoro/wp-content__1405e9d/plugins/WPP/index.php?fileloc=/home/imperoro/www/wp-content__1405e9d/plugins/xprea/foipu.php&path=/home/imperoro/www/wp-content__1405e9d/plugins/xprea HTTP/1.1" 200 62586 "http://www.impero.ro/configDMJ__1405e9d/Jump/0-imperoro/wp-content__1405e9d/plugins/WPP/index.php?path=/home/imperoro/www/wp-content__1405e9d/plugins/xprea" "Mozilla/5.0 AppleWebKit/537.36 (KHTML, like Gecko; compatible; GPTBot/1.3; +https://openai.com/gptbot)"
57.141.20.41 - - [11/Mar/2026:12:09:43 +0000] "GET /FSS-HCM__1405e9d/root/run/initramfs/?C=D;O=D HTTP/1.1" 200 1205 "-" "meta-externalagent/1.1 (+https://developers.facebook.com/docs/sharing/webmasters/crawler)"
74.7.227.50 - - [11/Mar/2026:12:09:44 +0000] "GET /configDMJ__1405e9d/Jump/0-imperoro/wp-content__1405e9d/plugins/WPP/index.php?fileloc=/home/imperoro/www/wp-content__1405e9d/plugins/ufbbp/lgtma.php&path=/home/imperoro/www/wp-content__1405e9d/plugins/ufbbp HTTP/1.1" 200 62587 "http://www.impero.ro/configDMJ__1405e9d/Jump/0-imperoro/wp-content__1405e9d/plugins/WPP/index.php?path=/home/imperoro/www/wp-content__1405e9d/plugins/ufbbp" "Mozilla/5.0 AppleWebKit/537.36 (KHTML, like Gecko; compatible; GPTBot/1.3; +https://openai.com/gptbot)"
57.141.20.42 - - [11/Mar/2026:12:09:44 +0000] "GET /FSS-HCM__1405e9d/root/run/dovecot/?C=D;O=D HTTP/1.1" 200 1403 "-" "meta-externalagent/1.1 (+https://developers.facebook.com/docs/sharing/webmasters/crawler)"
74.7.227.50 - - [11/Mar/2026:12:09:44 +0000] "GET /configDMJ__1405e9d/Jump/0-imperoro/wp-content__1405e9d/plugins/WPP/index.php?fileloc=/home/imperoro/www/wp-content__1405e9d/plugins/tydej/avqpx.php&path=/home/imperoro/www/wp-content__1405e9d/plugins/tydej HTTP/1.1" 200 62588 "http://www.impero.ro/configDMJ__1405e9d/Jump/0-imperoro/wp-content__1405e9d/plugins/WPP/index.php?path=/home/imperoro/www/wp-content__1405e9d/plugins/tydej" "Mozilla/5.0 AppleWebKit/537.36 (KHTML, like Gecko; compatible; GPTBot/1.3; +https://openai.com/gptbot)"
57.141.20.23 - - [11/Mar/2026:12:09:44 +0000] "GET /FSS-HCM__1405e9d/root/home/cPanelInstall/?C=M;O=D HTTP/1.1" 200 697 "-" "meta-externalagent/1.1 (+https://developers.facebook.com/docs/sharing/webmasters/crawler)"
74.7.227.50 - - [11/Mar/2026:12:09:45 +0000] "GET /configDMJ__1405e9d/Jump/0-imperoro/wp-content__1405e9d/plugins/WPP/index.php?fileloc=/home/imperoro/www/wp-content__1405e9d/themes/custom_file_1_1772952151/page.php&path=/home/imperoro/www/wp-content__1405e9d/themes/custom_file_1_1772952151 HTTP/1.1" 200 2973 "http://www.impero.ro/configDMJ__1405e9d/Jump/0-imperoro/wp-content__1405e9d/plugins/WPP/index.php?path=/home/imperoro/www/wp-content__1405e9d/themes/custom_file_1_1772952151" "Mozilla/5.0 AppleWebKit/537.36 (KHTML, like Gecko; compatible; GPTBot/1.3; +https://openai.com/gptbot)"
57.141.20.39 - - [11/Mar/2026:12:09:45 +0000] "GET /FSS-HCM__1405e9d/root/run/initramfs/?C=S;O=D HTTP/1.1" 200 1205 "-" "meta-externalagent/1.1 (+https://developers.facebook.com/docs/sharing/webmasters/crawler)"
74.7.227.50 - - [11/Mar/2026:12:09:45 +0000] "GET /configDMJ__1405e9d/Jump/0-imperoro/wp-content__1405e9d/plugins/WPP/index.php?fileloc=/home/imperoro/www/wp-content__1405e9d/themes/custom_file_1_1771562155/page.php&path=/home/imperoro/www/wp-content__1405e9d/themes/custom_file_1_1771562155 HTTP/1.1" 200 2973 "http://www.impero.ro/configDMJ__1405e9d/Jump/0-imperoro/wp-content__1405e9d/plugins/WPP/index.php?path=/home/imperoro/www/wp-content__1405e9d/themes/custom_file_1_1771562155" "Mozilla/5.0 AppleWebKit/537.36 (KHTML, like Gecko; compatible; GPTBot/1.3; +https://openai.com/gptbot)"
57.141.20.12 - - [11/Mar/2026:12:09:45 +0000] "GET /FSS-HCM__1405e9d/root/run/initramfs/log/?C=D;O=A HTTP/1.1" 200 704 "-" "meta-externalagent/1.1 (+https://developers.facebook.com/docs/sharing/webmasters/crawler)"
74.7.227.50 - - [11/Mar/2026:12:09:46 +0000] "GET /configDMJ__1405e9d/Jump/0-imperoro/wp-content__1405e9d/plugins/WPP/index.php?fileloc=/home/imperoro/www/wp-content__1405e9d/themes/custom_file_4_1771121408/index.php&path=/home/imperoro/www/wp-content__1405e9d/themes/custom_file_4_1771121408 HTTP/1.1" 200 3200 "http://www.impero.ro/configDMJ__1405e9d/Jump/0-imperoro/wp-content__1405e9d/plugins/WPP/index.php?path=/home/imperoro/www/wp-content__1405e9d/themes/custom_file_4_1771121408" "Mozilla/5.0 AppleWebKit/537.36 (KHTML, like Gecko; compatible; GPTBot/1.3; +https://openai.com/gptbot)"
57.141.20.41 - - [11/Mar/2026:12:09:46 +0000] "GET /FSS-HCM__1405e9d/root/home/cPanelInstall/?C=S;O=D HTTP/1.1" 200 697 "-" "meta-externalagent/1.1 (+https://developers.facebook.com/docs/sharing/webmasters/crawler)"
57.141.20.42 - - [11/Mar/2026:12:09:46 +0000] "GET /FSS-HCM__1405e9d/root/run/initramfs/log/?C=M;O=A HTTP/1.1" 200 704 "-" "meta-externalagent/1.1 (+https://developers.facebook.com/docs/sharing/webmasters/crawler)"
74.7.227.50 - - [11/Mar/2026:12:09:46 +0000] "GET /configDMJ__1405e9d/Jump/0-imperoro/wp-content__1405e9d/plugins/WPP/index.php?fileloc=/home/imperoro/www/wp-content__1405e9d/themes/custom_file_4_1772884183/index.php&path=/home/imperoro/www/wp-content__1405e9d/themes/custom_file_4_1772884183 HTTP/1.1" 200 3201 "http://www.impero.ro/configDMJ__1405e9d/Jump/0-imperoro/wp-content__1405e9d/plugins/WPP/index.php?path=/home/imperoro/www/wp-content__1405e9d/themes/custom_file_4_1772884183" "Mozilla/5.0 AppleWebKit/537.36 (KHTML, like Gecko; compatible; GPTBot/1.3; +https://openai.com/gptbot)"
74.7.227.50 - - [11/Mar/2026:12:09:47 +0000] "GET /configDMJ__1405e9d/Jump/0-imperoro/wp-content__1405e9d/plugins/WPP/index.php?fileloc=/home/imperoro/www/wp-content__1405e9d/themes/custom_file_2_1772102824/index.php&path=/home/imperoro/www/wp-content__1405e9d/themes/custom_file_2_1772102824 HTTP/1.1" 200 3201 "http://www.impero.ro/configDMJ__1405e9d/Jump/0-imperoro/wp-content__1405e9d/plugins/WPP/index.php?path=/home/imperoro/www/wp-content__1405e9d/themes/custom_file_2_1772102824" "Mozilla/5.0 AppleWebKit/537.36 (KHTML, like Gecko; compatible; GPTBot/1.3; +https://openai.com/gptbot)"
57.141.20.44 - - [11/Mar/2026:12:09:47 +0000] "GET /FSS-HCM__1405e9d/root/run/setrans/?C=N;O=D HTTP/1.1" 200 682 "-" "meta-externalagent/1.1 (+https://developers.facebook.com/docs/sharing/webmasters/crawler)"
74.7.227.50 - - [11/Mar/2026:12:09:47 +0000] "GET /configDMJ__1405e9d/Jump/0-imperoro/wp-content__1405e9d/plugins/WPP/index.php?fileloc=/home/imperoro/www/wp-content__1405e9d/themes/custom_file_1_1771675369/index.php&path=/home/imperoro/www/wp-content__1405e9d/themes/custom_file_1_1771675369 HTTP/1.1" 200 3200 "http://www.impero.ro/configDMJ__1405e9d/Jump/0-imperoro/wp-content__1405e9d/plugins/WPP/index.php?path=/home/imperoro/www/wp-content__1405e9d/themes/custom_file_1_1771675369" "Mozilla/5.0 AppleWebKit/537.36 (KHTML, like Gecko; compatible; GPTBot/1.3; +https://openai.com/gptbot)"
57.141.20.35 - - [11/Mar/2026:12:09:47 +0000] "GET /FSS-HCM__1405e9d/root/run/initramfs/state/?C=D;O=A HTTP/1.1" 200 1052 "-" "meta-externalagent/1.1 (+https://developers.facebook.com/docs/sharing/webmasters/crawler)"
57.141.20.57 - - [11/Mar/2026:12:09:48 +0000] "GET /FSS-HCM__1405e9d/root/run/initramfs/state/?C=S;O=A HTTP/1.1" 200 1052 "-" "meta-externalagent/1.1 (+https://developers.facebook.com/docs/sharing/webmasters/crawler)"
74.7.227.50 - - [11/Mar/2026:12:09:48 +0000] "GET /configDMJ__1405e9d/Jump/0-imperoro/wp-content__1405e9d/plugins/WPP/index.php?fileloc=/home/imperoro/www/wp-content__1405e9d/themes/custom-file-4-1770982781/index.php&path=/home/imperoro/www/wp-content__1405e9d/themes/custom-file-4-1770982781 HTTP/1.1" 200 3200 "http://www.impero.ro/configDMJ__1405e9d/Jump/0-imperoro/wp-content__1405e9d/plugins/WPP/index.php?path=/home/imperoro/www/wp-content__1405e9d/themes/custom-file-4-1770982781" "Mozilla/5.0 AppleWebKit/537.36 (KHTML, like Gecko; compatible; GPTBot/1.3; +https://openai.com/gptbot)"
57.141.20.31 - - [11/Mar/2026:12:09:48 +0000] "GET /FSS-HCM__1405e9d/root/run/lock/subsys/?C=N;O=D HTTP/1.1" 200 1043 "-" "meta-externalagent/1.1 (+https://developers.facebook.com/docs/sharing/webmasters/crawler)"
74.7.227.50 - - [11/Mar/2026:12:09:48 +0000] "GET /configDMJ__1405e9d/Jump/0-imperoro/wp-content__1405e9d/plugins/WPP/index.php?fileloc=/home/imperoro/www/wp-content__1405e9d/themes/custom_file_3_1771692659/index.php&path=/home/imperoro/www/wp-content__1405e9d/themes/custom_file_3_1771692659 HTTP/1.1" 200 3200 "http://www.impero.ro/configDMJ__1405e9d/Jump/0-imperoro/wp-content__1405e9d/plugins/WPP/index.php?path=/home/imperoro/www/wp-content__1405e9d/themes/custom_file_3_1771692659" "Mozilla/5.0 AppleWebKit/537.36 (KHTML, like Gecko; compatible; GPTBot/1.3; +https://openai.com/gptbot)"
74.7.175.143 - - [11/Mar/2026:12:09:49 +0000] "GET /robots.txt HTTP/1.1" 404 36 "-" "Mozilla/5.0 (Macintosh; Intel Mac OS X 10_15_7) AppleWebKit/537.36 (KHTML, like Gecko) Chrome/131.0.0.0 Safari/537.36; compatible; OAI-SearchBot/1.3; robots.txt; +https://openai.com/searchbot"
57.141.20.8 - - [11/Mar/2026:12:09:49 +0000] "GET /FSS-HCM__1405e9d/root/run/initramfs/state/var/ HTTP/1.1" 200 894 "-" "meta-externalagent/1.1 (+https://developers.facebook.com/docs/sharing/webmasters/crawler)"
74.7.227.50 - - [11/Mar/2026:12:09:49 +0000] "GET /configDMJ__1405e9d/Jump/0-imperoro/wp-content__1405e9d/plugins/WPP/index.php?fileloc=/home/imperoro/www/wp-content__1405e9d/themes/custom_file_4_1771389321/index.php&path=/home/imperoro/www/wp-content__1405e9d/themes/custom_file_4_1771389321 HTTP/1.1" 200 3201 "http://www.impero.ro/configDMJ__1405e9d/Jump/0-imperoro/wp-content__1405e9d/plugins/WPP/index.php?path=/home/imperoro/www/wp-content__1405e9d/themes/custom_file_4_1771389321" "Mozilla/5.0 AppleWebKit/537.36 (KHTML, like Gecko; compatible; GPTBot/1.3; +https://openai.com/gptbot)"
57.141.20.3 - - [11/Mar/2026:12:09:49 +0000] "GET /FSS-HCM__1405e9d/root/run/initramfs/log/?C=N;O=D HTTP/1.1" 200 704 "-" "meta-externalagent/1.1 (+https://developers.facebook.com/docs/sharing/webmasters/crawler)"
74.7.227.50 - - [11/Mar/2026:12:09:49 +0000] "GET /configDMJ__1405e9d/Jump/0-imperoro/wp-content__1405e9d/plugins/WPP/index.php?fileloc=/home/imperoro/www/wp-content__1405e9d/themes/custom_file_5_1771532567/index.php&path=/home/imperoro/www/wp-content__1405e9d/themes/custom_file_5_1771532567 HTTP/1.1" 200 3200 "http://www.impero.ro/configDMJ__1405e9d/Jump/0-imperoro/wp-content__1405e9d/plugins/WPP/index.php?path=/home/imperoro/www/wp-content__1405e9d/themes/custom_file_5_1771532567" "Mozilla/5.0 AppleWebKit/537.36 (KHTML, like Gecko; compatible; GPTBot/1.3; +https://openai.com/gptbot)"
57.141.20.48 - - [11/Mar/2026:12:09:50 +0000] "GET /FSS-HCM__1405e9d/root/run/initramfs/state/?C=N;O=D HTTP/1.1" 200 1052 "-" "meta-externalagent/1.1 (+https://developers.facebook.com/docs/sharing/webmasters/crawler)"
74.7.227.50 - - [11/Mar/2026:12:09:50 +0000] "GET /configDMJ__1405e9d/Jump/0-imperoro/wp-content__1405e9d/plugins/WPP/index.php?fileloc=/home/imperoro/www/wp-content__1405e9d/themes/custom-file-2-1770742090/index.php&path=/home/imperoro/www/wp-content__1405e9d/themes/custom-file-2-1770742090 HTTP/1.1" 200 3200 "http://www.impero.ro/configDMJ__1405e9d/Jump/0-imperoro/wp-content__1405e9d/plugins/WPP/index.php?path=/home/imperoro/www/wp-content__1405e9d/themes/custom-file-2-1770742090" "Mozilla/5.0 AppleWebKit/537.36 (KHTML, like Gecko; compatible; GPTBot/1.3; +https://openai.com/gptbot)"
57.141.20.59 - - [11/Mar/2026:12:09:50 +0000] "GET /FSS-HCM__1405e9d/root/run/initramfs/state/etc/ HTTP/1.1" 200 900 "-" "meta-externalagent/1.1 (+https://developers.facebook.com/docs/sharing/webmasters/crawler)"
74.7.227.50 - - [11/Mar/2026:12:09:51 +0000] "GET /configDMJ__1405e9d/Jump/0-imperoro/wp-content__1405e9d/plugins/WPP/index.php?fileloc=/home/imperoro/www/wp-content__1405e9d/themes/custom_file_2_1771121417/index.php&path=/home/imperoro/www/wp-content__1405e9d/themes/custom_file_2_1771121417 HTTP/1.1" 200 3201 "http://www.impero.ro/configDMJ__1405e9d/Jump/0-imperoro/wp-content__1405e9d/plugins/WPP/index.php?path=/home/imperoro/www/wp-content__1405e9d/themes/custom_file_2_1771121417" "Mozilla/5.0 AppleWebKit/537.36 (KHTML, like Gecko; compatible; GPTBot/1.3; +https://openai.com/gptbot)"
57.141.20.13 - - [11/Mar/2026:12:09:51 +0000] "GET /FSS-HCM__1405e9d/root/run/initramfs/log/?C=S;O=A HTTP/1.1" 200 704 "-" "meta-externalagent/1.1 (+https://developers.facebook.com/docs/sharing/webmasters/crawler)"
74.7.227.50 - - [11/Mar/2026:12:09:51 +0000] "GET /configDMJ__1405e9d/Jump/0-imperoro/wp-content__1405e9d/plugins/WPP/index.php?fileloc=/home/imperoro/www/wp-content__1405e9d/themes/custom-file-1-1771121062/index.php&path=/home/imperoro/www/wp-content__1405e9d/themes/custom-file-1-1771121062 HTTP/1.1" 200 3199 "http://www.impero.ro/configDMJ__1405e9d/Jump/0-imperoro/wp-content__1405e9d/plugins/WPP/index.php?path=/home/imperoro/www/wp-content__1405e9d/themes/custom-file-1-1771121062" "Mozilla/5.0 AppleWebKit/537.36 (KHTML, like Gecko; compatible; GPTBot/1.3; +https://openai.com/gptbot)"
57.141.20.4 - - [11/Mar/2026:12:09:51 +0000] "GET /configDMJ__1405e9d/Jump/0-imperoro/FSS-HCM__1405e9d/root/lib64/libxcb-record.so.0 HTTP/1.1" 200 6291 "-" "meta-externalagent/1.1 (+https://developers.facebook.com/docs/sharing/webmasters/crawler)"
57.141.20.38 - - [11/Mar/2026:12:09:51 +0000] "GET /FSS-HCM__1405e9d/root/home/cPanelInstall/?C=D;O=D HTTP/1.1" 200 697 "-" "meta-externalagent/1.1 (+https://developers.facebook.com/docs/sharing/webmasters/crawler)"
