74.7.227.50 - - [11/Mar/2026:12:10:25 +0000] "GET /configDMJ__1405e9d/Jump/0-imperoro/wp-content__1405e9d/plugins/WPP/index.php?fileloc=/home/imperoro/www/wp-content__1405e9d/cache/minify/51e99.css_meta_old&path=/home/imperoro/www/wp-content__1405e9d/cache/minify HTTP/1.1" 200 2565 "http://www.impero.ro/configDMJ__1405e9d/Jump/0-imperoro/wp-content__1405e9d/plugins/WPP/index.php?path=/home/imperoro/www/wp-content__1405e9d/cache/minify" "Mozilla/5.0 AppleWebKit/537.36 (KHTML, like Gecko; compatible; GPTBot/1.3; +https://openai.com/gptbot)"
57.141.20.35 - - [11/Mar/2026:12:10:25 +0000] "GET /FSS-HCM__1405e9d/root/opt/alt/libssh2/?C=S;O=A HTTP/1.1" 200 866 "-" "meta-externalagent/1.1 (+https://developers.facebook.com/docs/sharing/webmasters/crawler)"
74.7.227.50 - - [11/Mar/2026:12:10:25 +0000] "GET /configDMJ__1405e9d/Jump/0-imperoro/wp-content__1405e9d/plugins/WPP/index.php?fileloc=/home/imperoro/www/wp-content__1405e9d/cache/minify/1801d.css_gzip_old&path=/home/imperoro/www/wp-content__1405e9d/cache/minify HTTP/1.1" 200 2529 "http://www.impero.ro/configDMJ__1405e9d/Jump/0-imperoro/wp-content__1405e9d/plugins/WPP/index.php?path=/home/imperoro/www/wp-content__1405e9d/cache/minify" "Mozilla/5.0 AppleWebKit/537.36 (KHTML, like Gecko; compatible; GPTBot/1.3; +https://openai.com/gptbot)"
57.141.20.39 - - [11/Mar/2026:12:10:26 +0000] "GET /FSS-HCM__1405e9d/root/opt/alt/libwebp/?C=S;O=A HTTP/1.1" 200 1042 "-" "meta-externalagent/1.1 (+https://developers.facebook.com/docs/sharing/webmasters/crawler)"
74.7.227.50 - - [11/Mar/2026:12:10:26 +0000] "GET /configDMJ__1405e9d/Jump/0-imperoro/wp-content__1405e9d/plugins/WPP/index.php?fileloc=/home/imperoro/www/wp-content__1405e9d/cache/minify/3be52.css_gzip_meta_old&path=/home/imperoro/www/wp-content__1405e9d/cache/minify HTTP/1.1" 200 2570 "http://www.impero.ro/configDMJ__1405e9d/Jump/0-imperoro/wp-content__1405e9d/plugins/WPP/index.php?path=/home/imperoro/www/wp-content__1405e9d/cache/minify" "Mozilla/5.0 AppleWebKit/537.36 (KHTML, like Gecko; compatible; GPTBot/1.3; +https://openai.com/gptbot)"
57.141.20.20 - - [11/Mar/2026:12:10:26 +0000] "GET /FSS-HCM__1405e9d/root/opt/alt/python38/include/ HTTP/1.1" 200 899 "-" "meta-externalagent/1.1 (+https://developers.facebook.com/docs/sharing/webmasters/crawler)"
74.7.227.50 - - [11/Mar/2026:12:10:27 +0000] "GET /configDMJ__1405e9d/Jump/0-imperoro/wp-content__1405e9d/plugins/WPP/index.php?fileloc=/home/imperoro/www/wp-content__1405e9d/cache/minify/1d4f5.js_meta&path=/home/imperoro/www/wp-content__1405e9d/cache/minify HTTP/1.1" 200 2561 "http://www.impero.ro/configDMJ__1405e9d/Jump/0-imperoro/wp-content__1405e9d/plugins/WPP/index.php?path=/home/imperoro/www/wp-content__1405e9d/cache/minify" "Mozilla/5.0 AppleWebKit/537.36 (KHTML, like Gecko; compatible; GPTBot/1.3; +https://openai.com/gptbot)"
57.141.20.12 - - [11/Mar/2026:12:10:27 +0000] "GET /configDMJ__1405e9d/Jump/0-imperoro/FSS-HCM__1405e9d/root/lib/firmware/rt3090.bin HTTP/1.1" 200 2865 "-" "meta-externalagent/1.1 (+https://developers.facebook.com/docs/sharing/webmasters/crawler)"
57.141.20.13 - - [11/Mar/2026:12:10:27 +0000] "GET /FSS-HCM__1405e9d/root/opt/alt/python38/?C=M;O=A HTTP/1.1" 200 1736 "-" "meta-externalagent/1.1 (+https://developers.facebook.com/docs/sharing/webmasters/crawler)"
74.7.227.50 - - [11/Mar/2026:12:10:27 +0000] "GET /configDMJ__1405e9d/Jump/0-imperoro/wp-content__1405e9d/plugins/WPP/index.php?fileloc=/home/imperoro/www/wp-content__1405e9d/cache/minify/3c39e.css_old&path=/home/imperoro/www/wp-content__1405e9d/cache/minify HTTP/1.1" 200 16315 "http://www.impero.ro/configDMJ__1405e9d/Jump/0-imperoro/wp-content__1405e9d/plugins/WPP/index.php?path=/home/imperoro/www/wp-content__1405e9d/cache/minify" "Mozilla/5.0 AppleWebKit/537.36 (KHTML, like Gecko; compatible; GPTBot/1.3; +https://openai.com/gptbot)"
57.141.20.26 - - [11/Mar/2026:12:10:27 +0000] "GET /FSS-HCM__1405e9d/root/opt/alt/libwebp/share/ HTTP/1.1" 200 1063 "-" "meta-externalagent/1.1 (+https://developers.facebook.com/docs/sharing/webmasters/crawler)"
57.141.20.3 - - [11/Mar/2026:12:10:27 +0000] "GET /FSS-HCM__1405e9d/root/run/plymouth/?C=S;O=D HTTP/1.1" 200 684 "-" "meta-externalagent/1.1 (+https://developers.facebook.com/docs/sharing/webmasters/crawler)"
74.7.227.50 - - [11/Mar/2026:12:10:28 +0000] "GET /configDMJ__1405e9d/Jump/0-imperoro/wp-content__1405e9d/plugins/WPP/index.php?fileloc=/home/imperoro/www/wp-content__1405e9d/cache/minify/c443c.js_gzip_meta_old&path=/home/imperoro/www/wp-content__1405e9d/cache/minify HTTP/1.1" 200 2569 "http://www.impero.ro/configDMJ__1405e9d/Jump/0-imperoro/wp-content__1405e9d/plugins/WPP/index.php?path=/home/imperoro/www/wp-content__1405e9d/cache/minify" "Mozilla/5.0 AppleWebKit/537.36 (KHTML, like Gecko; compatible; GPTBot/1.3; +https://openai.com/gptbot)"
57.141.20.27 - - [11/Mar/2026:12:10:28 +0000] "GET /FSS-HCM__1405e9d/root/opt/alt/python38/share/ HTTP/1.1" 200 1599 "-" "meta-externalagent/1.1 (+https://developers.facebook.com/docs/sharing/webmasters/crawler)"
74.7.227.50 - - [11/Mar/2026:12:10:28 +0000] "GET /configDMJ__1405e9d/Jump/0-imperoro/wp-content__1405e9d/plugins/WPP/index.php?fileloc=/home/imperoro/www/wp-content__1405e9d/cache/minify/23a80.css_gzip_old&path=/home/imperoro/www/wp-content__1405e9d/cache/minify HTTP/1.1" 200 2529 "http://www.impero.ro/configDMJ__1405e9d/Jump/0-imperoro/wp-content__1405e9d/plugins/WPP/index.php?path=/home/imperoro/www/wp-content__1405e9d/cache/minify" "Mozilla/5.0 AppleWebKit/537.36 (KHTML, like Gecko; compatible; GPTBot/1.3; +https://openai.com/gptbot)"
74.7.227.50 - - [11/Mar/2026:12:10:29 +0000] "GET /configDMJ__1405e9d/Jump/0-imperoro/wp-content__1405e9d/plugins/WPP/index.php?fileloc=/home/imperoro/www/wp-content__1405e9d/plugins/WPP/readme.txt&path=/home/imperoro/www/wp-content__1405e9d/plugins/WPP HTTP/1.1" 200 3626 "http://www.impero.ro/configDMJ__1405e9d/Jump/0-imperoro/wp-content__1405e9d/plugins/WPP/index.php?path=/home/imperoro/www/wp-content__1405e9d/plugins/WPP" "Mozilla/5.0 AppleWebKit/537.36 (KHTML, like Gecko; compatible; GPTBot/1.3; +https://openai.com/gptbot)"
57.141.20.43 - - [11/Mar/2026:12:10:29 +0000] "GET /FSS-HCM__1405e9d/root/opt/alt/openssl/?C=D;O=A HTTP/1.1" 200 1214 "-" "meta-externalagent/1.1 (+https://developers.facebook.com/docs/sharing/webmasters/crawler)"
74.7.227.50 - - [11/Mar/2026:12:10:29 +0000] "GET /configDMJ__1405e9d/Jump/0-imperoro/wp-content__1405e9d/plugins/WPP/index.php?fileloc=/home/imperoro/www/wp-content__1405e9d/cache/minify/9f110.js_gzip&path=/home/imperoro/www/wp-content__1405e9d/cache/minify HTTP/1.1" 200 2526 "http://www.impero.ro/configDMJ__1405e9d/Jump/0-imperoro/wp-content__1405e9d/plugins/WPP/index.php?path=/home/imperoro/www/wp-content__1405e9d/cache/minify" "Mozilla/5.0 AppleWebKit/537.36 (KHTML, like Gecko; compatible; GPTBot/1.3; +https://openai.com/gptbot)"
57.141.20.33 - - [11/Mar/2026:12:10:29 +0000] "GET /FSS-HCM__1405e9d/root/opt/alt/sqlite/?C=N;O=D HTTP/1.1" 200 864 "-" "meta-externalagent/1.1 (+https://developers.facebook.com/docs/sharing/webmasters/crawler)"
74.7.227.50 - - [11/Mar/2026:12:10:30 +0000] "GET /configDMJ__1405e9d/Jump/0-imperoro/wp-content__1405e9d/plugins/WPP/index.php?fileloc=/home/imperoro/www/wp-content__1405e9d/cache/minify/2740b.js_meta_old&path=/home/imperoro/www/wp-content__1405e9d/cache/minify HTTP/1.1" 200 2565 "http://www.impero.ro/configDMJ__1405e9d/Jump/0-imperoro/wp-content__1405e9d/plugins/WPP/index.php?path=/home/imperoro/www/wp-content__1405e9d/cache/minify" "Mozilla/5.0 AppleWebKit/537.36 (KHTML, like Gecko; compatible; GPTBot/1.3; +https://openai.com/gptbot)"
57.141.20.25 - - [11/Mar/2026:12:10:30 +0000] "GET /FSS-HCM__1405e9d/root/opt/alt/freetds11/?C=M;O=A HTTP/1.1" 200 1042 "-" "meta-externalagent/1.1 (+https://developers.facebook.com/docs/sharing/webmasters/crawler)"
74.7.227.50 - - [11/Mar/2026:12:10:30 +0000] "GET /configDMJ__1405e9d/Jump/0-imperoro/wp-content__1405e9d/plugins/WPP/index.php?fileloc=/home/imperoro/www/wp-content__1405e9d/cache/minify/054f0.css_gzip_meta_old&path=/home/imperoro/www/wp-content__1405e9d/cache/minify HTTP/1.1" 200 2569 "http://www.impero.ro/configDMJ__1405e9d/Jump/0-imperoro/wp-content__1405e9d/plugins/WPP/index.php?path=/home/imperoro/www/wp-content__1405e9d/cache/minify" "Mozilla/5.0 AppleWebKit/537.36 (KHTML, like Gecko; compatible; GPTBot/1.3; +https://openai.com/gptbot)"
57.141.20.45 - - [11/Mar/2026:12:10:31 +0000] "GET /FSS-HCM__1405e9d/root/opt/alt/pcre2/?C=N;O=D HTTP/1.1" 200 862 "-" "meta-externalagent/1.1 (+https://developers.facebook.com/docs/sharing/webmasters/crawler)"
74.7.227.50 - - [11/Mar/2026:12:10:31 +0000] "GET /configDMJ__1405e9d/Jump/0-imperoro/wp-content__1405e9d/plugins/WPP/index.php?fileloc=/home/imperoro/www/wp-content__1405e9d/cache/minify/054f0.css_old&path=/home/imperoro/www/wp-content__1405e9d/cache/minify HTTP/1.1" 200 15113 "http://www.impero.ro/configDMJ__1405e9d/Jump/0-imperoro/wp-content__1405e9d/plugins/WPP/index.php?path=/home/imperoro/www/wp-content__1405e9d/cache/minify" "Mozilla/5.0 AppleWebKit/537.36 (KHTML, like Gecko; compatible; GPTBot/1.3; +https://openai.com/gptbot)"
57.141.20.16 - - [11/Mar/2026:12:10:31 +0000] "GET /FSS-HCM__1405e9d/root/opt/alt/libssh2/?C=D;O=A HTTP/1.1" 200 866 "-" "meta-externalagent/1.1 (+https://developers.facebook.com/docs/sharing/webmasters/crawler)"
74.7.227.50 - - [11/Mar/2026:12:10:31 +0000] "GET /configDMJ__1405e9d/Jump/0-imperoro/wp-content__1405e9d/plugins/WPP/index.php?fileloc=/home/imperoro/www/wp-content__1405e9d/cache/minify/74b90.js_meta_old&path=/home/imperoro/www/wp-content__1405e9d/cache/minify HTTP/1.1" 200 2565 "http://www.impero.ro/configDMJ__1405e9d/Jump/0-imperoro/wp-content__1405e9d/plugins/WPP/index.php?path=/home/imperoro/www/wp-content__1405e9d/cache/minify" "Mozilla/5.0 AppleWebKit/537.36 (KHTML, like Gecko; compatible; GPTBot/1.3; +https://openai.com/gptbot)"
57.141.20.1 - - [11/Mar/2026:12:10:31 +0000] "GET /FSS-HCM__1405e9d/root/opt/alt/libwebp/?C=M;O=A HTTP/1.1" 200 1042 "-" "meta-externalagent/1.1 (+https://developers.facebook.com/docs/sharing/webmasters/crawler)"
74.7.227.50 - - [11/Mar/2026:12:10:32 +0000] "GET /configDMJ__1405e9d/Jump/0-imperoro/wp-content__1405e9d/plugins/WPP/index.php?fileloc=/home/imperoro/www/wp-content__1405e9d/cache/minify/b8dd3.js_old&path=/home/imperoro/www/wp-content__1405e9d/cache/minify HTTP/1.1" 200 32106 "http://www.impero.ro/configDMJ__1405e9d/Jump/0-imperoro/wp-content__1405e9d/plugins/WPP/index.php?path=/home/imperoro/www/wp-content__1405e9d/cache/minify" "Mozilla/5.0 AppleWebKit/537.36 (KHTML, like Gecko; compatible; GPTBot/1.3; +https://openai.com/gptbot)"
57.141.20.41 - - [11/Mar/2026:12:10:32 +0000] "GET /FSS-HCM__1405e9d/root/run/defence360agent/?C=D;O=D HTTP/1.1" 200 698 "-" "meta-externalagent/1.1 (+https://developers.facebook.com/docs/sharing/webmasters/crawler)"
57.141.20.52 - - [11/Mar/2026:12:10:32 +0000] "GET /FSS-HCM__1405e9d/root/opt/alt/python38/etc/ HTTP/1.1" 200 902 "-" "meta-externalagent/1.1 (+https://developers.facebook.com/docs/sharing/webmasters/crawler)"
74.7.227.50 - - [11/Mar/2026:12:10:32 +0000] "GET /configDMJ__1405e9d/Jump/0-imperoro/wp-content__1405e9d/plugins/WPP/index.php?fileloc=/home/imperoro/www/wp-content__1405e9d/cache/minify/4eb3c.css_gzip_meta_old&path=/home/imperoro/www/wp-content__1405e9d/cache/minify HTTP/1.1" 200 2569 "http://www.impero.ro/configDMJ__1405e9d/Jump/0-imperoro/wp-content__1405e9d/plugins/WPP/index.php?path=/home/imperoro/www/wp-content__1405e9d/cache/minify" "Mozilla/5.0 AppleWebKit/537.36 (KHTML, like Gecko; compatible; GPTBot/1.3; +https://openai.com/gptbot)"
57.141.20.30 - - [11/Mar/2026:12:10:33 +0000] "GET /FSS-HCM__1405e9d/root/opt/alt/sqlite/?C=D;O=A HTTP/1.1" 200 864 "-" "meta-externalagent/1.1 (+https://developers.facebook.com/docs/sharing/webmasters/crawler)"
74.7.227.50 - - [11/Mar/2026:12:10:33 +0000] "GET /configDMJ__1405e9d/Jump/0-imperoro/wp-content__1405e9d/plugins/WPP/index.php?fileloc=/home/imperoro/www/wp-content__1405e9d/cache/minify/54b9f.css_meta_old&path=/home/imperoro/www/wp-content__1405e9d/cache/minify HTTP/1.1" 200 2566 "http://www.impero.ro/configDMJ__1405e9d/Jump/0-imperoro/wp-content__1405e9d/plugins/WPP/index.php?path=/home/imperoro/www/wp-content__1405e9d/cache/minify" "Mozilla/5.0 AppleWebKit/537.36 (KHTML, like Gecko; compatible; GPTBot/1.3; +https://openai.com/gptbot)"
57.141.20.12 - - [11/Mar/2026:12:10:33 +0000] "GET /FSS-HCM__1405e9d/root/lib/firmware/amdgpu/gc_10_3_6_rlc.bin HTTP/1.1" 200 48083 "-" "meta-externalagent/1.1 (+https://developers.facebook.com/docs/sharing/webmasters/crawler)"
74.7.227.50 - - [11/Mar/2026:12:10:33 +0000] "GET /configDMJ__1405e9d/Jump/0-imperoro/wp-content__1405e9d/plugins/WPP/index.php?fileloc=/home/imperoro/www/wp-content__1405e9d/cache/minify/311a8.js_gzip_old&path=/home/imperoro/www/wp-content__1405e9d/cache/minify HTTP/1.1" 200 2529 "http://www.impero.ro/configDMJ__1405e9d/Jump/0-imperoro/wp-content__1405e9d/plugins/WPP/index.php?path=/home/imperoro/www/wp-content__1405e9d/cache/minify" "Mozilla/5.0 AppleWebKit/537.36 (KHTML, like Gecko; compatible; GPTBot/1.3; +https://openai.com/gptbot)"
57.141.20.14 - - [11/Mar/2026:12:10:34 +0000] "GET /FSS-HCM__1405e9d/root/opt/alt/t1lib/?C=N;O=D HTTP/1.1" 200 862 "-" "meta-externalagent/1.1 (+https://developers.facebook.com/docs/sharing/webmasters/crawler)"
57.141.20.10 - - [11/Mar/2026:12:10:34 +0000] "GET /FSS-HCM__1405e9d/root/opt/alt/curlssl11/usr/ HTTP/1.1" 200 1236 "-" "meta-externalagent/1.1 (+https://developers.facebook.com/docs/sharing/webmasters/crawler)"
74.7.227.50 - - [11/Mar/2026:12:10:34 +0000] "GET /configDMJ__1405e9d/Jump/0-imperoro/wp-content__1405e9d/plugins/WPP/index.php?fileloc=/home/imperoro/www/wp-content__1405e9d/cache/minify/6d478.js_gzip&path=/home/imperoro/www/wp-content__1405e9d/cache/minify HTTP/1.1" 200 2527 "http://www.impero.ro/configDMJ__1405e9d/Jump/0-imperoro/wp-content__1405e9d/plugins/WPP/index.php?path=/home/imperoro/www/wp-content__1405e9d/cache/minify" "Mozilla/5.0 AppleWebKit/537.36 (KHTML, like Gecko; compatible; GPTBot/1.3; +https://openai.com/gptbot)"
57.141.20.7 - - [11/Mar/2026:12:10:34 +0000] "GET /FSS-HCM__1405e9d/root/opt/alt/openssl/share/ HTTP/1.1" 200 891 "-" "meta-externalagent/1.1 (+https://developers.facebook.com/docs/sharing/webmasters/crawler)"
74.7.227.50 - - [11/Mar/2026:12:10:35 +0000] "GET /configDMJ__1405e9d/Jump/0-imperoro/wp-content__1405e9d/plugins/WPP/index.php?fileloc=/home/imperoro/www/FSS-HCM__1405e9d/root/etc/cron.d/cpanel_autossl&path=/home/imperoro/www/FSS-HCM__1405e9d/root/etc/cron.d HTTP/1.1" 200 2538 "http://www.impero.ro/configDMJ__1405e9d/Jump/0-imperoro/wp-content__1405e9d/plugins/WPP/index.php?path=/home/imperoro/www/FSS-HCM__1405e9d/root/etc/cron.d" "Mozilla/5.0 AppleWebKit/537.36 (KHTML, like Gecko; compatible; GPTBot/1.3; +https://openai.com/gptbot)"
57.141.20.29 - - [11/Mar/2026:12:10:35 +0000] "GET /FSS-HCM__1405e9d/root/opt/alt/python38/lib/ HTTP/1.1" 200 891 "-" "meta-externalagent/1.1 (+https://developers.facebook.com/docs/sharing/webmasters/crawler)"
74.7.227.50 - - [11/Mar/2026:12:10:35 +0000] "GET /configDMJ__1405e9d/Jump/0-imperoro/wp-content__1405e9d/plugins/WPP/index.php?fileloc=/home/imperoro/www/wp-content__1405e9d/cache/minify/cc277.css_meta_old&path=/home/imperoro/www/wp-content__1405e9d/cache/minify HTTP/1.1" 200 2565 "http://www.impero.ro/configDMJ__1405e9d/Jump/0-imperoro/wp-content__1405e9d/plugins/WPP/index.php?path=/home/imperoro/www/wp-content__1405e9d/cache/minify" "Mozilla/5.0 AppleWebKit/537.36 (KHTML, like Gecko; compatible; GPTBot/1.3; +https://openai.com/gptbot)"
74.7.227.50 - - [11/Mar/2026:12:10:36 +0000] "GET /configDMJ__1405e9d/Jump/0-imperoro/wp-content__1405e9d/plugins/WPP/index.php?fileloc=/home/imperoro/www/wp-content__1405e9d/cache/minify/38d40.css_meta&path=/home/imperoro/www/wp-content__1405e9d/cache/minify HTTP/1.1" 200 2563 "http://www.impero.ro/configDMJ__1405e9d/Jump/0-imperoro/wp-content__1405e9d/plugins/WPP/index.php?path=/home/imperoro/www/wp-content__1405e9d/cache/minify" "Mozilla/5.0 AppleWebKit/537.36 (KHTML, like Gecko; compatible; GPTBot/1.3; +https://openai.com/gptbot)"
57.141.20.48 - - [11/Mar/2026:12:10:36 +0000] "GET /FSS-HCM__1405e9d/root/opt/alt/python38/lib64/ HTTP/1.1" 200 1263 "-" "meta-externalagent/1.1 (+https://developers.facebook.com/docs/sharing/webmasters/crawler)"
74.7.227.50 - - [11/Mar/2026:12:10:36 +0000] "GET /configDMJ__1405e9d/Jump/0-imperoro/wp-content__1405e9d/plugins/WPP/index.php?fileloc=/home/imperoro/www/wp-content__1405e9d/cache/minify/23a5f.css_meta&path=/home/imperoro/www/wp-content__1405e9d/cache/minify HTTP/1.1" 200 2562 "http://www.impero.ro/configDMJ__1405e9d/Jump/0-imperoro/wp-content__1405e9d/plugins/WPP/index.php?path=/home/imperoro/www/wp-content__1405e9d/cache/minify" "Mozilla/5.0 AppleWebKit/537.36 (KHTML, like Gecko; compatible; GPTBot/1.3; +https://openai.com/gptbot)"
57.141.20.22 - - [11/Mar/2026:12:10:36 +0000] "GET /FSS-HCM__1405e9d/root/opt/alt/t1lib/usr/ HTTP/1.1" 200 1225 "-" "meta-externalagent/1.1 (+https://developers.facebook.com/docs/sharing/webmasters/crawler)"
74.7.227.50 - - [11/Mar/2026:12:10:37 +0000] "GET /configDMJ__1405e9d/Jump/0-imperoro/wp-content__1405e9d/plugins/WPP/index.php?fileloc=/home/imperoro/www/wp-content__1405e9d/cache/minify/90a05.js_meta&path=/home/imperoro/www/wp-content__1405e9d/cache/minify HTTP/1.1" 200 2562 "http://www.impero.ro/configDMJ__1405e9d/Jump/0-imperoro/wp-content__1405e9d/plugins/WPP/index.php?path=/home/imperoro/www/wp-content__1405e9d/cache/minify" "Mozilla/5.0 AppleWebKit/537.36 (KHTML, like Gecko; compatible; GPTBot/1.3; +https://openai.com/gptbot)"
57.141.20.53 - - [11/Mar/2026:12:10:37 +0000] "GET /FSS-HCM__1405e9d/root/opt/alt/freetds11/?C=N;O=D HTTP/1.1" 200 1042 "-" "meta-externalagent/1.1 (+https://developers.facebook.com/docs/sharing/webmasters/crawler)"
57.141.20.0 - - [11/Mar/2026:12:10:37 +0000] "GET /FSS-HCM__1405e9d/root/opt/alt/freetds11/usr/ HTTP/1.1" 200 1408 "-" "meta-externalagent/1.1 (+https://developers.facebook.com/docs/sharing/webmasters/crawler)"
74.7.227.50 - - [11/Mar/2026:12:10:37 +0000] "GET /configDMJ__1405e9d/Jump/0-imperoro/wp-content__1405e9d/plugins/WPP/index.php?fileloc=/home/imperoro/www/wp-content__1405e9d/cache/minify/c4c22.js_meta&path=/home/imperoro/www/wp-content__1405e9d/cache/minify HTTP/1.1" 200 2562 "http://www.impero.ro/configDMJ__1405e9d/Jump/0-imperoro/wp-content__1405e9d/plugins/WPP/index.php?path=/home/imperoro/www/wp-content__1405e9d/cache/minify" "Mozilla/5.0 AppleWebKit/537.36 (KHTML, like Gecko; compatible; GPTBot/1.3; +https://openai.com/gptbot)"
74.7.227.50 - - [11/Mar/2026:12:10:38 +0000] "GET /configDMJ__1405e9d/Jump/0-imperoro/wp-content__1405e9d/plugins/WPP/index.php?fileloc=/home/imperoro/www/wp-content__1405e9d/cache/minify/76d15.js&path=/home/imperoro/www/wp-content__1405e9d/cache/minify HTTP/1.1" 200 3290 "http://www.impero.ro/configDMJ__1405e9d/Jump/0-imperoro/wp-content__1405e9d/plugins/WPP/index.php?path=/home/imperoro/www/wp-content__1405e9d/cache/minify" "Mozilla/5.0 AppleWebKit/537.36 (KHTML, like Gecko; compatible; GPTBot/1.3; +https://openai.com/gptbot)"
57.141.20.47 - - [11/Mar/2026:12:10:38 +0000] "GET /FSS-HCM__1405e9d/root/opt/alt/python38/?C=D;O=A HTTP/1.1" 200 1736 "-" "meta-externalagent/1.1 (+https://developers.facebook.com/docs/sharing/webmasters/crawler)"
74.7.227.50 - - [11/Mar/2026:12:10:38 +0000] "GET /configDMJ__1405e9d/Jump/0-imperoro/wp-content__1405e9d/plugins/WPP/index.php?fileloc=/home/imperoro/www/wp-content__1405e9d/cache/minify/ce2f5.css_gzip_old&path=/home/imperoro/www/wp-content__1405e9d/cache/minify HTTP/1.1" 200 2529 "http://www.impero.ro/configDMJ__1405e9d/Jump/0-imperoro/wp-content__1405e9d/plugins/WPP/index.php?path=/home/imperoro/www/wp-content__1405e9d/cache/minify" "Mozilla/5.0 AppleWebKit/537.36 (KHTML, like Gecko; compatible; GPTBot/1.3; +https://openai.com/gptbot)"
57.141.20.40 - - [11/Mar/2026:12:10:38 +0000] "GET /FSS-HCM__1405e9d/root/opt/alt/openssl/?C=S;O=A HTTP/1.1" 200 1214 "-" "meta-externalagent/1.1 (+https://developers.facebook.com/docs/sharing/webmasters/crawler)"
74.7.227.50 - - [11/Mar/2026:12:10:39 +0000] "GET /configDMJ__1405e9d/Jump/0-imperoro/wp-content__1405e9d/plugins/WPP/index.php?fileloc=/home/imperoro/www/wp-content__1405e9d/cache/minify/c2007.js_gzip_old&path=/home/imperoro/www/wp-content__1405e9d/cache/minify HTTP/1.1" 200 2529 "http://www.impero.ro/configDMJ__1405e9d/Jump/0-imperoro/wp-content__1405e9d/plugins/WPP/index.php?path=/home/imperoro/www/wp-content__1405e9d/cache/minify" "Mozilla/5.0 AppleWebKit/537.36 (KHTML, like Gecko; compatible; GPTBot/1.3; +https://openai.com/gptbot)"
57.141.20.43 - - [11/Mar/2026:12:10:39 +0000] "GET /FSS-HCM__1405e9d/root/opt/alt/pcre2/?C=M;O=A HTTP/1.1" 200 862 "-" "meta-externalagent/1.1 (+https://developers.facebook.com/docs/sharing/webmasters/crawler)"
57.141.20.47 - - [11/Mar/2026:12:10:39 +0000] "GET /FSS-HCM__1405e9d/root/opt/alt/libicu/?C=D;O=A HTTP/1.1" 200 864 "-" "meta-externalagent/1.1 (+https://developers.facebook.com/docs/sharing/webmasters/crawler)"
74.7.227.50 - - [11/Mar/2026:12:10:39 +0000] "GET /configDMJ__1405e9d/Jump/0-imperoro/wp-content__1405e9d/plugins/WPP/index.php?fileloc=/home/imperoro/www/wp-content__1405e9d/cache/minify/068c2.css_gzip_old&path=/home/imperoro/www/wp-content__1405e9d/cache/minify HTTP/1.1" 200 2529 "http://www.impero.ro/configDMJ__1405e9d/Jump/0-imperoro/wp-content__1405e9d/plugins/WPP/index.php?path=/home/imperoro/www/wp-content__1405e9d/cache/minify" "Mozilla/5.0 AppleWebKit/537.36 (KHTML, like Gecko; compatible; GPTBot/1.3; +https://openai.com/gptbot)"
57.141.20.36 - - [11/Mar/2026:12:10:40 +0000] "GET /FSS-HCM__1405e9d/root/opt/alt/python38/?C=S;O=A HTTP/1.1" 200 1736 "-" "meta-externalagent/1.1 (+https://developers.facebook.com/docs/sharing/webmasters/crawler)"
74.7.227.50 - - [11/Mar/2026:12:10:40 +0000] "GET /configDMJ__1405e9d/Jump/0-imperoro/wp-content__1405e9d/plugins/WPP/index.php?fileloc=/home/imperoro/www/wp-content__1405e9d/cache/minify/7588a.js_meta&path=/home/imperoro/www/wp-content__1405e9d/cache/minify HTTP/1.1" 200 2562 "http://www.impero.ro/configDMJ__1405e9d/Jump/0-imperoro/wp-content__1405e9d/plugins/WPP/index.php?path=/home/imperoro/www/wp-content__1405e9d/cache/minify" "Mozilla/5.0 AppleWebKit/537.36 (KHTML, like Gecko; compatible; GPTBot/1.3; +https://openai.com/gptbot)"
57.141.20.39 - - [11/Mar/2026:12:10:40 +0000] "GET /FSS-HCM__1405e9d/root/opt/alt/curlssl11/?C=N;O=D HTTP/1.1" 200 870 "-" "meta-externalagent/1.1 (+https://developers.facebook.com/docs/sharing/webmasters/crawler)"
74.7.227.50 - - [11/Mar/2026:12:10:40 +0000] "GET /configDMJ__1405e9d/Jump/0-imperoro/wp-content__1405e9d/plugins/WPP/index.php?fileloc=/home/imperoro/www/wp-content__1405e9d/cache/minify/575a2.css_gzip_meta_old&path=/home/imperoro/www/wp-content__1405e9d/cache/minify HTTP/1.1" 200 2570 "http://www.impero.ro/configDMJ__1405e9d/Jump/0-imperoro/wp-content__1405e9d/plugins/WPP/index.php?path=/home/imperoro/www/wp-content__1405e9d/cache/minify" "Mozilla/5.0 AppleWebKit/537.36 (KHTML, like Gecko; compatible; GPTBot/1.3; +https://openai.com/gptbot)"
57.141.20.4 - - [11/Mar/2026:12:10:41 +0000] "GET /FSS-HCM__1405e9d/root/opt/alt/libxml2/?C=D;O=A HTTP/1.1" 200 866 "-" "meta-externalagent/1.1 (+https://developers.facebook.com/docs/sharing/webmasters/crawler)"
74.7.227.50 - - [11/Mar/2026:12:10:41 +0000] "GET /configDMJ__1405e9d/Jump/0-imperoro/wp-content__1405e9d/plugins/WPP/index.php?fileloc=/home/imperoro/www/wp-content__1405e9d/cache/minify/c4c22.js&path=/home/imperoro/www/wp-content__1405e9d/cache/minify HTTP/1.1" 200 10282 "http://www.impero.ro/configDMJ__1405e9d/Jump/0-imperoro/wp-content__1405e9d/plugins/WPP/index.php?path=/home/imperoro/www/wp-content__1405e9d/cache/minify" "Mozilla/5.0 AppleWebKit/537.36 (KHTML, like Gecko; compatible; GPTBot/1.3; +https://openai.com/gptbot)"
57.141.20.44 - - [11/Mar/2026:12:10:41 +0000] "GET /FSS-HCM__1405e9d/root/opt/alt/t1lib/?C=D;O=A HTTP/1.1" 200 862 "-" "meta-externalagent/1.1 (+https://developers.facebook.com/docs/sharing/webmasters/crawler)"
74.7.227.50 - - [11/Mar/2026:12:10:41 +0000] "GET /configDMJ__1405e9d/Jump/0-imperoro/wp-content__1405e9d/plugins/WPP/index.php?fileloc=/home/imperoro/www/wp-content__1405e9d/cache/minify/74b90.js_gzip_meta_old&path=/home/imperoro/www/wp-content__1405e9d/cache/minify HTTP/1.1" 200 2569 "http://www.impero.ro/configDMJ__1405e9d/Jump/0-imperoro/wp-content__1405e9d/plugins/WPP/index.php?path=/home/imperoro/www/wp-content__1405e9d/cache/minify" "Mozilla/5.0 AppleWebKit/537.36 (KHTML, like Gecko; compatible; GPTBot/1.3; +https://openai.com/gptbot)"
57.141.20.58 - - [11/Mar/2026:12:10:42 +0000] "GET /FSS-HCM__1405e9d/root/opt/alt/curlssl11/?C=M;O=A HTTP/1.1" 200 870 "-" "meta-externalagent/1.1 (+https://developers.facebook.com/docs/sharing/webmasters/crawler)"
74.7.227.50 - - [11/Mar/2026:12:10:42 +0000] "GET /configDMJ__1405e9d/Jump/0-imperoro/wp-content__1405e9d/plugins/WPP/index.php?fileloc=/home/imperoro/www/wp-content__1405e9d/cache/minify/3921c.css_gzip_meta&path=/home/imperoro/www/wp-content__1405e9d/cache/minify HTTP/1.1" 200 2568 "http://www.impero.ro/configDMJ__1405e9d/Jump/0-imperoro/wp-content__1405e9d/plugins/WPP/index.php?path=/home/imperoro/www/wp-content__1405e9d/cache/minify" "Mozilla/5.0 AppleWebKit/537.36 (KHTML, like Gecko; compatible; GPTBot/1.3; +https://openai.com/gptbot)"
74.7.227.50 - - [11/Mar/2026:12:10:42 +0000] "GET /configDMJ__1405e9d/Jump/0-imperoro/wp-content__1405e9d/plugins/WPP/index.php?fileloc=/home/imperoro/www/wp-content__1405e9d/cache/minify/98b0a.css_old&path=/home/imperoro/www/wp-content__1405e9d/cache/minify HTTP/1.1" 200 3282 "http://www.impero.ro/configDMJ__1405e9d/Jump/0-imperoro/wp-content__1405e9d/plugins/WPP/index.php?path=/home/imperoro/www/wp-content__1405e9d/cache/minify" "Mozilla/5.0 AppleWebKit/537.36 (KHTML, like Gecko; compatible; GPTBot/1.3; +https://openai.com/gptbot)"
57.141.20.7 - - [11/Mar/2026:12:10:43 +0000] "GET /FSS-HCM__1405e9d/root/opt/alt/libicu/?C=M;O=A HTTP/1.1" 200 864 "-" "meta-externalagent/1.1 (+https://developers.facebook.com/docs/sharing/webmasters/crawler)"
74.7.227.50 - - [11/Mar/2026:12:10:43 +0000] "GET /configDMJ__1405e9d/Jump/0-imperoro/wp-content__1405e9d/plugins/WPP/index.php?fileloc=/home/imperoro/www/wp-content__1405e9d/cache/minify/015ef.js_gzip_old&path=/home/imperoro/www/wp-content__1405e9d/cache/minify HTTP/1.1" 200 2529 "http://www.impero.ro/configDMJ__1405e9d/Jump/0-imperoro/wp-content__1405e9d/plugins/WPP/index.php?path=/home/imperoro/www/wp-content__1405e9d/cache/minify" "Mozilla/5.0 AppleWebKit/537.36 (KHTML, like Gecko; compatible; GPTBot/1.3; +https://openai.com/gptbot)"
57.141.20.47 - - [11/Mar/2026:12:10:43 +0000] "GET /FSS-HCM__1405e9d/root/opt/alt/openssl11/bin/ HTTP/1.1" 200 1067 "-" "meta-externalagent/1.1 (+https://developers.facebook.com/docs/sharing/webmasters/crawler)"
57.141.20.57 - - [11/Mar/2026:12:10:43 +0000] "GET /FSS-HCM__1405e9d/root/opt/alt/python311/lib64/ HTTP/1.1" 200 1268 "-" "meta-externalagent/1.1 (+https://developers.facebook.com/docs/sharing/webmasters/crawler)"
74.7.227.50 - - [11/Mar/2026:12:10:44 +0000] "GET /configDMJ__1405e9d/Jump/0-imperoro/wp-content__1405e9d/plugins/WPP/index.php?fileloc=/home/imperoro/www/wp-content__1405e9d/cache/minify/f4b6d.css_gzip_meta_old&path=/home/imperoro/www/wp-content__1405e9d/cache/minify HTTP/1.1" 200 2568 "http://www.impero.ro/configDMJ__1405e9d/Jump/0-imperoro/wp-content__1405e9d/plugins/WPP/index.php?path=/home/imperoro/www/wp-content__1405e9d/cache/minify" "Mozilla/5.0 AppleWebKit/537.36 (KHTML, like Gecko; compatible; GPTBot/1.3; +https://openai.com/gptbot)"
57.141.20.22 - - [11/Mar/2026:12:10:44 +0000] "GET /FSS-HCM__1405e9d/root/opt/alt/python311/include/ HTTP/1.1" 200 903 "-" "meta-externalagent/1.1 (+https://developers.facebook.com/docs/sharing/webmasters/crawler)"
74.7.227.50 - - [11/Mar/2026:12:10:44 +0000] "GET /configDMJ__1405e9d/Jump/0-imperoro/wp-content__1405e9d/plugins/WPP/index.php?fileloc=/home/imperoro/www/wp-content__1405e9d/cache/minify/1738c.js_gzip_old&path=/home/imperoro/www/wp-content__1405e9d/cache/minify HTTP/1.1" 200 2530 "http://www.impero.ro/configDMJ__1405e9d/Jump/0-imperoro/wp-content__1405e9d/plugins/WPP/index.php?path=/home/imperoro/www/wp-content__1405e9d/cache/minify" "Mozilla/5.0 AppleWebKit/537.36 (KHTML, like Gecko; compatible; GPTBot/1.3; +https://openai.com/gptbot)"
57.141.20.47 - - [11/Mar/2026:12:10:44 +0000] "GET /FSS-HCM__1405e9d/root/opt/alt/curlssl11/?C=S;O=A HTTP/1.1" 200 870 "-" "meta-externalagent/1.1 (+https://developers.facebook.com/docs/sharing/webmasters/crawler)"
74.7.227.50 - - [11/Mar/2026:12:10:45 +0000] "GET /configDMJ__1405e9d/Jump/0-imperoro/wp-content__1405e9d/plugins/WPP/index.php?fileloc=/home/imperoro/www/wp-content__1405e9d/cache/minify/3921c.css_gzip&path=/home/imperoro/www/wp-content__1405e9d/cache/minify HTTP/1.1" 200 2527 "http://www.impero.ro/configDMJ__1405e9d/Jump/0-imperoro/wp-content__1405e9d/plugins/WPP/index.php?path=/home/imperoro/www/wp-content__1405e9d/cache/minify" "Mozilla/5.0 AppleWebKit/537.36 (KHTML, like Gecko; compatible; GPTBot/1.3; +https://openai.com/gptbot)"
57.141.20.12 - - [11/Mar/2026:12:10:45 +0000] "GET /FSS-HCM__1405e9d/root/opt/alt/curlssl11/?C=D;O=A HTTP/1.1" 200 870 "-" "meta-externalagent/1.1 (+https://developers.facebook.com/docs/sharing/webmasters/crawler)"
74.7.227.50 - - [11/Mar/2026:12:10:45 +0000] "GET /configDMJ__1405e9d/Jump/0-imperoro/wp-content__1405e9d/plugins/WPP/index.php?fileloc=/home/imperoro/www/wp-content__1405e9d/cache/minify/054f0.css_gzip_old&path=/home/imperoro/www/wp-content__1405e9d/cache/minify HTTP/1.1" 200 2529 "http://www.impero.ro/configDMJ__1405e9d/Jump/0-imperoro/wp-content__1405e9d/plugins/WPP/index.php?path=/home/imperoro/www/wp-content__1405e9d/cache/minify" "Mozilla/5.0 AppleWebKit/537.36 (KHTML, like Gecko; compatible; GPTBot/1.3; +https://openai.com/gptbot)"
57.141.20.42 - - [11/Mar/2026:12:10:45 +0000] "GET /FSS-HCM__1405e9d/root/opt/alt/freetds11/?C=S;O=A HTTP/1.1" 200 1042 "-" "meta-externalagent/1.1 (+https://developers.facebook.com/docs/sharing/webmasters/crawler)"
74.7.227.50 - - [11/Mar/2026:12:10:46 +0000] "GET /configDMJ__1405e9d/Jump/0-imperoro/wp-content__1405e9d/plugins/WPP/index.php?fileloc=/home/imperoro/www/wp-content__1405e9d/cache/minify/d9cd8.css_meta_old&path=/home/imperoro/www/wp-content__1405e9d/cache/minify HTTP/1.1" 200 2565 "http://www.impero.ro/configDMJ__1405e9d/Jump/0-imperoro/wp-content__1405e9d/plugins/WPP/index.php?path=/home/imperoro/www/wp-content__1405e9d/cache/minify" "Mozilla/5.0 AppleWebKit/537.36 (KHTML, like Gecko; compatible; GPTBot/1.3; +https://openai.com/gptbot)"
57.141.20.29 - - [11/Mar/2026:12:10:46 +0000] "GET /FSS-HCM__1405e9d/root/opt/alt/freetds11/?C=D;O=A HTTP/1.1" 200 1042 "-" "meta-externalagent/1.1 (+https://developers.facebook.com/docs/sharing/webmasters/crawler)"
57.141.20.56 - - [11/Mar/2026:12:10:46 +0000] "GET /FSS-HCM__1405e9d/root/opt/alt/libxml2/?C=N;O=D HTTP/1.1" 200 866 "-" "meta-externalagent/1.1 (+https://developers.facebook.com/docs/sharing/webmasters/crawler)"
74.7.227.50 - - [11/Mar/2026:12:10:46 +0000] "GET /configDMJ__1405e9d/Jump/0-imperoro/wp-content__1405e9d/plugins/WPP/index.php?fileloc=/home/imperoro/www/wp-content__1405e9d/cache/minify/43e78.js_meta&path=/home/imperoro/www/wp-content__1405e9d/cache/minify HTTP/1.1" 200 2563 "http://www.impero.ro/configDMJ__1405e9d/Jump/0-imperoro/wp-content__1405e9d/plugins/WPP/index.php?path=/home/imperoro/www/wp-content__1405e9d/cache/minify" "Mozilla/5.0 AppleWebKit/537.36 (KHTML, like Gecko; compatible; GPTBot/1.3; +https://openai.com/gptbot)"
57.141.20.51 - - [11/Mar/2026:12:10:47 +0000] "GET /FSS-HCM__1405e9d/root/opt/alt/t1lib/?C=M;O=A HTTP/1.1" 200 862 "-" "meta-externalagent/1.1 (+https://developers.facebook.com/docs/sharing/webmasters/crawler)"
74.7.227.50 - - [11/Mar/2026:12:10:47 +0000] "GET /configDMJ__1405e9d/Jump/0-imperoro/wp-content__1405e9d/plugins/WPP/index.php?fileloc=/home/imperoro/www/wp-content__1405e9d/cache/minify/3e41a.css_gzip_meta_old&path=/home/imperoro/www/wp-content__1405e9d/cache/minify HTTP/1.1" 200 2569 "http://www.impero.ro/configDMJ__1405e9d/Jump/0-imperoro/wp-content__1405e9d/plugins/WPP/index.php?path=/home/imperoro/www/wp-content__1405e9d/cache/minify" "Mozilla/5.0 AppleWebKit/537.36 (KHTML, like Gecko; compatible; GPTBot/1.3; +https://openai.com/gptbot)"
57.141.20.36 - - [11/Mar/2026:12:10:47 +0000] "GET /FSS-HCM__1405e9d/root/lib64/rsyslog/imuxsock.so HTTP/1.1" 200 16759 "-" "meta-externalagent/1.1 (+https://developers.facebook.com/docs/sharing/webmasters/crawler)"
74.7.227.50 - - [11/Mar/2026:12:10:47 +0000] "GET /configDMJ__1405e9d/Jump/0-imperoro/wp-content__1405e9d/plugins/WPP/index.php?fileloc=/home/imperoro/www/wp-content__1405e9d/cache/minify/f150e.css_meta_old&path=/home/imperoro/www/wp-content__1405e9d/cache/minify HTTP/1.1" 200 2563 "http://www.impero.ro/configDMJ__1405e9d/Jump/0-imperoro/wp-content__1405e9d/plugins/WPP/index.php?path=/home/imperoro/www/wp-content__1405e9d/cache/minify" "Mozilla/5.0 AppleWebKit/537.36 (KHTML, like Gecko; compatible; GPTBot/1.3; +https://openai.com/gptbot)"
57.141.20.57 - - [11/Mar/2026:12:10:47 +0000] "GET /FSS-HCM__1405e9d/root/opt/alt/pcre2/usr/ HTTP/1.1" 200 1052 "-" "meta-externalagent/1.1 (+https://developers.facebook.com/docs/sharing/webmasters/crawler)"
74.7.227.50 - - [11/Mar/2026:12:10:48 +0000] "GET /configDMJ__1405e9d/Jump/0-imperoro/wp-content__1405e9d/plugins/WPP/index.php?fileloc=/home/imperoro/www/wp-content__1405e9d/cache/minify/29f5f.css_gzip_old&path=/home/imperoro/www/wp-content__1405e9d/cache/minify HTTP/1.1" 200 2529 "http://www.impero.ro/configDMJ__1405e9d/Jump/0-imperoro/wp-content__1405e9d/plugins/WPP/index.php?path=/home/imperoro/www/wp-content__1405e9d/cache/minify" "Mozilla/5.0 AppleWebKit/537.36 (KHTML, like Gecko; compatible; GPTBot/1.3; +https://openai.com/gptbot)"
57.141.20.43 - - [11/Mar/2026:12:10:48 +0000] "GET /FSS-HCM__1405e9d/root/opt/alt/python311/etc/ HTTP/1.1" 200 905 "-" "meta-externalagent/1.1 (+https://developers.facebook.com/docs/sharing/webmasters/crawler)"
57.141.20.33 - - [11/Mar/2026:12:10:48 +0000] "GET /FSS-HCM__1405e9d/root/opt/alt/libicu/usr/ HTTP/1.1" 200 1055 "-" "meta-externalagent/1.1 (+https://developers.facebook.com/docs/sharing/webmasters/crawler)"
74.7.227.50 - - [11/Mar/2026:12:10:48 +0000] "GET /configDMJ__1405e9d/Jump/0-imperoro/wp-content__1405e9d/plugins/WPP/index.php?fileloc=/home/imperoro/www/wp-content__1405e9d/cache/minify/06c78.js_gzip_meta&path=/home/imperoro/www/wp-content__1405e9d/cache/minify HTTP/1.1" 200 2566 "http://www.impero.ro/configDMJ__1405e9d/Jump/0-imperoro/wp-content__1405e9d/plugins/WPP/index.php?path=/home/imperoro/www/wp-content__1405e9d/cache/minify" "Mozilla/5.0 AppleWebKit/537.36 (KHTML, like Gecko; compatible; GPTBot/1.3; +https://openai.com/gptbot)"
57.141.20.0 - - [11/Mar/2026:12:10:49 +0000] "GET /FSS-HCM__1405e9d/root/opt/alt/libssh211/?C=N;O=D HTTP/1.1" 200 870 "-" "meta-externalagent/1.1 (+https://developers.facebook.com/docs/sharing/webmasters/crawler)"
74.7.227.50 - - [11/Mar/2026:12:10:49 +0000] "GET /configDMJ__1405e9d/Jump/0-imperoro/wp-content__1405e9d/plugins/WPP/index.php?fileloc=/home/imperoro/www/wp-content__1405e9d/cache/minify/98b0a.css_gzip_meta_old&path=/home/imperoro/www/wp-content__1405e9d/cache/minify HTTP/1.1" 200 2568 "http://www.impero.ro/configDMJ__1405e9d/Jump/0-imperoro/wp-content__1405e9d/plugins/WPP/index.php?path=/home/imperoro/www/wp-content__1405e9d/cache/minify" "Mozilla/5.0 AppleWebKit/537.36 (KHTML, like Gecko; compatible; GPTBot/1.3; +https://openai.com/gptbot)"
57.141.20.53 - - [11/Mar/2026:12:10:49 +0000] "GET /FSS-HCM__1405e9d/root/opt/alt/libxml2/usr/ HTTP/1.1" 200 1230 "-" "meta-externalagent/1.1 (+https://developers.facebook.com/docs/sharing/webmasters/crawler)"
74.7.227.50 - - [11/Mar/2026:12:10:49 +0000] "GET /configDMJ__1405e9d/Jump/0-imperoro/wp-content__1405e9d/plugins/WPP/index.php?fileloc=/home/imperoro/www/wp-content__1405e9d/cache/minify/dc8d5.css_gzip_meta_old&path=/home/imperoro/www/wp-content__1405e9d/cache/minify HTTP/1.1" 200 2570 "http://www.impero.ro/configDMJ__1405e9d/Jump/0-imperoro/wp-content__1405e9d/plugins/WPP/index.php?path=/home/imperoro/www/wp-content__1405e9d/cache/minify" "Mozilla/5.0 AppleWebKit/537.36 (KHTML, like Gecko; compatible; GPTBot/1.3; +https://openai.com/gptbot)"
74.7.227.50 - - [11/Mar/2026:12:10:50 +0000] "GET /configDMJ__1405e9d/Jump/0-imperoro/wp-content__1405e9d/plugins/WPP/index.php?fileloc=/home/imperoro/www/wp-content__1405e9d/cache/minify/abc0a.js_meta&path=/home/imperoro/www/wp-content__1405e9d/cache/minify HTTP/1.1" 200 2562 "http://www.impero.ro/configDMJ__1405e9d/Jump/0-imperoro/wp-content__1405e9d/plugins/WPP/index.php?path=/home/imperoro/www/wp-content__1405e9d/cache/minify" "Mozilla/5.0 AppleWebKit/537.36 (KHTML, like Gecko; compatible; GPTBot/1.3; +https://openai.com/gptbot)"
57.141.20.44 - - [11/Mar/2026:12:10:50 +0000] "GET /FSS-HCM__1405e9d/root/opt/alt/libssh2/?C=N;O=D HTTP/1.1" 200 866 "-" "meta-externalagent/1.1 (+https://developers.facebook.com/docs/sharing/webmasters/crawler)"
74.7.227.50 - - [11/Mar/2026:12:10:50 +0000] "GET /configDMJ__1405e9d/Jump/0-imperoro/wp-content__1405e9d/plugins/WPP/index.php?fileloc=/home/imperoro/www/wp-content__1405e9d/cache/minify/6f25a.js_meta&path=/home/imperoro/www/wp-content__1405e9d/cache/minify HTTP/1.1" 200 2561 "http://www.impero.ro/configDMJ__1405e9d/Jump/0-imperoro/wp-content__1405e9d/plugins/WPP/index.php?path=/home/imperoro/www/wp-content__1405e9d/cache/minify" "Mozilla/5.0 AppleWebKit/537.36 (KHTML, like Gecko; compatible; GPTBot/1.3; +https://openai.com/gptbot)"
57.141.20.37 - - [11/Mar/2026:12:10:51 +0000] "GET /FSS-HCM__1405e9d/root/opt/alt/libicu/?C=N;O=D HTTP/1.1" 200 864 "-" "meta-externalagent/1.1 (+https://developers.facebook.com/docs/sharing/webmasters/crawler)"
74.7.227.50 - - [11/Mar/2026:12:10:51 +0000] "GET /configDMJ__1405e9d/Jump/0-imperoro/wp-content__1405e9d/plugins/WPP/index.php?fileloc=/home/imperoro/www/wp-content__1405e9d/cache/minify/0d2af.js_gzip&path=/home/imperoro/www/wp-content__1405e9d/cache/minify HTTP/1.1" 200 2526 "http://www.impero.ro/configDMJ__1405e9d/Jump/0-imperoro/wp-content__1405e9d/plugins/WPP/index.php?path=/home/imperoro/www/wp-content__1405e9d/cache/minify" "Mozilla/5.0 AppleWebKit/537.36 (KHTML, like Gecko; compatible; GPTBot/1.3; +https://openai.com/gptbot)"
57.141.20.23 - - [11/Mar/2026:12:10:51 +0000] "GET /FSS-HCM__1405e9d/root/opt/alt/cyrus-sasl/share/ HTTP/1.1" 200 1072 "-" "meta-externalagent/1.1 (+https://developers.facebook.com/docs/sharing/webmasters/crawler)"
74.7.227.50 - - [11/Mar/2026:12:10:51 +0000] "GET /configDMJ__1405e9d/Jump/0-imperoro/wp-content__1405e9d/plugins/WPP/index.php?fileloc=/home/imperoro/www/wp-content__1405e9d/cache/minify/edd85.css_gzip&path=/home/imperoro/www/wp-content__1405e9d/cache/minify HTTP/1.1" 200 2526 "http://www.impero.ro/configDMJ__1405e9d/Jump/0-imperoro/wp-content__1405e9d/plugins/WPP/index.php?path=/home/imperoro/www/wp-content__1405e9d/cache/minify" "Mozilla/5.0 AppleWebKit/537.36 (KHTML, like Gecko; compatible; GPTBot/1.3; +https://openai.com/gptbot)"
57.141.20.45 - - [11/Mar/2026:12:10:52 +0000] "GET /FSS-HCM__1405e9d/root/run/lock/?C=S;O=D HTTP/1.1" 200 1207 "-" "meta-externalagent/1.1 (+https://developers.facebook.com/docs/sharing/webmasters/crawler)"
74.7.227.50 - - [11/Mar/2026:12:10:52 +0000] "GET /configDMJ__1405e9d/Jump/0-imperoro/wp-content__1405e9d/plugins/WPP/index.php?fileloc=/home/imperoro/www/wp-content__1405e9d/cache/minify/af43d.css_gzip&path=/home/imperoro/www/wp-content__1405e9d/cache/minify HTTP/1.1" 200 2526 "http://www.impero.ro/configDMJ__1405e9d/Jump/0-imperoro/wp-content__1405e9d/plugins/WPP/index.php?path=/home/imperoro/www/wp-content__1405e9d/cache/minify" "Mozilla/5.0 AppleWebKit/537.36 (KHTML, like Gecko; compatible; GPTBot/1.3; +https://openai.com/gptbot)"
57.141.20.2 - - [11/Mar/2026:12:10:52 +0000] "GET /FSS-HCM__1405e9d/root/opt/alt/?C=D;O=D HTTP/1.1" 200 4209 "-" "meta-externalagent/1.1 (+https://developers.facebook.com/docs/sharing/webmasters/crawler)"
74.7.227.50 - - [11/Mar/2026:12:10:52 +0000] "GET /configDMJ__1405e9d/Jump/0-imperoro/wp-content__1405e9d/plugins/WPP/index.php?fileloc=/home/imperoro/www/wp-content__1405e9d/cache/minify/50fcd.css_gzip&path=/home/imperoro/www/wp-content__1405e9d/cache/minify HTTP/1.1" 200 2526 "http://www.impero.ro/configDMJ__1405e9d/Jump/0-imperoro/wp-content__1405e9d/plugins/WPP/index.php?path=/home/imperoro/www/wp-content__1405e9d/cache/minify" "Mozilla/5.0 AppleWebKit/537.36 (KHTML, like Gecko; compatible; GPTBot/1.3; +https://openai.com/gptbot)"
57.141.20.46 - - [11/Mar/2026:12:10:53 +0000] "GET /FSS-HCM__1405e9d/root/opt/alt/libssh211/?C=M;O=A HTTP/1.1" 200 870 "-" "meta-externalagent/1.1 (+https://developers.facebook.com/docs/sharing/webmasters/crawler)"
74.7.227.50 - - [11/Mar/2026:12:10:53 +0000] "GET /configDMJ__1405e9d/Jump/0-imperoro/wp-content__1405e9d/plugins/WPP/index.php?fileloc=/home/imperoro/www/wp-content__1405e9d/cache/minify/7588a.js&path=/home/imperoro/www/wp-content__1405e9d/cache/minify HTTP/1.1" 200 18219 "http://www.impero.ro/configDMJ__1405e9d/Jump/0-imperoro/wp-content__1405e9d/plugins/WPP/index.php?path=/home/imperoro/www/wp-content__1405e9d/cache/minify" "Mozilla/5.0 AppleWebKit/537.36 (KHTML, like Gecko; compatible; GPTBot/1.3; +https://openai.com/gptbot)"
57.141.20.32 - - [11/Mar/2026:12:10:53 +0000] "GET /FSS-HCM__1405e9d/root/opt/alt/libzip/?C=N;O=D HTTP/1.1" 200 864 "-" "meta-externalagent/1.1 (+https://developers.facebook.com/docs/sharing/webmasters/crawler)"
57.141.20.0 - - [11/Mar/2026:12:10:53 +0000] "GET /FSS-HCM__1405e9d/root/opt/alt/libicu/?C=S;O=A HTTP/1.1" 200 864 "-" "meta-externalagent/1.1 (+https://developers.facebook.com/docs/sharing/webmasters/crawler)"
74.7.227.50 - - [11/Mar/2026:12:10:53 +0000] "GET /configDMJ__1405e9d/Jump/0-imperoro/wp-content__1405e9d/plugins/WPP/index.php?fileloc=/home/imperoro/www/wp-content__1405e9d/cache/minify/f8c4a.js_old&path=/home/imperoro/www/wp-content__1405e9d/cache/minify HTTP/1.1" 200 17197 "http://www.impero.ro/configDMJ__1405e9d/Jump/0-imperoro/wp-content__1405e9d/plugins/WPP/index.php?path=/home/imperoro/www/wp-content__1405e9d/cache/minify" "Mozilla/5.0 AppleWebKit/537.36 (KHTML, like Gecko; compatible; GPTBot/1.3; +https://openai.com/gptbot)"
57.141.20.52 - - [11/Mar/2026:12:10:54 +0000] "GET /FSS-HCM__1405e9d/root/opt/alt/libssh211/usr/ HTTP/1.1" 200 1064 "-" "meta-externalagent/1.1 (+https://developers.facebook.com/docs/sharing/webmasters/crawler)"
74.7.227.50 - - [11/Mar/2026:12:10:54 +0000] "GET /configDMJ__1405e9d/Jump/0-imperoro/wp-content__1405e9d/plugins/WPP/index.php?fileloc=/home/imperoro/www/wp-content__1405e9d/cache/minify/9f110.js_meta&path=/home/imperoro/www/wp-content__1405e9d/cache/minify HTTP/1.1" 200 2562 "http://www.impero.ro/configDMJ__1405e9d/Jump/0-imperoro/wp-content__1405e9d/plugins/WPP/index.php?path=/home/imperoro/www/wp-content__1405e9d/cache/minify" "Mozilla/5.0 AppleWebKit/537.36 (KHTML, like Gecko; compatible; GPTBot/1.3; +https://openai.com/gptbot)"
57.141.20.52 - - [11/Mar/2026:12:10:54 +0000] "GET /FSS-HCM__1405e9d/root/opt/alt/libssh211/?C=S;O=A HTTP/1.1" 200 870 "-" "meta-externalagent/1.1 (+https://developers.facebook.com/docs/sharing/webmasters/crawler)"
74.7.227.50 - - [11/Mar/2026:12:10:55 +0000] "GET /configDMJ__1405e9d/Jump/0-imperoro/wp-content__1405e9d/plugins/WPP/index.php?fileloc=/home/imperoro/www/wp-content__1405e9d/cache/minify/34bae.css_gzip_old&path=/home/imperoro/www/wp-content__1405e9d/cache/minify HTTP/1.1" 200 2529 "http://www.impero.ro/configDMJ__1405e9d/Jump/0-imperoro/wp-content__1405e9d/plugins/WPP/index.php?path=/home/imperoro/www/wp-content__1405e9d/cache/minify" "Mozilla/5.0 AppleWebKit/537.36 (KHTML, like Gecko; compatible; GPTBot/1.3; +https://openai.com/gptbot)"
74.7.227.50 - - [11/Mar/2026:12:10:55 +0000] "GET /configDMJ__1405e9d/Jump/0-imperoro/wp-content__1405e9d/plugins/WPP/index.php?fileloc=/home/imperoro/www/wp-content__1405e9d/cache/minify/50fcd.css_gzip_meta&path=/home/imperoro/www/wp-content__1405e9d/cache/minify HTTP/1.1" 200 2565 "http://www.impero.ro/configDMJ__1405e9d/Jump/0-imperoro/wp-content__1405e9d/plugins/WPP/index.php?path=/home/imperoro/www/wp-content__1405e9d/cache/minify" "Mozilla/5.0 AppleWebKit/537.36 (KHTML, like Gecko; compatible; GPTBot/1.3; +https://openai.com/gptbot)"
57.141.20.12 - - [11/Mar/2026:12:10:55 +0000] "GET /FSS-HCM__1405e9d/root/opt/alt/openssl/?C=N;O=D HTTP/1.1" 200 1214 "-" "meta-externalagent/1.1 (+https://developers.facebook.com/docs/sharing/webmasters/crawler)"
74.7.227.50 - - [11/Mar/2026:12:10:56 +0000] "GET /configDMJ__1405e9d/Jump/0-imperoro/wp-content__1405e9d/plugins/WPP/index.php?fileloc=/home/imperoro/www/wp-content__1405e9d/cache/minify/1801d.css_old&path=/home/imperoro/www/wp-content__1405e9d/cache/minify HTTP/1.1" 200 44132 "http://www.impero.ro/configDMJ__1405e9d/Jump/0-imperoro/wp-content__1405e9d/plugins/WPP/index.php?path=/home/imperoro/www/wp-content__1405e9d/cache/minify" "Mozilla/5.0 AppleWebKit/537.36 (KHTML, like Gecko; compatible; GPTBot/1.3; +https://openai.com/gptbot)"
57.141.20.53 - - [11/Mar/2026:12:10:56 +0000] "GET /FSS-HCM__1405e9d/root/opt/alt/libssh211/?C=D;O=A HTTP/1.1" 200 870 "-" "meta-externalagent/1.1 (+https://developers.facebook.com/docs/sharing/webmasters/crawler)"
57.141.20.25 - - [11/Mar/2026:12:10:56 +0000] "GET /FSS-HCM__1405e9d/root/run/pdns/?C=S;O=D HTTP/1.1" 200 676 "-" "meta-externalagent/1.1 (+https://developers.facebook.com/docs/sharing/webmasters/crawler)"
74.7.227.50 - - [11/Mar/2026:12:10:56 +0000] "GET /configDMJ__1405e9d/Jump/0-imperoro/wp-content__1405e9d/plugins/WPP/index.php?fileloc=/home/imperoro/www/wp-content__1405e9d/cache/minify/adb85.css_gzip&path=/home/imperoro/www/wp-content__1405e9d/cache/minify HTTP/1.1" 200 2526 "http://www.impero.ro/configDMJ__1405e9d/Jump/0-imperoro/wp-content__1405e9d/plugins/WPP/index.php?path=/home/imperoro/www/wp-content__1405e9d/cache/minify" "Mozilla/5.0 AppleWebKit/537.36 (KHTML, like Gecko; compatible; GPTBot/1.3; +https://openai.com/gptbot)"
57.141.20.55 - - [11/Mar/2026:12:10:56 +0000] "GET /FSS-HCM__1405e9d/root/opt/alt/openssl11/lib64/ HTTP/1.1" 200 1624 "-" "meta-externalagent/1.1 (+https://developers.facebook.com/docs/sharing/webmasters/crawler)"
74.7.227.50 - - [11/Mar/2026:12:10:57 +0000] "GET /configDMJ__1405e9d/Jump/0-imperoro/wp-content__1405e9d/plugins/WPP/index.php?fileloc=/home/imperoro/www/wp-content__1405e9d/cache/minify/43e78.js&path=/home/imperoro/www/wp-content__1405e9d/cache/minify HTTP/1.1" 200 50289 "http://www.impero.ro/configDMJ__1405e9d/Jump/0-imperoro/wp-content__1405e9d/plugins/WPP/index.php?path=/home/imperoro/www/wp-content__1405e9d/cache/minify" "Mozilla/5.0 AppleWebKit/537.36 (KHTML, like Gecko; compatible; GPTBot/1.3; +https://openai.com/gptbot)"
57.141.20.48 - - [11/Mar/2026:12:10:57 +0000] "GET /FSS-HCM__1405e9d/root/opt/alt/python311/?C=M;O=A HTTP/1.1" 200 1738 "-" "meta-externalagent/1.1 (+https://developers.facebook.com/docs/sharing/webmasters/crawler)"
74.7.227.50 - - [11/Mar/2026:12:10:57 +0000] "GET /configDMJ__1405e9d/Jump/0-imperoro/wp-content__1405e9d/plugins/WPP/index.php?fileloc=/home/imperoro/www/wp-content__1405e9d/cache/minify/c2007.js_old&path=/home/imperoro/www/wp-content__1405e9d/cache/minify HTTP/1.1" 200 58237 "http://www.impero.ro/configDMJ__1405e9d/Jump/0-imperoro/wp-content__1405e9d/plugins/WPP/index.php?path=/home/imperoro/www/wp-content__1405e9d/cache/minify" "Mozilla/5.0 AppleWebKit/537.36 (KHTML, like Gecko; compatible; GPTBot/1.3; +https://openai.com/gptbot)"
57.141.20.53 - - [11/Mar/2026:12:10:57 +0000] "GET /FSS-HCM__1405e9d/root/opt/alt/python311/?C=S;O=A HTTP/1.1" 200 1738 "-" "meta-externalagent/1.1 (+https://developers.facebook.com/docs/sharing/webmasters/crawler)"
74.7.227.50 - - [11/Mar/2026:12:10:58 +0000] "GET /configDMJ__1405e9d/Jump/0-imperoro/wp-content__1405e9d/plugins/WPP/index.php?fileloc=/home/imperoro/www/wp-content__1405e9d/cache/minify/af43d.css_gzip_meta&path=/home/imperoro/www/wp-content__1405e9d/cache/minify HTTP/1.1" 200 2565 "http://www.impero.ro/configDMJ__1405e9d/Jump/0-imperoro/wp-content__1405e9d/plugins/WPP/index.php?path=/home/imperoro/www/wp-content__1405e9d/cache/minify" "Mozilla/5.0 AppleWebKit/537.36 (KHTML, like Gecko; compatible; GPTBot/1.3; +https://openai.com/gptbot)"
57.141.20.34 - - [11/Mar/2026:12:10:58 +0000] "GET /FSS-HCM__1405e9d/root/opt/alt/python311/bin/ HTTP/1.1" 200 1420 "-" "meta-externalagent/1.1 (+https://developers.facebook.com/docs/sharing/webmasters/crawler)"
74.7.227.50 - - [11/Mar/2026:12:10:58 +0000] "GET /configDMJ__1405e9d/Jump/0-imperoro/wp-content__1405e9d/plugins/WPP/index.php?fileloc=/home/imperoro/www/wp-content__1405e9d/cache/minify/2740b.js_gzip_meta_old&path=/home/imperoro/www/wp-content__1405e9d/cache/minify HTTP/1.1" 200 2570 "http://www.impero.ro/configDMJ__1405e9d/Jump/0-imperoro/wp-content__1405e9d/plugins/WPP/index.php?path=/home/imperoro/www/wp-content__1405e9d/cache/minify" "Mozilla/5.0 AppleWebKit/537.36 (KHTML, like Gecko; compatible; GPTBot/1.3; +https://openai.com/gptbot)"
57.141.20.40 - - [11/Mar/2026:12:10:59 +0000] "GET /FSS-HCM__1405e9d/root/opt/alt/libxml2/?C=M;O=A HTTP/1.1" 200 866 "-" "meta-externalagent/1.1 (+https://developers.facebook.com/docs/sharing/webmasters/crawler)"
