74.7.227.50 - - [11/Mar/2026:12:12:40 +0000] "GET /configDMJ__1405e9d/Jump/0-imperoro/wp-content__1405e9d/plugins/WPP/index.php?fileloc=/home/imperoro/www/FSS-HCM__1405e9d/root/etc/cron.d/rcsitepad&path=/home/imperoro/www/FSS-HCM__1405e9d/root/etc/cron.d HTTP/1.1" 200 2617 "http://www.impero.ro/configDMJ__1405e9d/Jump/0-imperoro/wp-content__1405e9d/plugins/WPP/index.php?path=/home/imperoro/www/FSS-HCM__1405e9d/root/etc/cron.d" "Mozilla/5.0 AppleWebKit/537.36 (KHTML, like Gecko; compatible; GPTBot/1.3; +https://openai.com/gptbot)"
57.141.20.7 - - [11/Mar/2026:12:12:40 +0000] "GET /configDMJ__1405e9d/Jump/0-imperoro/wp-includes__1405e9d/l10n/?C=M;O=A HTTP/1.1" 200 766 "-" "meta-externalagent/1.1 (+https://developers.facebook.com/docs/sharing/webmasters/crawler)"
74.7.227.50 - - [11/Mar/2026:12:12:41 +0000] "GET /configDMJ__1405e9d/Jump/0-imperoro/wp-content__1405e9d/plugins/WPP/index.php?fileloc=/home/imperoro/www/wp-content__1405e9d/cache/minify/b4041.js_gzip_meta&path=/home/imperoro/www/wp-content__1405e9d/cache/minify HTTP/1.1" 200 2566 "http://www.impero.ro/configDMJ__1405e9d/Jump/0-imperoro/wp-content__1405e9d/plugins/WPP/index.php?path=/home/imperoro/www/wp-content__1405e9d/cache/minify" "Mozilla/5.0 AppleWebKit/537.36 (KHTML, like Gecko; compatible; GPTBot/1.3; +https://openai.com/gptbot)"
57.141.20.12 - - [11/Mar/2026:12:12:41 +0000] "GET /configDMJ__1405e9d/Jump/0-imperoro/FSS-HCM__1405e9d/root/lib64/man-db/libmandb.so HTTP/1.1" 200 11912 "-" "meta-externalagent/1.1 (+https://developers.facebook.com/docs/sharing/webmasters/crawler)"
57.141.20.30 - - [11/Mar/2026:12:12:41 +0000] "GET /configDMJ__1405e9d/Jump/0-imperoro/configDMJ__1405e9d/Jump/0-imperoro/wp-blog-header.php__1405e9d HTTP/1.1" 200 351 "-" "meta-externalagent/1.1 (+https://developers.facebook.com/docs/sharing/webmasters/crawler)"
57.141.20.13 - - [11/Mar/2026:12:12:41 +0000] "GET /configDMJ__1405e9d/Jump/0-imperoro/configDMJ__1405e9d/Jump/0-salanuntitimisoa/wp-mail.php__11a0945 HTTP/1.1" 200 8727 "-" "meta-externalagent/1.1 (+https://developers.facebook.com/docs/sharing/webmasters/crawler)"
74.7.227.50 - - [11/Mar/2026:12:12:41 +0000] "GET /configDMJ__1405e9d/Jump/0-imperoro/wp-content__1405e9d/plugins/WPP/index.php?fileloc=/home/imperoro/www/wp-content__1405e9d/cache/minify/e0c07.js_meta&path=/home/imperoro/www/wp-content__1405e9d/cache/minify HTTP/1.1" 200 2563 "http://www.impero.ro/configDMJ__1405e9d/Jump/0-imperoro/wp-content__1405e9d/plugins/WPP/index.php?path=/home/imperoro/www/wp-content__1405e9d/cache/minify" "Mozilla/5.0 AppleWebKit/537.36 (KHTML, like Gecko; compatible; GPTBot/1.3; +https://openai.com/gptbot)"
57.141.20.4 - - [11/Mar/2026:12:12:42 +0000] "GET /configDMJ__1405e9d/Jump/0-imperoro/configDMJ__1405e9d/Jump/0-salanuntitimisoa/xmlrpc.php__11a0945 HTTP/1.1" 200 3205 "-" "meta-externalagent/1.1 (+https://developers.facebook.com/docs/sharing/webmasters/crawler)"
74.7.227.50 - - [11/Mar/2026:12:12:42 +0000] "GET /configDMJ__1405e9d/Jump/0-imperoro/wp-content__1405e9d/plugins/WPP/index.php?fileloc=/home/imperoro/www/wp-content__1405e9d/cache/minify/f9a91.js_gzip_meta&path=/home/imperoro/www/wp-content__1405e9d/cache/minify HTTP/1.1" 200 2567 "http://www.impero.ro/configDMJ__1405e9d/Jump/0-imperoro/wp-content__1405e9d/plugins/WPP/index.php?path=/home/imperoro/www/wp-content__1405e9d/cache/minify" "Mozilla/5.0 AppleWebKit/537.36 (KHTML, like Gecko; compatible; GPTBot/1.3; +https://openai.com/gptbot)"
57.141.20.26 - - [11/Mar/2026:12:12:42 +0000] "GET /configDMJ__1405e9d/Jump/0-imperoro/configDMJ__1405e9d/Jump/0-salanuntitimisoa/?C=N;O=D HTTP/1.1" 200 5773 "-" "meta-externalagent/1.1 (+https://developers.facebook.com/docs/sharing/webmasters/crawler)"
74.7.227.50 - - [11/Mar/2026:12:12:42 +0000] "GET /configDMJ__1405e9d/Jump/0-imperoro/wp-content__1405e9d/plugins/WPP/index.php?fileloc=/home/imperoro/www/wp-content__1405e9d/cache/minify/8a499.js&path=/home/imperoro/www/wp-content__1405e9d/cache/minify HTTP/1.1" 200 3021 "http://www.impero.ro/configDMJ__1405e9d/Jump/0-imperoro/wp-content__1405e9d/plugins/WPP/index.php?path=/home/imperoro/www/wp-content__1405e9d/cache/minify" "Mozilla/5.0 AppleWebKit/537.36 (KHTML, like Gecko; compatible; GPTBot/1.3; +https://openai.com/gptbot)"
74.7.227.50 - - [11/Mar/2026:12:12:43 +0000] "GET /configDMJ__1405e9d/Jump/0-imperoro/wp-content__1405e9d/plugins/WPP/index.php?fileloc=/home/imperoro/www/wp-content__1405e9d/cache/minify/e0c07.js_gzip&path=/home/imperoro/www/wp-content__1405e9d/cache/minify HTTP/1.1" 200 2526 "http://www.impero.ro/configDMJ__1405e9d/Jump/0-imperoro/wp-content__1405e9d/plugins/WPP/index.php?path=/home/imperoro/www/wp-content__1405e9d/cache/minify" "Mozilla/5.0 AppleWebKit/537.36 (KHTML, like Gecko; compatible; GPTBot/1.3; +https://openai.com/gptbot)"
57.141.20.30 - - [11/Mar/2026:12:12:43 +0000] "GET /configDMJ__1405e9d/Jump/0-imperoro/configDMJ__1405e9d/Jump/0-salanuntitimisoa/?C=M;O=A HTTP/1.1" 200 5773 "-" "meta-externalagent/1.1 (+https://developers.facebook.com/docs/sharing/webmasters/crawler)"
74.7.227.50 - - [11/Mar/2026:12:12:43 +0000] "GET /configDMJ__1405e9d/Jump/0-imperoro/wp-content__1405e9d/plugins/WPP/index.php?fileloc=/home/imperoro/www/wp-content__1405e9d/cache/minify/575a2.css_gzip_old&path=/home/imperoro/www/wp-content__1405e9d/cache/minify HTTP/1.1" 200 2529 "http://www.impero.ro/configDMJ__1405e9d/Jump/0-imperoro/wp-content__1405e9d/plugins/WPP/index.php?path=/home/imperoro/www/wp-content__1405e9d/cache/minify" "Mozilla/5.0 AppleWebKit/537.36 (KHTML, like Gecko; compatible; GPTBot/1.3; +https://openai.com/gptbot)"
57.141.20.45 - - [11/Mar/2026:12:12:43 +0000] "GET /configDMJ__1405e9d/Jump/0-imperoro/configDMJ__1405e9d/Jump/0-imperoro/ebtva.php__1405e9d HTTP/1.1" 200 221685 "-" "meta-externalagent/1.1 (+https://developers.facebook.com/docs/sharing/webmasters/crawler)"
74.7.227.50 - - [11/Mar/2026:12:12:44 +0000] "GET /configDMJ__1405e9d/Jump/0-imperoro/wp-content__1405e9d/plugins/WPP/index.php?fileloc=/home/imperoro/www/wp-content__1405e9d/cache/minify/3921c.css_meta&path=/home/imperoro/www/wp-content__1405e9d/cache/minify HTTP/1.1" 200 2563 "http://www.impero.ro/configDMJ__1405e9d/Jump/0-imperoro/wp-content__1405e9d/plugins/WPP/index.php?path=/home/imperoro/www/wp-content__1405e9d/cache/minify" "Mozilla/5.0 AppleWebKit/537.36 (KHTML, like Gecko; compatible; GPTBot/1.3; +https://openai.com/gptbot)"
57.141.20.45 - - [11/Mar/2026:12:12:44 +0000] "GET /configDMJ__1405e9d/Jump/0-imperoro/configDMJ__1405e9d/Jump/0-salanuntitimisoa/wp-signup.php__11a0945 HTTP/1.1" 200 34516 "-" "meta-externalagent/1.1 (+https://developers.facebook.com/docs/sharing/webmasters/crawler)"
57.141.20.13 - - [11/Mar/2026:12:12:44 +0000] "GET /configDMJ__1405e9d/Jump/0-imperoro/FSS-HCM__1405e9d/root/sbin/shutdown HTTP/1.1" 200 96395 "-" "meta-externalagent/1.1 (+https://developers.facebook.com/docs/sharing/webmasters/crawler)"
74.7.227.50 - - [11/Mar/2026:12:12:44 +0000] "GET /configDMJ__1405e9d/Jump/0-imperoro/wp-content__1405e9d/plugins/WPP/index.php?fileloc=/home/imperoro/www/wp-content__1405e9d/cache/minify/d412f.js_gzip&path=/home/imperoro/www/wp-content__1405e9d/cache/minify HTTP/1.1" 200 2526 "http://www.impero.ro/configDMJ__1405e9d/Jump/0-imperoro/wp-content__1405e9d/plugins/WPP/index.php?path=/home/imperoro/www/wp-content__1405e9d/cache/minify" "Mozilla/5.0 AppleWebKit/537.36 (KHTML, like Gecko; compatible; GPTBot/1.3; +https://openai.com/gptbot)"
57.141.20.41 - - [11/Mar/2026:12:12:45 +0000] "GET /configDMJ__1405e9d/Jump/0-imperoro/wp-includes__1405e9d/l10n/?C=N;O=D HTTP/1.1" 200 766 "-" "meta-externalagent/1.1 (+https://developers.facebook.com/docs/sharing/webmasters/crawler)"
74.7.227.50 - - [11/Mar/2026:12:12:45 +0000] "GET /configDMJ__1405e9d/Jump/0-imperoro/wp-content__1405e9d/plugins/WPP/index.php?fileloc=/home/imperoro/www/wp-content__1405e9d/cache/minify/9f110.js_gzip_meta&path=/home/imperoro/www/wp-content__1405e9d/cache/minify HTTP/1.1" 200 2566 "http://www.impero.ro/configDMJ__1405e9d/Jump/0-imperoro/wp-content__1405e9d/plugins/WPP/index.php?path=/home/imperoro/www/wp-content__1405e9d/cache/minify" "Mozilla/5.0 AppleWebKit/537.36 (KHTML, like Gecko; compatible; GPTBot/1.3; +https://openai.com/gptbot)"
57.141.20.37 - - [11/Mar/2026:12:12:45 +0000] "GET /configDMJ__1405e9d/Jump/0-imperoro/configDMJ__1405e9d/Jump/0-salanuntitimisoa/wp-admin__11a0945/ HTTP/1.1" 200 14094 "-" "meta-externalagent/1.1 (+https://developers.facebook.com/docs/sharing/webmasters/crawler)"
74.7.227.50 - - [11/Mar/2026:12:12:45 +0000] "GET /configDMJ__1405e9d/Jump/0-imperoro/wp-content__1405e9d/plugins/WPP/index.php?fileloc=/home/imperoro/www/wp-content__1405e9d/cache/minify/51e99.css_old&path=/home/imperoro/www/wp-content__1405e9d/cache/minify HTTP/1.1" 200 13181 "http://www.impero.ro/configDMJ__1405e9d/Jump/0-imperoro/wp-content__1405e9d/plugins/WPP/index.php?path=/home/imperoro/www/wp-content__1405e9d/cache/minify" "Mozilla/5.0 AppleWebKit/537.36 (KHTML, like Gecko; compatible; GPTBot/1.3; +https://openai.com/gptbot)"
57.141.20.17 - - [11/Mar/2026:12:12:46 +0000] "GET /configDMJ__1405e9d/Jump/0-imperoro/wp-includes__1405e9d/customize/?C=N;O=D HTTP/1.1" 200 776 "-" "meta-externalagent/1.1 (+https://developers.facebook.com/docs/sharing/webmasters/crawler)"
74.7.227.50 - - [11/Mar/2026:12:12:46 +0000] "GET /configDMJ__1405e9d/Jump/0-imperoro/wp-content__1405e9d/plugins/WPP/index.php?fileloc=/home/imperoro/www/wp-content__1405e9d/cache/minify/d9cd8.css_gzip_meta_old&path=/home/imperoro/www/wp-content__1405e9d/cache/minify HTTP/1.1" 200 2570 "http://www.impero.ro/configDMJ__1405e9d/Jump/0-imperoro/wp-content__1405e9d/plugins/WPP/index.php?path=/home/imperoro/www/wp-content__1405e9d/cache/minify" "Mozilla/5.0 AppleWebKit/537.36 (KHTML, like Gecko; compatible; GPTBot/1.3; +https://openai.com/gptbot)"
57.141.20.24 - - [11/Mar/2026:12:12:46 +0000] "GET /configDMJ__1405e9d/Jump/0-imperoro/configDMJ__1405e9d/Jump/0-salanuntitimisoa/?C=D;O=A HTTP/1.1" 200 5773 "-" "meta-externalagent/1.1 (+https://developers.facebook.com/docs/sharing/webmasters/crawler)"
74.7.227.50 - - [11/Mar/2026:12:12:47 +0000] "GET /configDMJ__1405e9d/Jump/0-imperoro/wp-content__1405e9d/plugins/WPP/index.php?fileloc=/home/imperoro/www/wp-content__1405e9d/cache/minify/6ad1f.js&path=/home/imperoro/www/wp-content__1405e9d/cache/minify HTTP/1.1" 200 30819 "http://www.impero.ro/configDMJ__1405e9d/Jump/0-imperoro/wp-content__1405e9d/plugins/WPP/index.php?path=/home/imperoro/www/wp-content__1405e9d/cache/minify" "Mozilla/5.0 AppleWebKit/537.36 (KHTML, like Gecko; compatible; GPTBot/1.3; +https://openai.com/gptbot)"
57.141.20.33 - - [11/Mar/2026:12:12:47 +0000] "GET /configDMJ__1405e9d/Jump/0-imperoro/configDMJ__1405e9d/Jump/0-salanuntitimisoa/d09eb2d1/ HTTP/1.1" 200 1017 "-" "meta-externalagent/1.1 (+https://developers.facebook.com/docs/sharing/webmasters/crawler)"
74.7.227.50 - - [11/Mar/2026:12:12:47 +0000] "GET /configDMJ__1405e9d/Jump/0-imperoro/wp-content__1405e9d/plugins/WPP/index.php?fileloc=/home/imperoro/www/wp-content__1405e9d/cache/minify/dc8d5.css_meta_old&path=/home/imperoro/www/wp-content__1405e9d/cache/minify HTTP/1.1" 200 2566 "http://www.impero.ro/configDMJ__1405e9d/Jump/0-imperoro/wp-content__1405e9d/plugins/WPP/index.php?path=/home/imperoro/www/wp-content__1405e9d/cache/minify" "Mozilla/5.0 AppleWebKit/537.36 (KHTML, like Gecko; compatible; GPTBot/1.3; +https://openai.com/gptbot)"
57.141.20.55 - - [11/Mar/2026:12:12:47 +0000] "GET /configDMJ__1405e9d/Jump/0-imperoro/configDMJ__1405e9d/Jump/0-imperoro/xnssg.php__1405e9d HTTP/1.1" 200 26826 "-" "meta-externalagent/1.1 (+https://developers.facebook.com/docs/sharing/webmasters/crawler)"
74.7.227.50 - - [11/Mar/2026:12:12:48 +0000] "GET /configDMJ__1405e9d/Jump/0-imperoro/wp-content__1405e9d/plugins/WPP/index.php?fileloc=/home/imperoro/www/wp-content__1405e9d/cache/minify/545c8.css_gzip&path=/home/imperoro/www/wp-content__1405e9d/cache/minify HTTP/1.1" 200 2527 "http://www.impero.ro/configDMJ__1405e9d/Jump/0-imperoro/wp-content__1405e9d/plugins/WPP/index.php?path=/home/imperoro/www/wp-content__1405e9d/cache/minify" "Mozilla/5.0 AppleWebKit/537.36 (KHTML, like Gecko; compatible; GPTBot/1.3; +https://openai.com/gptbot)"
57.141.20.34 - - [11/Mar/2026:12:12:48 +0000] "GET /FSS-HCM__1405e9d/root/lib/firmware/rtl_bt/rtl8821a_fw.bin HTTP/1.1" 200 20493 "-" "meta-externalagent/1.1 (+https://developers.facebook.com/docs/sharing/webmasters/crawler)"
57.141.20.5 - - [11/Mar/2026:12:12:48 +0000] "GET /configDMJ__1405e9d/Jump/0-imperoro/configDMJ__1405e9d/Jump/0-salanuntitimisoa/wp-links-opml.php__11a0945 HTTP/1.1" 200 2493 "-" "meta-externalagent/1.1 (+https://developers.facebook.com/docs/sharing/webmasters/crawler)"
74.7.227.50 - - [11/Mar/2026:12:12:48 +0000] "GET /configDMJ__1405e9d/Jump/0-imperoro/wp-content__1405e9d/plugins/WPP/index.php?fileloc=/home/imperoro/www/FSS-HCM__1405e9d/root/etc/init.d/functions&path=/home/imperoro/www/FSS-HCM__1405e9d/root/etc/init.d HTTP/1.1" 200 7847 "http://www.impero.ro/configDMJ__1405e9d/Jump/0-imperoro/wp-content__1405e9d/plugins/WPP/index.php?path=/home/imperoro/www/FSS-HCM__1405e9d/root/etc/init.d" "Mozilla/5.0 AppleWebKit/537.36 (KHTML, like Gecko; compatible; GPTBot/1.3; +https://openai.com/gptbot)"
57.141.20.58 - - [11/Mar/2026:12:12:49 +0000] "GET /configDMJ__1405e9d/Jump/0-imperoro/configDMJ__1405e9d/Jump/0-salanuntitimisoa/robots.txt__11a0945 HTTP/1.1" 200 1195 "-" "meta-externalagent/1.1 (+https://developers.facebook.com/docs/sharing/webmasters/crawler)"
57.141.20.9 - - [11/Mar/2026:12:12:49 +0000] "GET /configDMJ__1405e9d/Jump/0-imperoro/configDMJ__1405e9d/Jump/0-salanuntitimisoa/wp-login.php__11a0945 HTTP/1.1" 200 51437 "-" "meta-externalagent/1.1 (+https://developers.facebook.com/docs/sharing/webmasters/crawler)"
74.7.227.50 - - [11/Mar/2026:12:12:49 +0000] "GET /configDMJ__1405e9d/Jump/0-imperoro/wp-content__1405e9d/plugins/WPP/index.php?fileloc=/home/imperoro/www/wp-content__1405e9d/cache/minify/1615d.js_meta&path=/home/imperoro/www/wp-content__1405e9d/cache/minify HTTP/1.1" 200 2561 "http://www.impero.ro/configDMJ__1405e9d/Jump/0-imperoro/wp-content__1405e9d/plugins/WPP/index.php?path=/home/imperoro/www/wp-content__1405e9d/cache/minify" "Mozilla/5.0 AppleWebKit/537.36 (KHTML, like Gecko; compatible; GPTBot/1.3; +https://openai.com/gptbot)"
57.141.20.6 - - [11/Mar/2026:12:12:49 +0000] "GET /configDMJ__1405e9d/Jump/0-imperoro/configDMJ__1405e9d/Jump/0-imperoro/google56979223b1b574e2.html__1405e9d HTTP/1.1" 200 53 "-" "meta-externalagent/1.1 (+https://developers.facebook.com/docs/sharing/webmasters/crawler)"
74.7.227.50 - - [11/Mar/2026:12:12:49 +0000] "GET /configDMJ__1405e9d/Jump/0-imperoro/wp-content__1405e9d/plugins/WPP/index.php?fileloc=/home/imperoro/www/wp-content__1405e9d/cache/minify/b0416.css_meta_old&path=/home/imperoro/www/wp-content__1405e9d/cache/minify HTTP/1.1" 200 2566 "http://www.impero.ro/configDMJ__1405e9d/Jump/0-imperoro/wp-content__1405e9d/plugins/WPP/index.php?path=/home/imperoro/www/wp-content__1405e9d/cache/minify" "Mozilla/5.0 AppleWebKit/537.36 (KHTML, like Gecko; compatible; GPTBot/1.3; +https://openai.com/gptbot)"
74.7.227.50 - - [11/Mar/2026:12:12:50 +0000] "GET /configDMJ__1405e9d/Jump/0-imperoro/wp-content__1405e9d/plugins/WPP/index.php?fileloc=/home/imperoro/www/wp-content__1405e9d/cache/minify/f8c4a.js_gzip_old&path=/home/imperoro/www/wp-content__1405e9d/cache/minify HTTP/1.1" 200 2529 "http://www.impero.ro/configDMJ__1405e9d/Jump/0-imperoro/wp-content__1405e9d/plugins/WPP/index.php?path=/home/imperoro/www/wp-content__1405e9d/cache/minify" "Mozilla/5.0 AppleWebKit/537.36 (KHTML, like Gecko; compatible; GPTBot/1.3; +https://openai.com/gptbot)"
57.141.20.22 - - [11/Mar/2026:12:12:50 +0000] "GET /configDMJ__1405e9d/Jump/0-imperoro/wp-includes__1405e9d/abilities-api/?C=S;O=A HTTP/1.1" 200 784 "-" "meta-externalagent/1.1 (+https://developers.facebook.com/docs/sharing/webmasters/crawler)"
74.7.227.50 - - [11/Mar/2026:12:12:50 +0000] "GET /configDMJ__1405e9d/Jump/0-imperoro/wp-content__1405e9d/plugins/WPP/index.php?fileloc=/home/imperoro/www/wp-content__1405e9d/cache/minify/f79a8.js_gzip&path=/home/imperoro/www/wp-content__1405e9d/cache/minify HTTP/1.1" 200 2527 "http://www.impero.ro/configDMJ__1405e9d/Jump/0-imperoro/wp-content__1405e9d/plugins/WPP/index.php?path=/home/imperoro/www/wp-content__1405e9d/cache/minify" "Mozilla/5.0 AppleWebKit/537.36 (KHTML, like Gecko; compatible; GPTBot/1.3; +https://openai.com/gptbot)"
57.141.20.47 - - [11/Mar/2026:12:12:51 +0000] "GET /configDMJ__1405e9d/Jump/0-imperoro/configDMJ__1405e9d/Jump/?C=D;O=D HTTP/1.1" 200 1126 "-" "meta-externalagent/1.1 (+https://developers.facebook.com/docs/sharing/webmasters/crawler)"
74.7.227.50 - - [11/Mar/2026:12:12:51 +0000] "GET /configDMJ__1405e9d/Jump/0-imperoro/wp-content__1405e9d/plugins/WPP/index.php?fileloc=/home/imperoro/www/wp-content__1405e9d/cache/minify/1615d.js&path=/home/imperoro/www/wp-content__1405e9d/cache/minify HTTP/1.1" 200 4953 "http://www.impero.ro/configDMJ__1405e9d/Jump/0-imperoro/wp-content__1405e9d/plugins/WPP/index.php?path=/home/imperoro/www/wp-content__1405e9d/cache/minify" "Mozilla/5.0 AppleWebKit/537.36 (KHTML, like Gecko; compatible; GPTBot/1.3; +https://openai.com/gptbot)"
57.141.20.37 - - [11/Mar/2026:12:12:51 +0000] "GET /configDMJ__1405e9d/Jump/0-imperoro/configDMJ__1405e9d/Jump/0-salanuntitimisoa/socialmedia.salanuntitimisoara.ro__11a0945/ HTTP/1.1" 200 4881 "-" "meta-externalagent/1.1 (+https://developers.facebook.com/docs/sharing/webmasters/crawler)"
74.7.227.50 - - [11/Mar/2026:12:12:51 +0000] "GET /configDMJ__1405e9d/Jump/0-imperoro/wp-content__1405e9d/plugins/WPP/index.php?fileloc=/home/imperoro/www/wp-content__1405e9d/cache/minify/f150e.css_gzip_old&path=/home/imperoro/www/wp-content__1405e9d/cache/minify HTTP/1.1" 200 2529 "http://www.impero.ro/configDMJ__1405e9d/Jump/0-imperoro/wp-content__1405e9d/plugins/WPP/index.php?path=/home/imperoro/www/wp-content__1405e9d/cache/minify" "Mozilla/5.0 AppleWebKit/537.36 (KHTML, like Gecko; compatible; GPTBot/1.3; +https://openai.com/gptbot)"
57.141.20.45 - - [11/Mar/2026:12:12:52 +0000] "GET /configDMJ__1405e9d/Jump/0-imperoro/wp-includes__1405e9d/?C=S;O=D HTTP/1.1" 200 6423 "-" "meta-externalagent/1.1 (+https://developers.facebook.com/docs/sharing/webmasters/crawler)"
74.7.227.50 - - [11/Mar/2026:12:12:52 +0000] "GET /configDMJ__1405e9d/Jump/0-imperoro/wp-content__1405e9d/plugins/WPP/index.php?fileloc=/home/imperoro/www/wp-content__1405e9d/cache/minify/f4b6d.css_gzip_old&path=/home/imperoro/www/wp-content__1405e9d/cache/minify HTTP/1.1" 200 2529 "http://www.impero.ro/configDMJ__1405e9d/Jump/0-imperoro/wp-content__1405e9d/plugins/WPP/index.php?path=/home/imperoro/www/wp-content__1405e9d/cache/minify" "Mozilla/5.0 AppleWebKit/537.36 (KHTML, like Gecko; compatible; GPTBot/1.3; +https://openai.com/gptbot)"
57.141.20.24 - - [11/Mar/2026:12:12:52 +0000] "GET /configDMJ__1405e9d/Jump/0-imperoro/configDMJ__1405e9d/Jump/0-imperoro/wp-activate.php__1405e9d HTTP/1.1" 200 7349 "-" "meta-externalagent/1.1 (+https://developers.facebook.com/docs/sharing/webmasters/crawler)"
74.7.227.50 - - [11/Mar/2026:12:12:52 +0000] "GET /configDMJ__1405e9d/Jump/0-imperoro/wp-content__1405e9d/plugins/WPP/index.php?fileloc=/home/imperoro/www/wp-content__1405e9d/cache/minify/b6f2a.css_gzip&path=/home/imperoro/www/wp-content__1405e9d/cache/minify HTTP/1.1" 200 2526 "http://www.impero.ro/configDMJ__1405e9d/Jump/0-imperoro/wp-content__1405e9d/plugins/WPP/index.php?path=/home/imperoro/www/wp-content__1405e9d/cache/minify" "Mozilla/5.0 AppleWebKit/537.36 (KHTML, like Gecko; compatible; GPTBot/1.3; +https://openai.com/gptbot)"
57.141.20.35 - - [11/Mar/2026:12:12:53 +0000] "GET /configDMJ__1405e9d/Jump/0-imperoro/configDMJ__1405e9d/Jump/0-imperoro/bonqg.php__1405e9d HTTP/1.1" 200 26826 "-" "meta-externalagent/1.1 (+https://developers.facebook.com/docs/sharing/webmasters/crawler)"
74.7.227.50 - - [11/Mar/2026:12:12:53 +0000] "GET /configDMJ__1405e9d/Jump/0-imperoro/wp-content__1405e9d/plugins/WPP/index.php?fileloc=/home/imperoro/www/wp-content__1405e9d/cache/minify/d7808.css_gzip_meta&path=/home/imperoro/www/wp-content__1405e9d/cache/minify HTTP/1.1" 200 2565 "http://www.impero.ro/configDMJ__1405e9d/Jump/0-imperoro/wp-content__1405e9d/plugins/WPP/index.php?path=/home/imperoro/www/wp-content__1405e9d/cache/minify" "Mozilla/5.0 AppleWebKit/537.36 (KHTML, like Gecko; compatible; GPTBot/1.3; +https://openai.com/gptbot)"
74.7.227.50 - - [11/Mar/2026:12:12:53 +0000] "GET /configDMJ__1405e9d/Jump/0-imperoro/wp-content__1405e9d/plugins/WPP/index.php?fileloc=/home/imperoro/www/wp-content__1405e9d/cache/minify/c4c22.js_gzip_meta&path=/home/imperoro/www/wp-content__1405e9d/cache/minify HTTP/1.1" 200 2567 "http://www.impero.ro/configDMJ__1405e9d/Jump/0-imperoro/wp-content__1405e9d/plugins/WPP/index.php?path=/home/imperoro/www/wp-content__1405e9d/cache/minify" "Mozilla/5.0 AppleWebKit/537.36 (KHTML, like Gecko; compatible; GPTBot/1.3; +https://openai.com/gptbot)"
57.141.20.59 - - [11/Mar/2026:12:12:53 +0000] "GET /configDMJ__1405e9d/Jump/0-imperoro/configDMJ__1405e9d/Jump/0-salanuntitimisoa/wp-cron.php__11a0945 HTTP/1.1" 200 5617 "-" "meta-externalagent/1.1 (+https://developers.facebook.com/docs/sharing/webmasters/crawler)"
57.141.20.44 - - [11/Mar/2026:12:12:54 +0000] "GET /configDMJ__1405e9d/Jump/0-imperoro/wp-includes__1405e9d/abilities-api/?C=N;O=D HTTP/1.1" 200 784 "-" "meta-externalagent/1.1 (+https://developers.facebook.com/docs/sharing/webmasters/crawler)"
74.7.227.50 - - [11/Mar/2026:12:12:54 +0000] "GET /configDMJ__1405e9d/Jump/0-imperoro/wp-content__1405e9d/plugins/WPP/index.php?fileloc=/home/imperoro/www/wp-content__1405e9d/cache/minify/f9a91.js_gzip&path=/home/imperoro/www/wp-content__1405e9d/cache/minify HTTP/1.1" 200 2527 "http://www.impero.ro/configDMJ__1405e9d/Jump/0-imperoro/wp-content__1405e9d/plugins/WPP/index.php?path=/home/imperoro/www/wp-content__1405e9d/cache/minify" "Mozilla/5.0 AppleWebKit/537.36 (KHTML, like Gecko; compatible; GPTBot/1.3; +https://openai.com/gptbot)"
57.141.20.52 - - [11/Mar/2026:12:12:54 +0000] "GET /configDMJ__1405e9d/Jump/0-imperoro/configDMJ__1405e9d/Jump/0-imperoro/wp-config.php__1405e9d HTTP/1.1" 200 3313 "-" "meta-externalagent/1.1 (+https://developers.facebook.com/docs/sharing/webmasters/crawler)"
74.7.227.50 - - [11/Mar/2026:12:12:55 +0000] "GET /configDMJ__1405e9d/Jump/0-imperoro/wp-content__1405e9d/plugins/WPP/index.php?fileloc=/home/imperoro/www/wp-content__1405e9d/cache/minify/6d478.js_meta&path=/home/imperoro/www/wp-content__1405e9d/cache/minify HTTP/1.1" 200 2563 "http://www.impero.ro/configDMJ__1405e9d/Jump/0-imperoro/wp-content__1405e9d/plugins/WPP/index.php?path=/home/imperoro/www/wp-content__1405e9d/cache/minify" "Mozilla/5.0 AppleWebKit/537.36 (KHTML, like Gecko; compatible; GPTBot/1.3; +https://openai.com/gptbot)"
57.141.20.18 - - [11/Mar/2026:12:12:55 +0000] "GET /configDMJ__1405e9d/Jump/0-imperoro/configDMJ__1405e9d/Jump/0-salanuntitimisoa/wp-includes__11a0945/ HTTP/1.1" 200 6552 "-" "meta-externalagent/1.1 (+https://developers.facebook.com/docs/sharing/webmasters/crawler)"
74.7.227.50 - - [11/Mar/2026:12:12:55 +0000] "GET /configDMJ__1405e9d/Jump/0-imperoro/wp-content__1405e9d/plugins/WPP/index.php?fileloc=/home/imperoro/www/wp-content__1405e9d/cache/minify/6f25a.js_gzip_meta&path=/home/imperoro/www/wp-content__1405e9d/cache/minify HTTP/1.1" 200 2566 "http://www.impero.ro/configDMJ__1405e9d/Jump/0-imperoro/wp-content__1405e9d/plugins/WPP/index.php?path=/home/imperoro/www/wp-content__1405e9d/cache/minify" "Mozilla/5.0 AppleWebKit/537.36 (KHTML, like Gecko; compatible; GPTBot/1.3; +https://openai.com/gptbot)"
74.7.227.50 - - [11/Mar/2026:12:12:56 +0000] "GET /configDMJ__1405e9d/Jump/0-imperoro/wp-content__1405e9d/plugins/WPP/index.php?fileloc=/home/imperoro/www/wp-content__1405e9d/cache/minify/71afd.js_meta&path=/home/imperoro/www/wp-content__1405e9d/cache/minify HTTP/1.1" 200 2562 "http://www.impero.ro/configDMJ__1405e9d/Jump/0-imperoro/wp-content__1405e9d/plugins/WPP/index.php?path=/home/imperoro/www/wp-content__1405e9d/cache/minify" "Mozilla/5.0 AppleWebKit/537.36 (KHTML, like Gecko; compatible; GPTBot/1.3; +https://openai.com/gptbot)"
57.141.20.46 - - [11/Mar/2026:12:12:55 +0000] "GET /configDMJ__1405e9d/Jump/0-imperoro/configDMJ__1405e9d/Jump/0-imperoro/joipl.php__1405e9d HTTP/1.1" 200 221685 "-" "meta-externalagent/1.1 (+https://developers.facebook.com/docs/sharing/webmasters/crawler)"
57.141.20.52 - - [11/Mar/2026:12:12:56 +0000] "GET /configDMJ__1405e9d/Jump/0-imperoro/configDMJ__1405e9d/Jump/0-imperoro/wp-settings.php__1405e9d HTTP/1.1" 200 31055 "-" "meta-externalagent/1.1 (+https://developers.facebook.com/docs/sharing/webmasters/crawler)"
74.7.227.50 - - [11/Mar/2026:12:12:56 +0000] "GET /configDMJ__1405e9d/Jump/0-imperoro/wp-content__1405e9d/plugins/WPP/index.php?fileloc=/home/imperoro/www/wp-content__1405e9d/cache/minify/d25a5.js_meta&path=/home/imperoro/www/wp-content__1405e9d/cache/minify HTTP/1.1" 200 2562 "http://www.impero.ro/configDMJ__1405e9d/Jump/0-imperoro/wp-content__1405e9d/plugins/WPP/index.php?path=/home/imperoro/www/wp-content__1405e9d/cache/minify" "Mozilla/5.0 AppleWebKit/537.36 (KHTML, like Gecko; compatible; GPTBot/1.3; +https://openai.com/gptbot)"
57.141.20.59 - - [11/Mar/2026:12:12:56 +0000] "GET /configDMJ__1405e9d/Jump/0-imperoro/configDMJ__1405e9d/Jump/0-imperoro/cgi-bin__1405e9d/ HTTP/1.1" 200 832 "-" "meta-externalagent/1.1 (+https://developers.facebook.com/docs/sharing/webmasters/crawler)"
57.141.20.57 - - [11/Mar/2026:12:12:57 +0000] "GET /configDMJ__1405e9d/Jump/0-imperoro/configDMJ__1405e9d/Jump/0-imperoro/wp-amdin.php__1405e9d HTTP/1.1" 200 1466 "-" "meta-externalagent/1.1 (+https://developers.facebook.com/docs/sharing/webmasters/crawler)"
74.7.227.50 - - [11/Mar/2026:12:12:57 +0000] "GET /configDMJ__1405e9d/Jump/0-imperoro/wp-content__1405e9d/plugins/WPP/index.php?fileloc=/home/imperoro/www/wp-content__1405e9d/cache/minify/54b9f.css_gzip_meta_old&path=/home/imperoro/www/wp-content__1405e9d/cache/minify HTTP/1.1" 200 2570 "http://www.impero.ro/configDMJ__1405e9d/Jump/0-imperoro/wp-content__1405e9d/plugins/WPP/index.php?path=/home/imperoro/www/wp-content__1405e9d/cache/minify" "Mozilla/5.0 AppleWebKit/537.36 (KHTML, like Gecko; compatible; GPTBot/1.3; +https://openai.com/gptbot)"
74.7.227.50 - - [11/Mar/2026:12:12:57 +0000] "GET /configDMJ__1405e9d/Jump/0-imperoro/wp-content__1405e9d/plugins/WPP/index.php?fileloc=/home/imperoro/www/wp-content__1405e9d/cache/minify/cd4a3.js_gzip_meta&path=/home/imperoro/www/wp-content__1405e9d/cache/minify HTTP/1.1" 200 2567 "http://www.impero.ro/configDMJ__1405e9d/Jump/0-imperoro/wp-content__1405e9d/plugins/WPP/index.php?path=/home/imperoro/www/wp-content__1405e9d/cache/minify" "Mozilla/5.0 AppleWebKit/537.36 (KHTML, like Gecko; compatible; GPTBot/1.3; +https://openai.com/gptbot)"
57.141.20.30 - - [11/Mar/2026:12:12:57 +0000] "GET /configDMJ__1405e9d/Jump/0-imperoro/configDMJ__1405e9d/Jump/0-imperoro/wnjvw.php__1405e9d HTTP/1.1" 200 221685 "-" "meta-externalagent/1.1 (+https://developers.facebook.com/docs/sharing/webmasters/crawler)"
57.141.20.18 - - [11/Mar/2026:12:12:58 +0000] "GET /configDMJ__1405e9d/Jump/0-imperoro/configDMJ__1405e9d/Jump/0-imperoro/vazya.php__1405e9d HTTP/1.1" 200 221685 "-" "meta-externalagent/1.1 (+https://developers.facebook.com/docs/sharing/webmasters/crawler)"
74.7.227.50 - - [11/Mar/2026:12:12:58 +0000] "GET /configDMJ__1405e9d/Jump/0-imperoro/wp-content__1405e9d/plugins/WPP/index.php?fileloc=/home/imperoro/www/wp-content__1405e9d/cache/minify/e0c07.js&path=/home/imperoro/www/wp-content__1405e9d/cache/minify HTTP/1.1" 200 179524 "http://www.impero.ro/configDMJ__1405e9d/Jump/0-imperoro/wp-content__1405e9d/plugins/WPP/index.php?path=/home/imperoro/www/wp-content__1405e9d/cache/minify" "Mozilla/5.0 AppleWebKit/537.36 (KHTML, like Gecko; compatible; GPTBot/1.3; +https://openai.com/gptbot)"
74.7.227.50 - - [11/Mar/2026:12:12:58 +0000] "GET /configDMJ__1405e9d/Jump/0-imperoro/wp-content__1405e9d/plugins/WPP/index.php?fileloc=/home/imperoro/www/wp-content__1405e9d/cache/minify/4c58d.css_meta_old&path=/home/imperoro/www/wp-content__1405e9d/cache/minify HTTP/1.1" 200 2566 "http://www.impero.ro/configDMJ__1405e9d/Jump/0-imperoro/wp-content__1405e9d/plugins/WPP/index.php?path=/home/imperoro/www/wp-content__1405e9d/cache/minify" "Mozilla/5.0 AppleWebKit/537.36 (KHTML, like Gecko; compatible; GPTBot/1.3; +https://openai.com/gptbot)"
57.141.20.51 - - [11/Mar/2026:12:12:58 +0000] "GET /configDMJ__1405e9d/Jump/0-imperoro/configDMJ__1405e9d/Jump/0-imperoro/public_html__1405e9d/ HTTP/1.1" 200 840 "-" "meta-externalagent/1.1 (+https://developers.facebook.com/docs/sharing/webmasters/crawler)"
74.7.227.50 - - [11/Mar/2026:12:12:59 +0000] "GET /configDMJ__1405e9d/Jump/0-imperoro/wp-content__1405e9d/plugins/WPP/index.php?fileloc=/home/imperoro/www/wp-content__1405e9d/cache/minify/abc0a.js_gzip_meta&path=/home/imperoro/www/wp-content__1405e9d/cache/minify HTTP/1.1" 200 2566 "http://www.impero.ro/configDMJ__1405e9d/Jump/0-imperoro/wp-content__1405e9d/plugins/WPP/index.php?path=/home/imperoro/www/wp-content__1405e9d/cache/minify" "Mozilla/5.0 AppleWebKit/537.36 (KHTML, like Gecko; compatible; GPTBot/1.3; +https://openai.com/gptbot)"
57.141.20.11 - - [11/Mar/2026:12:12:59 +0000] "GET /configDMJ__1405e9d/Jump/0-imperoro/configDMJ__1405e9d/Jump/0-imperoro/hrrnj.php__1405e9d HTTP/1.1" 200 26826 "-" "meta-externalagent/1.1 (+https://developers.facebook.com/docs/sharing/webmasters/crawler)"
74.7.227.50 - - [11/Mar/2026:12:12:59 +0000] "GET /configDMJ__1405e9d/Jump/0-imperoro/wp-content__1405e9d/plugins/WPP/index.php?fileloc=/home/imperoro/www/wp-content__1405e9d/cache/minify/545c8.css_meta&path=/home/imperoro/www/wp-content__1405e9d/cache/minify HTTP/1.1" 200 2562 "http://www.impero.ro/configDMJ__1405e9d/Jump/0-imperoro/wp-content__1405e9d/plugins/WPP/index.php?path=/home/imperoro/www/wp-content__1405e9d/cache/minify" "Mozilla/5.0 AppleWebKit/537.36 (KHTML, like Gecko; compatible; GPTBot/1.3; +https://openai.com/gptbot)"
57.141.20.4 - - [11/Mar/2026:12:12:59 +0000] "GET /configDMJ__1405e9d/Jump/0-imperoro/wp-includes__1405e9d/abilities-api/?C=D;O=A HTTP/1.1" 200 784 "-" "meta-externalagent/1.1 (+https://developers.facebook.com/docs/sharing/webmasters/crawler)"
57.141.20.41 - - [11/Mar/2026:12:13:00 +0000] "GET /configDMJ__1405e9d/Jump/0-imperoro/configDMJ__1405e9d/Jump/0-imperoro/dvcyf.php__1405e9d HTTP/1.1" 200 26826 "-" "meta-externalagent/1.1 (+https://developers.facebook.com/docs/sharing/webmasters/crawler)"
74.7.227.50 - - [11/Mar/2026:12:13:00 +0000] "GET /configDMJ__1405e9d/Jump/0-imperoro/wp-content__1405e9d/plugins/WPP/index.php?fileloc=/home/imperoro/www/wp-content__1405e9d/cache/minify/575a2.css_meta_old&path=/home/imperoro/www/wp-content__1405e9d/cache/minify HTTP/1.1" 200 2566 "http://www.impero.ro/configDMJ__1405e9d/Jump/0-imperoro/wp-content__1405e9d/plugins/WPP/index.php?path=/home/imperoro/www/wp-content__1405e9d/cache/minify" "Mozilla/5.0 AppleWebKit/537.36 (KHTML, like Gecko; compatible; GPTBot/1.3; +https://openai.com/gptbot)"
74.7.227.50 - - [11/Mar/2026:12:13:00 +0000] "GET /configDMJ__1405e9d/Jump/0-imperoro/wp-content__1405e9d/plugins/WPP/index.php?fileloc=/home/imperoro/www/wp-content__1405e9d/cache/minify/b0416.css_old&path=/home/imperoro/www/wp-content__1405e9d/cache/minify HTTP/1.1" 200 20944 "http://www.impero.ro/configDMJ__1405e9d/Jump/0-imperoro/wp-content__1405e9d/plugins/WPP/index.php?path=/home/imperoro/www/wp-content__1405e9d/cache/minify" "Mozilla/5.0 AppleWebKit/537.36 (KHTML, like Gecko; compatible; GPTBot/1.3; +https://openai.com/gptbot)"
57.141.20.11 - - [11/Mar/2026:12:13:00 +0000] "GET /configDMJ__1405e9d/Jump/0-imperoro/configDMJ__1405e9d/Jump/0-imperoro/coaiz.php__1405e9d HTTP/1.1" 200 26826 "-" "meta-externalagent/1.1 (+https://developers.facebook.com/docs/sharing/webmasters/crawler)"
57.141.20.46 - - [11/Mar/2026:12:13:01 +0000] "GET /configDMJ__1405e9d/Jump/0-imperoro/configDMJ__1405e9d/Jump/0-imperoro/eapxf.php__1405e9d HTTP/1.1" 200 26826 "-" "meta-externalagent/1.1 (+https://developers.facebook.com/docs/sharing/webmasters/crawler)"
74.7.227.50 - - [11/Mar/2026:12:13:01 +0000] "GET /configDMJ__1405e9d/Jump/0-imperoro/wp-content__1405e9d/plugins/WPP/index.php?fileloc=/home/imperoro/www/wp-content__1405e9d/cache/minify/4848d.css_gzip_meta&path=/home/imperoro/www/wp-content__1405e9d/cache/minify HTTP/1.1" 200 2567 "http://www.impero.ro/configDMJ__1405e9d/Jump/0-imperoro/wp-content__1405e9d/plugins/WPP/index.php?path=/home/imperoro/www/wp-content__1405e9d/cache/minify" "Mozilla/5.0 AppleWebKit/537.36 (KHTML, like Gecko; compatible; GPTBot/1.3; +https://openai.com/gptbot)"
57.141.20.46 - - [11/Mar/2026:12:13:01 +0000] "GET /configDMJ__1405e9d/Jump/0-imperoro/configDMJ__1405e9d/Jump/0-imperoro/wp-trackback.php__1405e9d HTTP/1.1" 200 5214 "-" "meta-externalagent/1.1 (+https://developers.facebook.com/docs/sharing/webmasters/crawler)"
74.7.227.50 - - [11/Mar/2026:12:13:01 +0000] "GET /configDMJ__1405e9d/Jump/0-imperoro/wp-content__1405e9d/plugins/WPP/index.php?fileloc=/home/imperoro/www/wp-content__1405e9d/cache/minify/e88a8.css_gzip_old&path=/home/imperoro/www/wp-content__1405e9d/cache/minify HTTP/1.1" 200 2529 "http://www.impero.ro/configDMJ__1405e9d/Jump/0-imperoro/wp-content__1405e9d/plugins/WPP/index.php?path=/home/imperoro/www/wp-content__1405e9d/cache/minify" "Mozilla/5.0 AppleWebKit/537.36 (KHTML, like Gecko; compatible; GPTBot/1.3; +https://openai.com/gptbot)"
57.141.20.24 - - [11/Mar/2026:12:13:02 +0000] "GET /configDMJ__1405e9d/Jump/0-imperoro/configDMJ__1405e9d/Jump/0-imperoro/wp-signup.php__1405e9d HTTP/1.1" 200 34516 "-" "meta-externalagent/1.1 (+https://developers.facebook.com/docs/sharing/webmasters/crawler)"
74.7.227.50 - - [11/Mar/2026:12:13:02 +0000] "GET /configDMJ__1405e9d/Jump/0-imperoro/wp-content__1405e9d/plugins/WPP/index.php?fileloc=/home/imperoro/www/wp-content__1405e9d/cache/minify/4eb3c.css_meta_old&path=/home/imperoro/www/wp-content__1405e9d/cache/minify HTTP/1.1" 200 2565 "http://www.impero.ro/configDMJ__1405e9d/Jump/0-imperoro/wp-content__1405e9d/plugins/WPP/index.php?path=/home/imperoro/www/wp-content__1405e9d/cache/minify" "Mozilla/5.0 AppleWebKit/537.36 (KHTML, like Gecko; compatible; GPTBot/1.3; +https://openai.com/gptbot)"
74.7.227.50 - - [11/Mar/2026:12:13:02 +0000] "GET /configDMJ__1405e9d/Jump/0-imperoro/wp-content__1405e9d/plugins/WPP/index.php?fileloc=/home/imperoro/www/wp-content__1405e9d/cache/minify/4eb3c.css_old&path=/home/imperoro/www/wp-content__1405e9d/cache/minify HTTP/1.1" 200 15869 "http://www.impero.ro/configDMJ__1405e9d/Jump/0-imperoro/wp-content__1405e9d/plugins/WPP/index.php?path=/home/imperoro/www/wp-content__1405e9d/cache/minify" "Mozilla/5.0 AppleWebKit/537.36 (KHTML, like Gecko; compatible; GPTBot/1.3; +https://openai.com/gptbot)"
57.141.20.18 - - [11/Mar/2026:12:13:02 +0000] "GET /configDMJ__1405e9d/Jump/0-imperoro/wp-includes__1405e9d/css/?C=N;O=D HTTP/1.1" 200 8867 "-" "meta-externalagent/1.1 (+https://developers.facebook.com/docs/sharing/webmasters/crawler)"
57.141.20.15 - - [11/Mar/2026:12:13:03 +0000] "GET /configDMJ__1405e9d/Jump/0-imperoro/configDMJ__1405e9d/Jump/0-imperoro/license.txt__1405e9d HTTP/1.1" 200 19903 "-" "meta-externalagent/1.1 (+https://developers.facebook.com/docs/sharing/webmasters/crawler)"
74.7.227.50 - - [11/Mar/2026:12:13:03 +0000] "GET /configDMJ__1405e9d/Jump/0-imperoro/wp-content__1405e9d/plugins/WPP/index.php?fileloc=/home/imperoro/www/wp-content__1405e9d/cache/minify/06c78.js_gzip&path=/home/imperoro/www/wp-content__1405e9d/cache/minify HTTP/1.1" 200 2527 "http://www.impero.ro/configDMJ__1405e9d/Jump/0-imperoro/wp-content__1405e9d/plugins/WPP/index.php?path=/home/imperoro/www/wp-content__1405e9d/cache/minify" "Mozilla/5.0 AppleWebKit/537.36 (KHTML, like Gecko; compatible; GPTBot/1.3; +https://openai.com/gptbot)"
57.141.20.7 - - [11/Mar/2026:12:13:03 +0000] "GET /configDMJ__1405e9d/Jump/0-imperoro/configDMJ__1405e9d/Jump/0-imperoro/wp-config-sample.php__1405e9d HTTP/1.1" 200 3339 "-" "meta-externalagent/1.1 (+https://developers.facebook.com/docs/sharing/webmasters/crawler)"
74.7.227.50 - - [11/Mar/2026:12:13:03 +0000] "GET /configDMJ__1405e9d/Jump/0-imperoro/wp-content__1405e9d/plugins/WPP/index.php?fileloc=/home/imperoro/www/wp-content__1405e9d/cache/minify/3c39e.css_gzip_old&path=/home/imperoro/www/wp-content__1405e9d/cache/minify HTTP/1.1" 200 2529 "http://www.impero.ro/configDMJ__1405e9d/Jump/0-imperoro/wp-content__1405e9d/plugins/WPP/index.php?path=/home/imperoro/www/wp-content__1405e9d/cache/minify" "Mozilla/5.0 AppleWebKit/537.36 (KHTML, like Gecko; compatible; GPTBot/1.3; +https://openai.com/gptbot)"
57.141.20.6 - - [11/Mar/2026:12:13:04 +0000] "GET /configDMJ__1405e9d/Jump/0-imperoro/configDMJ__1405e9d/Jump/0-imperoro/wp-login.php__1405e9d HTTP/1.1" 200 51437 "-" "meta-externalagent/1.1 (+https://developers.facebook.com/docs/sharing/webmasters/crawler)"
74.7.227.50 - - [11/Mar/2026:12:13:04 +0000] "GET /configDMJ__1405e9d/Jump/0-imperoro/wp-content__1405e9d/plugins/WPP/index.php?fileloc=/home/imperoro/www/wp-content__1405e9d/cache/minify/1801d.css_gzip_meta_old&path=/home/imperoro/www/wp-content__1405e9d/cache/minify HTTP/1.1" 200 2570 "http://www.impero.ro/configDMJ__1405e9d/Jump/0-imperoro/wp-content__1405e9d/plugins/WPP/index.php?path=/home/imperoro/www/wp-content__1405e9d/cache/minify" "Mozilla/5.0 AppleWebKit/537.36 (KHTML, like Gecko; compatible; GPTBot/1.3; +https://openai.com/gptbot)"
57.141.20.49 - - [11/Mar/2026:12:13:04 +0000] "GET /configDMJ__1405e9d/Jump/0-imperoro/configDMJ__1405e9d/Jump/0-imperoro/ygtce.php__1405e9d HTTP/1.1" 200 221685 "-" "meta-externalagent/1.1 (+https://developers.facebook.com/docs/sharing/webmasters/crawler)"
74.7.227.50 - - [11/Mar/2026:12:13:04 +0000] "GET /configDMJ__1405e9d/Jump/0-imperoro/wp-content__1405e9d/plugins/WPP/index.php?fileloc=/home/imperoro/www/wp-content__1405e9d/cache/minify/1d4f5.js_gzip_meta&path=/home/imperoro/www/wp-content__1405e9d/cache/minify HTTP/1.1" 200 2566 "http://www.impero.ro/configDMJ__1405e9d/Jump/0-imperoro/wp-content__1405e9d/plugins/WPP/index.php?path=/home/imperoro/www/wp-content__1405e9d/cache/minify" "Mozilla/5.0 AppleWebKit/537.36 (KHTML, like Gecko; compatible; GPTBot/1.3; +https://openai.com/gptbot)"
74.7.227.50 - - [11/Mar/2026:12:13:05 +0000] "GET /configDMJ__1405e9d/Jump/0-imperoro/wp-content__1405e9d/plugins/WPP/index.php?fileloc=/home/imperoro/www/wp-content__1405e9d/cache/minify/71afd.js&path=/home/imperoro/www/wp-content__1405e9d/cache/minify HTTP/1.1" 200 8048 "http://www.impero.ro/configDMJ__1405e9d/Jump/0-imperoro/wp-content__1405e9d/plugins/WPP/index.php?path=/home/imperoro/www/wp-content__1405e9d/cache/minify" "Mozilla/5.0 AppleWebKit/537.36 (KHTML, like Gecko; compatible; GPTBot/1.3; +https://openai.com/gptbot)"
57.141.20.26 - - [11/Mar/2026:12:13:05 +0000] "GET /configDMJ__1405e9d/Jump/0-imperoro/configDMJ__1405e9d/Jump/0-imperoro/ufpbz.php__1405e9d HTTP/1.1" 200 221685 "-" "meta-externalagent/1.1 (+https://developers.facebook.com/docs/sharing/webmasters/crawler)"
57.141.20.39 - - [11/Mar/2026:12:13:05 +0000] "GET /configDMJ__1405e9d/Jump/0-imperoro/configDMJ__1405e9d/Jump/0-imperoro/dksps.php__1405e9d HTTP/1.1" 200 26826 "-" "meta-externalagent/1.1 (+https://developers.facebook.com/docs/sharing/webmasters/crawler)"
74.7.227.50 - - [11/Mar/2026:12:13:05 +0000] "GET /configDMJ__1405e9d/Jump/0-imperoro/wp-content__1405e9d/plugins/WPP/index.php?fileloc=/home/imperoro/www/wp-content__1405e9d/cache/minify/b8dd3.js_gzip_old&path=/home/imperoro/www/wp-content__1405e9d/cache/minify HTTP/1.1" 200 2529 "http://www.impero.ro/configDMJ__1405e9d/Jump/0-imperoro/wp-content__1405e9d/plugins/WPP/index.php?path=/home/imperoro/www/wp-content__1405e9d/cache/minify" "Mozilla/5.0 AppleWebKit/537.36 (KHTML, like Gecko; compatible; GPTBot/1.3; +https://openai.com/gptbot)"
57.141.20.46 - - [11/Mar/2026:12:13:06 +0000] "GET /configDMJ__1405e9d/Jump/0-imperoro/configDMJ__1405e9d/Jump/0-imperoro/wp-plugin.php__1405e9d HTTP/1.1" 200 53778 "-" "meta-externalagent/1.1 (+https://developers.facebook.com/docs/sharing/webmasters/crawler)"
74.7.227.50 - - [11/Mar/2026:12:13:06 +0000] "GET /configDMJ__1405e9d/Jump/0-imperoro/wp-content__1405e9d/plugins/WPP/index.php?fileloc=/home/imperoro/www/wp-content__1405e9d/cache/minify/a64c2.css_gzip_meta&path=/home/imperoro/www/wp-content__1405e9d/cache/minify HTTP/1.1" 200 2565 "http://www.impero.ro/configDMJ__1405e9d/Jump/0-imperoro/wp-content__1405e9d/plugins/WPP/index.php?path=/home/imperoro/www/wp-content__1405e9d/cache/minify" "Mozilla/5.0 AppleWebKit/537.36 (KHTML, like Gecko; compatible; GPTBot/1.3; +https://openai.com/gptbot)"
57.141.20.51 - - [11/Mar/2026:12:13:06 +0000] "GET /configDMJ__1405e9d/Jump/0-imperoro/configDMJ__1405e9d/Jump/0-imperoro/aqxqr.php__1405e9d HTTP/1.1" 200 221685 "-" "meta-externalagent/1.1 (+https://developers.facebook.com/docs/sharing/webmasters/crawler)"
74.7.227.50 - - [11/Mar/2026:12:13:06 +0000] "GET /configDMJ__1405e9d/Jump/0-imperoro/wp-content__1405e9d/plugins/WPP/index.php?fileloc=/home/imperoro/www/wp-content__1405e9d/cache/minify/1738c.js_gzip_meta_old&path=/home/imperoro/www/wp-content__1405e9d/cache/minify HTTP/1.1" 200 2570 "http://www.impero.ro/configDMJ__1405e9d/Jump/0-imperoro/wp-content__1405e9d/plugins/WPP/index.php?path=/home/imperoro/www/wp-content__1405e9d/cache/minify" "Mozilla/5.0 AppleWebKit/537.36 (KHTML, like Gecko; compatible; GPTBot/1.3; +https://openai.com/gptbot)"
57.141.20.2 - - [11/Mar/2026:12:13:07 +0000] "GET /configDMJ__1405e9d/Jump/0-imperoro/wp-includes__1405e9d/css/?C=D;O=A HTTP/1.1" 200 8867 "-" "meta-externalagent/1.1 (+https://developers.facebook.com/docs/sharing/webmasters/crawler)"
74.7.227.50 - - [11/Mar/2026:12:13:07 +0000] "GET /configDMJ__1405e9d/Jump/0-imperoro/wp-content__1405e9d/plugins/WPP/index.php?fileloc=/home/imperoro/www/wp-content__1405e9d/cache/minify/311a8.js_old&path=/home/imperoro/www/wp-content__1405e9d/cache/minify HTTP/1.1" 200 53952 "http://www.impero.ro/configDMJ__1405e9d/Jump/0-imperoro/wp-content__1405e9d/plugins/WPP/index.php?path=/home/imperoro/www/wp-content__1405e9d/cache/minify" "Mozilla/5.0 AppleWebKit/537.36 (KHTML, like Gecko; compatible; GPTBot/1.3; +https://openai.com/gptbot)"
57.141.20.20 - - [11/Mar/2026:12:13:07 +0000] "GET /configDMJ__1405e9d/Jump/0-imperoro/configDMJ__1405e9d/Jump/0-imperoro/wp-mail.php__1405e9d HTTP/1.1" 200 8727 "-" "meta-externalagent/1.1 (+https://developers.facebook.com/docs/sharing/webmasters/crawler)"
74.7.227.50 - - [11/Mar/2026:12:13:08 +0000] "GET /configDMJ__1405e9d/Jump/0-imperoro/wp-content__1405e9d/plugins/WPP/index.php?fileloc=/home/imperoro/www/wp-content__1405e9d/cache/minify/e86c7.js_meta&path=/home/imperoro/www/wp-content__1405e9d/cache/minify HTTP/1.1" 200 2562 "http://www.impero.ro/configDMJ__1405e9d/Jump/0-imperoro/wp-content__1405e9d/plugins/WPP/index.php?path=/home/imperoro/www/wp-content__1405e9d/cache/minify" "Mozilla/5.0 AppleWebKit/537.36 (KHTML, like Gecko; compatible; GPTBot/1.3; +https://openai.com/gptbot)"
57.141.20.4 - - [11/Mar/2026:12:13:07 +0000] "GET /configDMJ__1405e9d/Jump/0-imperoro/configDMJ__1405e9d/?C=N;O=A HTTP/1.1" 200 1109 "-" "meta-externalagent/1.1 (+https://developers.facebook.com/docs/sharing/webmasters/crawler)"
57.141.20.25 - - [11/Mar/2026:12:13:08 +0000] "GET /configDMJ__1405e9d/Jump/0-imperoro/FSS-HCM__1405e9d/root/lib64/python2.7/urlparse.pyc HTTP/1.1" 200 7773 "-" "meta-externalagent/1.1 (+https://developers.facebook.com/docs/sharing/webmasters/crawler)"
74.7.227.50 - - [11/Mar/2026:12:13:08 +0000] "GET /configDMJ__1405e9d/Jump/0-imperoro/wp-content__1405e9d/plugins/WPP/index.php?fileloc=/home/imperoro/www/wp-content__1405e9d/cache/minify/34bae.css_meta_old&path=/home/imperoro/www/wp-content__1405e9d/cache/minify HTTP/1.1" 200 2565 "http://www.impero.ro/configDMJ__1405e9d/Jump/0-imperoro/wp-content__1405e9d/plugins/WPP/index.php?path=/home/imperoro/www/wp-content__1405e9d/cache/minify" "Mozilla/5.0 AppleWebKit/537.36 (KHTML, like Gecko; compatible; GPTBot/1.3; +https://openai.com/gptbot)"
57.141.20.13 - - [11/Mar/2026:12:13:08 +0000] "GET /configDMJ__1405e9d/Jump/0-imperoro/configDMJ__1405e9d/Jump/0-imperoro/nqepf.php__1405e9d HTTP/1.1" 200 26826 "-" "meta-externalagent/1.1 (+https://developers.facebook.com/docs/sharing/webmasters/crawler)"
74.7.227.50 - - [11/Mar/2026:12:13:09 +0000] "GET /configDMJ__1405e9d/Jump/0-imperoro/wp-content__1405e9d/plugins/WPP/index.php?fileloc=/home/imperoro/www/wp-content__1405e9d/cache/minify/fb3a1.js_old&path=/home/imperoro/www/wp-content__1405e9d/cache/minify HTTP/1.1" 200 41073 "http://www.impero.ro/configDMJ__1405e9d/Jump/0-imperoro/wp-content__1405e9d/plugins/WPP/index.php?path=/home/imperoro/www/wp-content__1405e9d/cache/minify" "Mozilla/5.0 AppleWebKit/537.36 (KHTML, like Gecko; compatible; GPTBot/1.3; +https://openai.com/gptbot)"
57.141.20.30 - - [11/Mar/2026:12:13:09 +0000] "GET /configDMJ__1405e9d/Jump/0-imperoro/configDMJ__1405e9d/Jump/0-imperoro/resmushit.log__1405e9d HTTP/1.1" 200 8994 "-" "meta-externalagent/1.1 (+https://developers.facebook.com/docs/sharing/webmasters/crawler)"
57.141.20.42 - - [11/Mar/2026:12:13:09 +0000] "GET /configDMJ__1405e9d/Jump/0-imperoro/configDMJ__1405e9d/Jump/0-imperoro/wp-load.php__1405e9d HTTP/1.1" 200 3937 "-" "meta-externalagent/1.1 (+https://developers.facebook.com/docs/sharing/webmasters/crawler)"
74.7.227.50 - - [11/Mar/2026:12:13:09 +0000] "GET /configDMJ__1405e9d/Jump/0-imperoro/wp-content__1405e9d/plugins/WPP/index.php?fileloc=/home/imperoro/www/wp-content__1405e9d/cache/minify/abc0a.js_gzip&path=/home/imperoro/www/wp-content__1405e9d/cache/minify HTTP/1.1" 200 2526 "http://www.impero.ro/configDMJ__1405e9d/Jump/0-imperoro/wp-content__1405e9d/plugins/WPP/index.php?path=/home/imperoro/www/wp-content__1405e9d/cache/minify" "Mozilla/5.0 AppleWebKit/537.36 (KHTML, like Gecko; compatible; GPTBot/1.3; +https://openai.com/gptbot)"
74.7.227.50 - - [11/Mar/2026:12:13:10 +0000] "GET /configDMJ__1405e9d/Jump/0-imperoro/wp-content__1405e9d/plugins/WPP/index.php?fileloc=/home/imperoro/www/wp-content__1405e9d/cache/minify/8b40e.css_gzip_meta_old&path=/home/imperoro/www/wp-content__1405e9d/cache/minify HTTP/1.1" 200 2570 "http://www.impero.ro/configDMJ__1405e9d/Jump/0-imperoro/wp-content__1405e9d/plugins/WPP/index.php?path=/home/imperoro/www/wp-content__1405e9d/cache/minify" "Mozilla/5.0 AppleWebKit/537.36 (KHTML, like Gecko; compatible; GPTBot/1.3; +https://openai.com/gptbot)"
57.141.20.6 - - [11/Mar/2026:12:13:10 +0000] "GET /configDMJ__1405e9d/Jump/0-imperoro/configDMJ__1405e9d/Jump/0-imperoro/?C=N;O=D HTTP/1.1" 200 15449 "-" "meta-externalagent/1.1 (+https://developers.facebook.com/docs/sharing/webmasters/crawler)"
74.7.227.50 - - [11/Mar/2026:12:13:10 +0000] "GET /configDMJ__1405e9d/Jump/0-imperoro/wp-content__1405e9d/plugins/WPP/index.php?fileloc=/home/imperoro/www/wp-content__1405e9d/cache/minify/9ec1a.css_gzip_old&path=/home/imperoro/www/wp-content__1405e9d/cache/minify HTTP/1.1" 200 2529 "http://www.impero.ro/configDMJ__1405e9d/Jump/0-imperoro/wp-content__1405e9d/plugins/WPP/index.php?path=/home/imperoro/www/wp-content__1405e9d/cache/minify" "Mozilla/5.0 AppleWebKit/537.36 (KHTML, like Gecko; compatible; GPTBot/1.3; +https://openai.com/gptbot)"
57.141.20.48 - - [11/Mar/2026:12:13:10 +0000] "GET /configDMJ__1405e9d/Jump/0-imperoro/configDMJ__1405e9d/Jump/0-imperoro/admin.php HTTP/1.1" 404 - "-" "meta-externalagent/1.1 (+https://developers.facebook.com/docs/sharing/webmasters/crawler)"
74.7.227.50 - - [11/Mar/2026:12:13:11 +0000] "GET /configDMJ__1405e9d/Jump/0-imperoro/wp-content__1405e9d/plugins/WPP/index.php?fileloc=/home/imperoro/www/wp-content__1405e9d/mu-plugins/wp-cache.php&path=/home/imperoro/www/wp-content__1405e9d/mu-plugins HTTP/1.1" 200 3563 "http://www.impero.ro/configDMJ__1405e9d/Jump/0-imperoro/wp-content__1405e9d/plugins/WPP/index.php?path=/home/imperoro/www/wp-content__1405e9d/mu-plugins" "Mozilla/5.0 AppleWebKit/537.36 (KHTML, like Gecko; compatible; GPTBot/1.3; +https://openai.com/gptbot)"
57.141.20.37 - - [11/Mar/2026:12:13:11 +0000] "GET /configDMJ__1405e9d/Jump/0-imperoro/configDMJ__1405e9d/Jump/0-imperoro/readme.html__1405e9d HTTP/1.1" 200 7425 "-" "meta-externalagent/1.1 (+https://developers.facebook.com/docs/sharing/webmasters/crawler)"
74.7.227.50 - - [11/Mar/2026:12:13:11 +0000] "GET /configDMJ__1405e9d/Jump/0-imperoro/wp-content__1405e9d/plugins/WPP/index.php?fileloc=/home/imperoro/www/FSS-HCM__1405e9d/root/etc/profile.d/cpanel-user-commands.sh&path=/home/imperoro/www/FSS-HCM__1405e9d/root/etc/profile.d HTTP/1.1" 200 2846 "http://www.impero.ro/configDMJ__1405e9d/Jump/0-imperoro/wp-content__1405e9d/plugins/WPP/index.php?path=/home/imperoro/www/FSS-HCM__1405e9d/root/etc/profile.d" "Mozilla/5.0 AppleWebKit/537.36 (KHTML, like Gecko; compatible; GPTBot/1.3; +https://openai.com/gptbot)"
57.141.20.23 - - [11/Mar/2026:12:13:11 +0000] "GET /configDMJ__1405e9d/Jump/0-imperoro/configDMJ__1405e9d/Jump/0-imperoro/qcyid.php__1405e9d HTTP/1.1" 200 221685 "-" "meta-externalagent/1.1 (+https://developers.facebook.com/docs/sharing/webmasters/crawler)"
74.7.227.50 - - [11/Mar/2026:12:13:12 +0000] "GET /configDMJ__1405e9d/Jump/0-imperoro/wp-content__1405e9d/plugins/WPP/index.php?fileloc=/home/imperoro/www/FSS-HCM__1405e9d/root/etc/cron.d/softaculous2&path=/home/imperoro/www/FSS-HCM__1405e9d/root/etc/cron.d HTTP/1.1" 200 2641 "http://www.impero.ro/configDMJ__1405e9d/Jump/0-imperoro/wp-content__1405e9d/plugins/WPP/index.php?path=/home/imperoro/www/FSS-HCM__1405e9d/root/etc/cron.d" "Mozilla/5.0 AppleWebKit/537.36 (KHTML, like Gecko; compatible; GPTBot/1.3; +https://openai.com/gptbot)"
57.141.20.48 - - [11/Mar/2026:12:13:12 +0000] "GET /configDMJ__1405e9d/Jump/0-imperoro/configDMJ__1405e9d/Jump/0-imperoro/wlcpq.php__1405e9d HTTP/1.1" 200 26826 "-" "meta-externalagent/1.1 (+https://developers.facebook.com/docs/sharing/webmasters/crawler)"
