14.185.129.42 - - [11/Mar/2026:12:08:13 +0000] "GET /2026/03/03/northwell-health-west-part-gynecologic-oncologist-nyc-new-york-january-31-2026-fxqdq/ HTTP/1.1" 404 36 "-" "Mozilla/5.0 (X11; U; Linux i686; ru; rv:1.9.2.13) Gecko/20101206 Ubuntu/10.10 (maverick) Firefox/3.6.13"
66.249.64.233 - - [11/Mar/2026:12:09:25 +0000] "GET /product/onix-fara-oglinda-san-remo-sufragerii/?add-to-cart=2956 HTTP/1.1" 404 36 "-" "Mozilla/5.0 (Linux; Android 6.0.1; Nexus 5X Build/MMB29P) AppleWebKit/537.36 (KHTML, like Gecko) Chrome/145.0.7632.116 Mobile Safari/537.36 (compatible; Googlebot/2.1; +http://www.google.com/bot.html)"
66.249.64.233 - - [11/Mar/2026:12:09:28 +0000] "GET /product/fm26-comode/?add-to-cart=8604 HTTP/1.1" 404 36 "-" "Mozilla/5.0 (Linux; Android 6.0.1; Nexus 5X Build/MMB29P) AppleWebKit/537.36 (KHTML, like Gecko) Chrome/145.0.7632.116 Mobile Safari/537.36 (compatible; Googlebot/2.1; +http://www.google.com/bot.html)"
74.125.151.11 - - [11/Mar/2026:12:09:48 +0000] "GET /product/diablo-sufragerii/?utm_source=Google%20Shopping&utm_campaign=test&utm_medium=cpc&utm_term=14001 HTTP/1.1" 404 36 "-" "Mozilla/5.0 (X11; Linux x86_64) AppleWebKit/537.36 (KHTML, like Gecko) Chrome/145.0.7632.116 Safari/537.36"
162.55.244.37 - - [11/Mar/2026:12:10:39 +0000] "GET /2023/06/24/living-modern-si-rafinat/ HTTP/1.0" 404 16 "https://impero.ro/2023/06/24/living-modern-si-rafinat/" "Mozilla/5.0 (Windows NT 10.0; Win64; x64) AppleWebKit/537.36 (KHTML, like Gecko) Chrome/131.0.0.0 Safari/537.36 Avast/131.0.0.0"
162.55.244.37 - - [11/Mar/2026:12:10:39 +0000] "GET / HTTP/1.0" 200 15109 "https://impero.ro/" "Mozilla/5.0 (Windows NT 10.0; Win64; x64) AppleWebKit/537.36 (KHTML, like Gecko) Chrome/131.0.0.0 Safari/537.36 Avast/131.0.0.0"
40.77.167.68 - - [11/Mar/2026:12:10:42 +0000] "GET /wp-content/uploads/2020/07/irina-1-1-150x150.jpg HTTP/1.1" 404 36 "-" "msnbot/2.0b (+http://search.msn.com/msnbot.htm)"
66.249.64.224 - - [11/Mar/2026:12:11:11 +0000] "GET /product-tag/paturi-tapitate/page/2/?add-to-cart=10599 HTTP/1.1" 404 36 "-" "Mozilla/5.0 (Linux; Android 6.0.1; Nexus 5X Build/MMB29P) AppleWebKit/537.36 (KHTML, like Gecko) Chrome/145.0.7632.116 Mobile Safari/537.36 (compatible; Googlebot/2.1; +http://www.google.com/bot.html)"
45.199.233.154 - - [11/Mar/2026:12:11:12 +0000] "GET /wp-login.php HTTP/1.1" 404 36 "-" "Mozilla/5.0 (Windows NT 10.0; Win64; x64; rv:127.0) Gecko/20100101 Firefox/127.0"
5.39.1.228 - - [11/Mar/2026:12:11:16 +0000] "GET /tfhvh.php__1405e9d HTTP/1.1" 200 4733 "-" "Mozilla/5.0 (compatible; AhrefsBot/7.0; +http://ahrefs.com/robot/)"
153.80.123.201 - - [11/Mar/2026:12:11:22 +0000] "GET /wp-login.php HTTP/1.1" 404 36 "-" "Mozilla/5.0 (Macintosh; Intel Mac OS X 13_5) AppleWebKit/605.1.15 (KHTML, like Gecko) Version/17.5 Safari/605.1.15"
66.249.64.233 - - [11/Mar/2026:12:12:01 +0000] "GET /product/bar-coctail-mese/?add-to-cart=1317 HTTP/1.1" 404 36 "-" "Mozilla/5.0 (Linux; Android 6.0.1; Nexus 5X Build/MMB29P) AppleWebKit/537.36 (KHTML, like Gecko) Chrome/145.0.7632.116 Mobile Safari/537.36 (compatible; Googlebot/2.1; +http://www.google.com/bot.html)"
66.249.64.234 - - [11/Mar/2026:12:12:07 +0000] "GET /product/karmen-leila-61-set-mese/?add-to-cart=9962 HTTP/1.1" 404 36 "-" "Mozilla/5.0 (Linux; Android 6.0.1; Nexus 5X Build/MMB29P) AppleWebKit/537.36 (KHTML, like Gecko) Chrome/145.0.7632.116 Mobile Safari/537.36 (compatible; Googlebot/2.1; +http://www.google.com/bot.html)"
66.249.64.233 - - [11/Mar/2026:12:12:19 +0000] "GET /product/royal-bucatarie/?add-to-cart=3644 HTTP/1.1" 404 36 "-" "Mozilla/5.0 (Linux; Android 6.0.1; Nexus 5X Build/MMB29P) AppleWebKit/537.36 (KHTML, like Gecko) Chrome/145.0.7632.116 Mobile Safari/537.36 (compatible; Googlebot/2.1; +http://www.google.com/bot.html)"
195.200.31.148 - - [11/Mar/2026:12:12:43 +0000] "GET /2023/06/24/living-modern-si-rafinat/ HTTP/1.0" 404 16 "https://impero.ro/2023/06/24/living-modern-si-rafinat/#comment-17830" "Mozilla/5.0 (Windows NT 10.0; Win64; x64) AppleWebKit/537.36 (KHTML, like Gecko) Chrome/103.0.5060.114 Safari/537.36"
195.200.31.148 - - [11/Mar/2026:12:12:43 +0000] "GET / HTTP/1.0" 200 15109 "https://impero.ro/" "Mozilla/5.0 (Windows NT 10.0; Win64; x64) AppleWebKit/537.36 (KHTML, like Gecko) Chrome/103.0.5060.114 Safari/537.36"
190.183.23.89 - - [11/Mar/2026:12:13:06 +0000] "GET /prelucrare-date-caracter-personal/ HTTP/1.1" 404 36 "-" "Mozilla/5.0 (compatible; MSIE 5.0; Windows 98; Win 9x 4.90; Trident/5.1)"
195.208.86.65 - - [11/Mar/2026:12:13:22 +0000] "GET /wp-login.php HTTP/1.1" 404 36 "-" "Mozilla/5.0 (Macintosh; Intel Mac OS X 13_5) AppleWebKit/605.1.15 (KHTML, like Gecko) Version/17.5 Safari/605.1.15"
216.73.216.165 - - [11/Mar/2026:12:13:32 +0000] "GET /robots.txt HTTP/1.1" 404 36 "-" "Mozilla/5.0 AppleWebKit/537.36 (KHTML, like Gecko; compatible; ClaudeBot/1.0; +claudebot@anthropic.com)"
216.73.216.165 - - [11/Mar/2026:12:13:32 +0000] "GET /public_html__1405e9d/?C=S&O=D HTTP/1.1" 200 316 "-" "Mozilla/5.0 AppleWebKit/537.36 (KHTML, like Gecko; compatible; ClaudeBot/1.0; +claudebot@anthropic.com)"
66.249.64.234 - - [11/Mar/2026:12:13:44 +0000] "GET /product/roma-c3-canapea-exensibila/?add-to-cart=3048 HTTP/1.1" 404 36 "-" "Mozilla/5.0 (Linux; Android 6.0.1; Nexus 5X Build/MMB29P) AppleWebKit/537.36 (KHTML, like Gecko) Chrome/145.0.7632.116 Mobile Safari/537.36 (compatible; Googlebot/2.1; +http://www.google.com/bot.html)"
88.218.185.234 - - [11/Mar/2026:12:13:57 +0000] "GET /wp-login.php HTTP/1.1" 404 36 "-" "Mozilla/5.0 (Macintosh; Intel Mac OS X 13_5) AppleWebKit/605.1.15 (KHTML, like Gecko) Version/17.5 Safari/605.1.15"
216.73.216.165 - - [11/Mar/2026:12:14:13 +0000] "GET /public_html__1405e9d/?C=N&O=A HTTP/1.1" 200 318 "-" "Mozilla/5.0 AppleWebKit/537.36 (KHTML, like Gecko; compatible; ClaudeBot/1.0; +claudebot@anthropic.com)"
154.205.247.48 - - [11/Mar/2026:12:14:26 +0000] "GET /wp-login.php HTTP/1.1" 404 36 "-" "Mozilla/5.0 (Windows NT 10.0; Win64; x64) AppleWebKit/537.36 (KHTML, like Gecko) Chrome/124.0.6367.207 Safari/537.36"
216.73.216.165 - - [11/Mar/2026:12:16:08 +0000] "GET /public_html__1405e9d/?C=D&O=D HTTP/1.1" 200 316 "-" "Mozilla/5.0 AppleWebKit/537.36 (KHTML, like Gecko; compatible; ClaudeBot/1.0; +claudebot@anthropic.com)"
170.168.52.50 - - [11/Mar/2026:12:16:14 +0000] "GET /wp-login.php HTTP/1.1" 404 36 "-" "Mozilla/5.0 (Windows NT 10.0; Win64; x64; rv:127.0) Gecko/20100101 Firefox/127.0"
54.38.147.27 - - [11/Mar/2026:12:16:41 +0000] "GET /dvcyf.php__1405e9d HTTP/1.1" 200 4733 "-" "Mozilla/5.0 (compatible; AhrefsBot/7.0; +http://ahrefs.com/robot/)"
154.219.29.254 - - [11/Mar/2026:12:17:36 +0000] "GET /wp-login.php HTTP/1.1" 404 36 "-" "Mozilla/5.0 (Windows NT 10.0; Win64; x64) AppleWebKit/537.36 (KHTML, like Gecko) Chrome/124.0.6367.207 Safari/537.36"
66.249.64.234 - - [11/Mar/2026:12:17:52 +0000] "GET /product/30-pantofar-cuiere/?add-to-cart=1214 HTTP/1.1" 404 36 "-" "Mozilla/5.0 (Linux; Android 6.0.1; Nexus 5X Build/MMB29P) AppleWebKit/537.36 (KHTML, like Gecko) Chrome/145.0.7632.116 Mobile Safari/537.36 (compatible; Googlebot/2.1; +http://www.google.com/bot.html)"
66.249.64.233 - - [11/Mar/2026:12:17:57 +0000] "GET /product/berta-80-mese/?add-to-cart=3746 HTTP/1.1" 404 36 "-" "Mozilla/5.0 (Linux; Android 6.0.1; Nexus 5X Build/MMB29P) AppleWebKit/537.36 (KHTML, like Gecko) Chrome/145.0.7632.116 Mobile Safari/537.36 (compatible; Googlebot/2.1; +http://www.google.com/bot.html)"
157.55.39.16 - - [11/Mar/2026:12:19:00 +0000] "GET /wp-content/uploads/2023/06/Bond-meretrajz_feher-belso-4-1024x671-1-400x262.jpg HTTP/1.1" 404 36 "-" "Mozilla/5.0 AppleWebKit/537.36 (KHTML, like Gecko; compatible; bingbot/2.0; +http://www.bing.com/bingbot.htm) Chrome/116.0.1938.76 Safari/537.36"
216.73.216.165 - - [11/Mar/2026:12:19:16 +0000] "GET /configDMJ__1405e9d/?C=N&O=A HTTP/1.1" 200 398 "-" "Mozilla/5.0 AppleWebKit/537.36 (KHTML, like Gecko; compatible; ClaudeBot/1.0; +claudebot@anthropic.com)"
108.179.219.145 - - [11/Mar/2026:12:20:05 +0000] "GET /wp-login.php HTTP/1.1" 404 36 "-" "Mozilla/4.0 (compatible; MSIE 7.0; Windows NT 6.2; WOW64; Trident/7.0; .NET4.0C; .NET4.0E; Tablet PC 2.0; .NET CLR 2.0.50727; .NET CLR 3.0.30729; .NET CLR 3.5.30729)"
208.109.188.137 - - [11/Mar/2026:12:20:15 +0000] "POST /xmlrpc.php HTTP/1.1" 404 36 "-" "Mozilla/5.0 (Windows NT 6.3; WOW64; Trident/7.0; MATBJS; rv:11.0) like Gecko"
40.77.167.235 - - [11/Mar/2026:12:20:26 +0000] "GET /product-category/mobila-corp/page/6 HTTP/1.1" 404 36 "-" "Mozilla/5.0 AppleWebKit/537.36 (KHTML, like Gecko; compatible; bingbot/2.0; +http://www.bing.com/bingbot.htm) Chrome/116.0.1938.76 Safari/537.36"
92.222.108.112 - - [11/Mar/2026:12:21:10 +0000] "GET /rzfoo.php__1405e9d HTTP/1.1" 200 4733 "-" "Mozilla/5.0 (compatible; AhrefsBot/7.0; +http://ahrefs.com/robot/)"
216.73.216.165 - - [11/Mar/2026:12:22:18 +0000] "GET /wp-includes__1405e9d/css/buttons.css HTTP/1.1" 200 2495 "-" "Mozilla/5.0 AppleWebKit/537.36 (KHTML, like Gecko; compatible; ClaudeBot/1.0; +claudebot@anthropic.com)"
216.73.216.165 - - [11/Mar/2026:12:22:18 +0000] "GET /wp-includes__1405e9d/rest-api/fields HTTP/1.1" 301 263 "-" "Mozilla/5.0 AppleWebKit/537.36 (KHTML, like Gecko; compatible; ClaudeBot/1.0; +claudebot@anthropic.com)"
216.73.216.165 - - [11/Mar/2026:12:22:18 +0000] "GET /wp-includes__1405e9d/rest-api/fields/ HTTP/1.1" 200 333 "https://impero.ro/wp-includes__1405e9d/rest-api/fields" "Mozilla/5.0 AppleWebKit/537.36 (KHTML, like Gecko; compatible; ClaudeBot/1.0; +claudebot@anthropic.com)"
216.73.216.165 - - [11/Mar/2026:12:22:18 +0000] "GET /FSS-HCM__1405e9d/root/dev HTTP/1.1" 301 252 "-" "Mozilla/5.0 AppleWebKit/537.36 (KHTML, like Gecko; compatible; ClaudeBot/1.0; +claudebot@anthropic.com)"
216.73.216.165 - - [11/Mar/2026:12:22:18 +0000] "GET /FSS-HCM__1405e9d/root/dev/ HTTP/1.1" 200 582 "https://impero.ro/FSS-HCM__1405e9d/root/dev" "Mozilla/5.0 AppleWebKit/537.36 (KHTML, like Gecko; compatible; ClaudeBot/1.0; +claudebot@anthropic.com)"
216.73.216.165 - - [11/Mar/2026:12:22:19 +0000] "GET /wp-includes__1405e9d/css/admin-bar.css HTTP/1.1" 200 4903 "-" "Mozilla/5.0 AppleWebKit/537.36 (KHTML, like Gecko; compatible; ClaudeBot/1.0; +claudebot@anthropic.com)"
216.73.216.165 - - [11/Mar/2026:12:22:19 +0000] "GET /FSS-HCM__1405e9d/root/scripts HTTP/1.1" 301 256 "-" "Mozilla/5.0 AppleWebKit/537.36 (KHTML, like Gecko; compatible; ClaudeBot/1.0; +claudebot@anthropic.com)"
216.73.216.165 - - [11/Mar/2026:12:22:19 +0000] "GET /FSS-HCM__1405e9d/root/scripts/ HTTP/1.1" 200 8236 "https://impero.ro/FSS-HCM__1405e9d/root/scripts" "Mozilla/5.0 AppleWebKit/537.36 (KHTML, like Gecko; compatible; ClaudeBot/1.0; +claudebot@anthropic.com)"
66.249.64.233 - - [11/Mar/2026:12:22:20 +0000] "GET /product/kastler-new-tipul-1-masute-cafea/?add-to-cart=8769 HTTP/1.1" 404 36 "-" "Mozilla/5.0 (Linux; Android 6.0.1; Nexus 5X Build/MMB29P) AppleWebKit/537.36 (KHTML, like Gecko) Chrome/145.0.7632.116 Mobile Safari/537.36 (compatible; Googlebot/2.1; +http://www.google.com/bot.html)"
216.73.216.165 - - [11/Mar/2026:12:22:20 +0000] "GET /wp-includes__1405e9d/css/editor.min.css HTTP/1.1" 200 5929 "-" "Mozilla/5.0 AppleWebKit/537.36 (KHTML, like Gecko; compatible; ClaudeBot/1.0; +claudebot@anthropic.com)"
216.73.216.165 - - [11/Mar/2026:12:22:20 +0000] "GET /wp-includes__1405e9d/css/wp-pointer-rtl.css HTTP/1.1" 200 1138 "-" "Mozilla/5.0 AppleWebKit/537.36 (KHTML, like Gecko; compatible; ClaudeBot/1.0; +claudebot@anthropic.com)"
216.73.216.165 - - [11/Mar/2026:12:22:21 +0000] "GET /wp-includes__1405e9d/css/wp-pointer.min.css HTTP/1.1" 200 938 "-" "Mozilla/5.0 AppleWebKit/537.36 (KHTML, like Gecko; compatible; ClaudeBot/1.0; +claudebot@anthropic.com)"
216.73.216.165 - - [11/Mar/2026:12:22:21 +0000] "GET /wp-includes__1405e9d/css/editor.css HTTP/1.1" 200 6711 "-" "Mozilla/5.0 AppleWebKit/537.36 (KHTML, like Gecko; compatible; ClaudeBot/1.0; +claudebot@anthropic.com)"
216.73.216.165 - - [11/Mar/2026:12:22:21 +0000] "GET /wp-includes__1405e9d/css/wp-pointer.css HTTP/1.1" 200 1109 "-" "Mozilla/5.0 AppleWebKit/537.36 (KHTML, like Gecko; compatible; ClaudeBot/1.0; +claudebot@anthropic.com)"
216.73.216.165 - - [11/Mar/2026:12:22:52 +0000] "GET /FSS-HCM__1405e9d/root/sys HTTP/1.1" 301 252 "-" "Mozilla/5.0 AppleWebKit/537.36 (KHTML, like Gecko; compatible; ClaudeBot/1.0; +claudebot@anthropic.com)"
216.73.216.165 - - [11/Mar/2026:12:22:53 +0000] "GET /wp-includes__1405e9d/css/wp-empty-template-alert.css HTTP/1.1" 200 240 "-" "Mozilla/5.0 AppleWebKit/537.36 (KHTML, like Gecko; compatible; ClaudeBot/1.0; +claudebot@anthropic.com)"
216.73.216.165 - - [11/Mar/2026:12:22:53 +0000] "GET /FSS-HCM__1405e9d/root/sys/ HTTP/1.1" 200 520 "https://impero.ro/FSS-HCM__1405e9d/root/sys" "Mozilla/5.0 AppleWebKit/537.36 (KHTML, like Gecko; compatible; ClaudeBot/1.0; +claudebot@anthropic.com)"
216.73.216.165 - - [11/Mar/2026:12:22:53 +0000] "GET /FSS-HCM__1405e9d/root/tmp HTTP/1.1" 301 252 "-" "Mozilla/5.0 AppleWebKit/537.36 (KHTML, like Gecko; compatible; ClaudeBot/1.0; +claudebot@anthropic.com)"
216.73.216.165 - - [11/Mar/2026:12:22:53 +0000] "GET /FSS-HCM__1405e9d/root/tmp/ HTTP/1.1" 200 325 "https://impero.ro/FSS-HCM__1405e9d/root/tmp" "Mozilla/5.0 AppleWebKit/537.36 (KHTML, like Gecko; compatible; ClaudeBot/1.0; +claudebot@anthropic.com)"
216.73.216.165 - - [11/Mar/2026:12:22:53 +0000] "GET /wp-includes__1405e9d/css/admin-bar.min.css HTTP/1.1" 200 3861 "-" "Mozilla/5.0 AppleWebKit/537.36 (KHTML, like Gecko; compatible; ClaudeBot/1.0; +claudebot@anthropic.com)"
216.73.216.165 - - [11/Mar/2026:12:22:53 +0000] "GET /wp-includes__1405e9d/css/dashicons.css HTTP/1.1" 200 36373 "-" "Mozilla/5.0 AppleWebKit/537.36 (KHTML, like Gecko; compatible; ClaudeBot/1.0; +claudebot@anthropic.com)"
216.73.216.165 - - [11/Mar/2026:12:22:54 +0000] "GET /wp-includes__1405e9d/css/dist HTTP/1.1" 301 256 "-" "Mozilla/5.0 AppleWebKit/537.36 (KHTML, like Gecko; compatible; ClaudeBot/1.0; +claudebot@anthropic.com)"
216.73.216.165 - - [11/Mar/2026:12:22:54 +0000] "GET /wp-includes__1405e9d/css/dist/ HTTP/1.1" 200 649 "https://impero.ro/wp-includes__1405e9d/css/dist" "Mozilla/5.0 AppleWebKit/537.36 (KHTML, like Gecko; compatible; ClaudeBot/1.0; +claudebot@anthropic.com)"
216.73.216.165 - - [11/Mar/2026:12:22:54 +0000] "GET /wp-includes__1405e9d/css/editor-rtl.css HTTP/1.1" 200 6733 "-" "Mozilla/5.0 AppleWebKit/537.36 (KHTML, like Gecko; compatible; ClaudeBot/1.0; +claudebot@anthropic.com)"
216.73.216.165 - - [11/Mar/2026:12:22:54 +0000] "GET /wp-includes__1405e9d/css/wp-embed-template.css HTTP/1.1" 200 2061 "-" "Mozilla/5.0 AppleWebKit/537.36 (KHTML, like Gecko; compatible; ClaudeBot/1.0; +claudebot@anthropic.com)"
216.73.216.165 - - [11/Mar/2026:12:22:54 +0000] "GET /wp-includes__1405e9d/css/customize-preview.css HTTP/1.1" 200 1081 "-" "Mozilla/5.0 AppleWebKit/537.36 (KHTML, like Gecko; compatible; ClaudeBot/1.0; +claudebot@anthropic.com)"
216.73.216.165 - - [11/Mar/2026:12:22:55 +0000] "GET /wp-includes__1405e9d/css/wp-pointer-rtl.min.css HTTP/1.1" 200 944 "-" "Mozilla/5.0 AppleWebKit/537.36 (KHTML, like Gecko; compatible; ClaudeBot/1.0; +claudebot@anthropic.com)"
216.73.216.165 - - [11/Mar/2026:12:23:26 +0000] "GET /wp-includes__1405e9d/css/buttons-rtl.css HTTP/1.1" 200 2513 "-" "Mozilla/5.0 AppleWebKit/537.36 (KHTML, like Gecko; compatible; ClaudeBot/1.0; +claudebot@anthropic.com)"
216.73.216.165 - - [11/Mar/2026:12:23:26 +0000] "GET /FSS-HCM__1405e9d/root/proc HTTP/1.1" 301 253 "-" "Mozilla/5.0 AppleWebKit/537.36 (KHTML, like Gecko; compatible; ClaudeBot/1.0; +claudebot@anthropic.com)"
216.73.216.165 - - [11/Mar/2026:12:23:26 +0000] "GET /FSS-HCM__1405e9d/root/usr HTTP/1.1" 301 252 "-" "Mozilla/5.0 AppleWebKit/537.36 (KHTML, like Gecko; compatible; ClaudeBot/1.0; +claudebot@anthropic.com)"
216.73.216.165 - - [11/Mar/2026:12:23:26 +0000] "GET /FSS-HCM__1405e9d/root/proc/ HTTP/1.1" 200 2854 "https://impero.ro/FSS-HCM__1405e9d/root/proc" "Mozilla/5.0 AppleWebKit/537.36 (KHTML, like Gecko; compatible; ClaudeBot/1.0; +claudebot@anthropic.com)"
216.73.216.165 - - [11/Mar/2026:12:23:26 +0000] "GET /FSS-HCM__1405e9d/root/usr/ HTTP/1.1" 200 556 "https://impero.ro/FSS-HCM__1405e9d/root/usr" "Mozilla/5.0 AppleWebKit/537.36 (KHTML, like Gecko; compatible; ClaudeBot/1.0; +claudebot@anthropic.com)"
216.73.216.165 - - [11/Mar/2026:12:23:26 +0000] "GET /FSS-HCM__1405e9d/root/boot HTTP/1.1" 301 253 "-" "Mozilla/5.0 AppleWebKit/537.36 (KHTML, like Gecko; compatible; ClaudeBot/1.0; +claudebot@anthropic.com)"
216.73.216.165 - - [11/Mar/2026:12:23:26 +0000] "GET /FSS-HCM__1405e9d/root/boot/ HTTP/1.1" 200 775 "https://impero.ro/FSS-HCM__1405e9d/root/boot" "Mozilla/5.0 AppleWebKit/537.36 (KHTML, like Gecko; compatible; ClaudeBot/1.0; +claudebot@anthropic.com)"
216.73.216.165 - - [11/Mar/2026:12:23:26 +0000] "GET /wp-includes__1405e9d/css/wp-auth-check.css HTTP/1.1" 200 864 "-" "Mozilla/5.0 AppleWebKit/537.36 (KHTML, like Gecko; compatible; ClaudeBot/1.0; +claudebot@anthropic.com)"
216.73.216.165 - - [11/Mar/2026:12:23:27 +0000] "GET /wp-includes__1405e9d/css/customize-preview.min.css HTTP/1.1" 200 857 "-" "Mozilla/5.0 AppleWebKit/537.36 (KHTML, like Gecko; compatible; ClaudeBot/1.0; +claudebot@anthropic.com)"
216.73.216.165 - - [11/Mar/2026:12:23:27 +0000] "GET /wp-includes__1405e9d/css/wp-embed-template.min.css HTTP/1.1" 200 1936 "-" "Mozilla/5.0 AppleWebKit/537.36 (KHTML, like Gecko; compatible; ClaudeBot/1.0; +claudebot@anthropic.com)"
216.73.216.165 - - [11/Mar/2026:12:23:27 +0000] "GET /wp-includes__1405e9d/css/buttons.min.css HTTP/1.1" 200 1470 "-" "Mozilla/5.0 AppleWebKit/537.36 (KHTML, like Gecko; compatible; ClaudeBot/1.0; +claudebot@anthropic.com)"
216.73.216.165 - - [11/Mar/2026:12:23:27 +0000] "GET /FSS-HCM__1405e9d/root/lib HTTP/1.1" 301 252 "-" "Mozilla/5.0 AppleWebKit/537.36 (KHTML, like Gecko; compatible; ClaudeBot/1.0; +claudebot@anthropic.com)"
216.73.216.165 - - [11/Mar/2026:12:23:27 +0000] "GET /FSS-HCM__1405e9d/root/lib/ HTTP/1.1" 200 993 "https://impero.ro/FSS-HCM__1405e9d/root/lib" "Mozilla/5.0 AppleWebKit/537.36 (KHTML, like Gecko; compatible; ClaudeBot/1.0; +claudebot@anthropic.com)"
216.73.216.165 - - [11/Mar/2026:12:23:27 +0000] "GET /wp-includes__1405e9d/css/admin-bar-rtl.css HTTP/1.1" 200 4933 "-" "Mozilla/5.0 AppleWebKit/537.36 (KHTML, like Gecko; compatible; ClaudeBot/1.0; +claudebot@anthropic.com)"
216.73.216.165 - - [11/Mar/2026:12:23:43 +0000] "GET /FSS-HCM__1405e9d/root/opt HTTP/1.1" 301 252 "-" "Mozilla/5.0 AppleWebKit/537.36 (KHTML, like Gecko; compatible; ClaudeBot/1.0; +claudebot@anthropic.com)"
216.73.216.165 - - [11/Mar/2026:12:23:43 +0000] "GET /wp-includes__1405e9d/css/classic-themes.css HTTP/1.1" 200 432 "-" "Mozilla/5.0 AppleWebKit/537.36 (KHTML, like Gecko; compatible; ClaudeBot/1.0; +claudebot@anthropic.com)"
216.73.216.165 - - [11/Mar/2026:12:23:43 +0000] "GET /FSS-HCM__1405e9d/root/opt/ HTTP/1.1" 200 496 "https://impero.ro/FSS-HCM__1405e9d/root/opt" "Mozilla/5.0 AppleWebKit/537.36 (KHTML, like Gecko; compatible; ClaudeBot/1.0; +claudebot@anthropic.com)"
216.73.216.165 - - [11/Mar/2026:12:23:43 +0000] "GET /wp-includes__1405e9d/css/dashicons.min.css HTTP/1.1" 200 35721 "-" "Mozilla/5.0 AppleWebKit/537.36 (KHTML, like Gecko; compatible; ClaudeBot/1.0; +claudebot@anthropic.com)"
216.73.216.165 - - [11/Mar/2026:12:23:43 +0000] "GET /FSS-HCM__1405e9d/root/bin HTTP/1.1" 301 252 "-" "Mozilla/5.0 AppleWebKit/537.36 (KHTML, like Gecko; compatible; ClaudeBot/1.0; +claudebot@anthropic.com)"
216.73.216.165 - - [11/Mar/2026:12:23:44 +0000] "GET /FSS-HCM__1405e9d/root/bin/ HTTP/1.1" 200 20245 "https://impero.ro/FSS-HCM__1405e9d/root/bin" "Mozilla/5.0 AppleWebKit/537.36 (KHTML, like Gecko; compatible; ClaudeBot/1.0; +claudebot@anthropic.com)"
216.73.216.165 - - [11/Mar/2026:12:23:44 +0000] "GET /FSS-HCM__1405e9d/root/lib64 HTTP/1.1" 301 254 "-" "Mozilla/5.0 AppleWebKit/537.36 (KHTML, like Gecko; compatible; ClaudeBot/1.0; +claudebot@anthropic.com)"
216.73.216.165 - - [11/Mar/2026:12:23:44 +0000] "GET /FSS-HCM__1405e9d/root/lib64/ HTTP/1.1" 200 16986 "https://impero.ro/FSS-HCM__1405e9d/root/lib64" "Mozilla/5.0 AppleWebKit/537.36 (KHTML, like Gecko; compatible; ClaudeBot/1.0; +claudebot@anthropic.com)"
216.73.216.165 - - [11/Mar/2026:12:23:44 +0000] "GET /wp-includes__1405e9d/css/media-views.css HTTP/1.1" 200 10461 "-" "Mozilla/5.0 AppleWebKit/537.36 (KHTML, like Gecko; compatible; ClaudeBot/1.0; +claudebot@anthropic.com)"
216.73.216.165 - - [11/Mar/2026:12:23:44 +0000] "GET /wp-includes__1405e9d/css/editor-rtl.min.css HTTP/1.1" 200 5921 "-" "Mozilla/5.0 AppleWebKit/537.36 (KHTML, like Gecko; compatible; ClaudeBot/1.0; +claudebot@anthropic.com)"
216.73.216.165 - - [11/Mar/2026:12:23:44 +0000] "GET /wp-includes__1405e9d/css/customize-preview-rtl.css HTTP/1.1" 200 1101 "-" "Mozilla/5.0 AppleWebKit/537.36 (KHTML, like Gecko; compatible; ClaudeBot/1.0; +claudebot@anthropic.com)"
216.73.216.165 - - [11/Mar/2026:12:23:44 +0000] "GET /wp-includes__1405e9d/rest-api/endpoints HTTP/1.1" 301 266 "-" "Mozilla/5.0 AppleWebKit/537.36 (KHTML, like Gecko; compatible; ClaudeBot/1.0; +claudebot@anthropic.com)"
216.73.216.165 - - [11/Mar/2026:12:23:44 +0000] "GET /wp-includes__1405e9d/rest-api/endpoints/ HTTP/1.1" 200 336 "https://impero.ro/wp-includes__1405e9d/rest-api/endpoints" "Mozilla/5.0 AppleWebKit/537.36 (KHTML, like Gecko; compatible; ClaudeBot/1.0; +claudebot@anthropic.com)"
17.241.227.135 - - [11/Mar/2026:12:24:07 +0000] "GET /product-category/scaune/?stock_status=onsale HTTP/1.1" 404 36 "-" "Mozilla/5.0 (Macintosh; Intel Mac OS X 10_15_7) AppleWebKit/605.1.15 (KHTML, like Gecko) Version/17.4 Safari/605.1.15 (Applebot/0.1; +http://www.apple.com/go/applebot)"
216.73.216.165 - - [11/Mar/2026:12:24:07 +0000] "GET /FSS-HCM__1405e9d/root/backup HTTP/1.1" 301 255 "-" "Mozilla/5.0 AppleWebKit/537.36 (KHTML, like Gecko; compatible; ClaudeBot/1.0; +claudebot@anthropic.com)"
216.73.216.165 - - [11/Mar/2026:12:24:07 +0000] "GET /FSS-HCM__1405e9d/root/etc HTTP/1.1" 301 252 "-" "Mozilla/5.0 AppleWebKit/537.36 (KHTML, like Gecko; compatible; ClaudeBot/1.0; +claudebot@anthropic.com)"
216.73.216.165 - - [11/Mar/2026:12:24:07 +0000] "GET /FSS-HCM__1405e9d/root/backup/ HTTP/1.1" 404 36 "https://impero.ro/FSS-HCM__1405e9d/root/backup" "Mozilla/5.0 AppleWebKit/537.36 (KHTML, like Gecko; compatible; ClaudeBot/1.0; +claudebot@anthropic.com)"
216.73.216.165 - - [11/Mar/2026:12:24:07 +0000] "GET /wp-includes__1405e9d/css/wp-auth-check.min.css HTTP/1.1" 200 741 "-" "Mozilla/5.0 AppleWebKit/537.36 (KHTML, like Gecko; compatible; ClaudeBot/1.0; +claudebot@anthropic.com)"
216.73.216.165 - - [11/Mar/2026:12:24:07 +0000] "GET /FSS-HCM__1405e9d/root/etc/ HTTP/1.1" 200 6134 "https://impero.ro/FSS-HCM__1405e9d/root/etc" "Mozilla/5.0 AppleWebKit/537.36 (KHTML, like Gecko; compatible; ClaudeBot/1.0; +claudebot@anthropic.com)"
216.73.216.165 - - [11/Mar/2026:12:24:07 +0000] "GET /wp-includes__1405e9d/rest-api/search HTTP/1.1" 301 263 "-" "Mozilla/5.0 AppleWebKit/537.36 (KHTML, like Gecko; compatible; ClaudeBot/1.0; +claudebot@anthropic.com)"
216.73.216.165 - - [11/Mar/2026:12:24:07 +0000] "GET /wp-includes__1405e9d/rest-api/search/ HTTP/1.1" 200 333 "https://impero.ro/wp-includes__1405e9d/rest-api/search" "Mozilla/5.0 AppleWebKit/537.36 (KHTML, like Gecko; compatible; ClaudeBot/1.0; +claudebot@anthropic.com)"
216.73.216.165 - - [11/Mar/2026:12:24:07 +0000] "GET /FSS-HCM__1405e9d/root/run HTTP/1.1" 301 252 "-" "Mozilla/5.0 AppleWebKit/537.36 (KHTML, like Gecko; compatible; ClaudeBot/1.0; +claudebot@anthropic.com)"
216.73.216.165 - - [11/Mar/2026:12:24:07 +0000] "GET /FSS-HCM__1405e9d/root/run/ HTTP/1.1" 200 1495 "https://impero.ro/FSS-HCM__1405e9d/root/run" "Mozilla/5.0 AppleWebKit/537.36 (KHTML, like Gecko; compatible; ClaudeBot/1.0; +claudebot@anthropic.com)"
216.73.216.165 - - [11/Mar/2026:12:24:08 +0000] "GET /wp-includes__1405e9d/css/jquery-ui-dialog.css HTTP/1.1" 200 1824 "-" "Mozilla/5.0 AppleWebKit/537.36 (KHTML, like Gecko; compatible; ClaudeBot/1.0; +claudebot@anthropic.com)"
216.73.216.165 - - [11/Mar/2026:12:24:08 +0000] "GET /wp-includes__1405e9d/css/wp-embed-template-ie.css HTTP/1.1" 200 33 "-" "Mozilla/5.0 AppleWebKit/537.36 (KHTML, like Gecko; compatible; ClaudeBot/1.0; +claudebot@anthropic.com)"
216.73.216.165 - - [11/Mar/2026:12:24:08 +0000] "GET /wp-includes__1405e9d/css/admin-bar-rtl.min.css HTTP/1.1" 200 3857 "-" "Mozilla/5.0 AppleWebKit/537.36 (KHTML, like Gecko; compatible; ClaudeBot/1.0; +claudebot@anthropic.com)"
216.73.216.165 - - [11/Mar/2026:12:24:08 +0000] "GET /wp-includes__1405e9d/css/wp-empty-template-alert.min.css HTTP/1.1" 200 240 "-" "Mozilla/5.0 AppleWebKit/537.36 (KHTML, like Gecko; compatible; ClaudeBot/1.0; +claudebot@anthropic.com)"
216.73.216.165 - - [11/Mar/2026:12:24:36 +0000] "GET /wp-includes__1405e9d/css/media-views-rtl.min.css HTTP/1.1" 200 8724 "-" "Mozilla/5.0 AppleWebKit/537.36 (KHTML, like Gecko; compatible; ClaudeBot/1.0; +claudebot@anthropic.com)"
216.73.216.165 - - [11/Mar/2026:12:24:36 +0000] "GET /wp-includes__1405e9d/css/wp-auth-check-rtl.min.css HTTP/1.1" 200 742 "-" "Mozilla/5.0 AppleWebKit/537.36 (KHTML, like Gecko; compatible; ClaudeBot/1.0; +claudebot@anthropic.com)"
216.73.216.165 - - [11/Mar/2026:12:24:37 +0000] "GET /FSS-HCM__1405e9d/root/home HTTP/1.1" 301 253 "-" "Mozilla/5.0 AppleWebKit/537.36 (KHTML, like Gecko; compatible; ClaudeBot/1.0; +claudebot@anthropic.com)"
216.73.216.165 - - [11/Mar/2026:12:24:37 +0000] "GET /FSS-HCM__1405e9d/root/media HTTP/1.1" 301 254 "-" "Mozilla/5.0 AppleWebKit/537.36 (KHTML, like Gecko; compatible; ClaudeBot/1.0; +claudebot@anthropic.com)"
216.73.216.165 - - [11/Mar/2026:12:24:37 +0000] "GET /FSS-HCM__1405e9d/root/media/ HTTP/1.1" 200 326 "https://impero.ro/FSS-HCM__1405e9d/root/media" "Mozilla/5.0 AppleWebKit/537.36 (KHTML, like Gecko; compatible; ClaudeBot/1.0; +claudebot@anthropic.com)"
216.73.216.165 - - [11/Mar/2026:12:24:37 +0000] "GET /FSS-HCM__1405e9d/root/home/ HTTP/1.1" 200 1310 "https://impero.ro/FSS-HCM__1405e9d/root/home" "Mozilla/5.0 AppleWebKit/537.36 (KHTML, like Gecko; compatible; ClaudeBot/1.0; +claudebot@anthropic.com)"
216.73.216.165 - - [11/Mar/2026:12:24:37 +0000] "GET /wp-includes__1405e9d/css/jquery-ui-dialog-rtl.css HTTP/1.1" 200 1842 "-" "Mozilla/5.0 AppleWebKit/537.36 (KHTML, like Gecko; compatible; ClaudeBot/1.0; +claudebot@anthropic.com)"
216.73.216.165 - - [11/Mar/2026:12:24:37 +0000] "GET /wp-includes__1405e9d/css/jquery-ui-dialog.min.css HTTP/1.1" 200 1530 "-" "Mozilla/5.0 AppleWebKit/537.36 (KHTML, like Gecko; compatible; ClaudeBot/1.0; +claudebot@anthropic.com)"
216.73.216.165 - - [11/Mar/2026:12:24:37 +0000] "GET /wp-includes__1405e9d/css/wp-embed-template-ie.min.css HTTP/1.1" 200 35 "-" "Mozilla/5.0 AppleWebKit/537.36 (KHTML, like Gecko; compatible; ClaudeBot/1.0; +claudebot@anthropic.com)"
45.138.212.234 - - [11/Mar/2026:12:24:37 +0000] "GET /wp-login.php HTTP/1.1" 404 36 "-" "Mozilla/5.0 (Windows NT 10.0; Win64; x64; rv:127.0) Gecko/20100101 Firefox/127.0"
216.73.216.165 - - [11/Mar/2026:12:24:37 +0000] "GET /wp-includes__1405e9d/css/media-views-rtl.css HTTP/1.1" 200 10486 "-" "Mozilla/5.0 AppleWebKit/537.36 (KHTML, like Gecko; compatible; ClaudeBot/1.0; +claudebot@anthropic.com)"
216.73.216.165 - - [11/Mar/2026:12:24:37 +0000] "GET /FSS-HCM__1405e9d/root/mnt HTTP/1.1" 301 252 "-" "Mozilla/5.0 AppleWebKit/537.36 (KHTML, like Gecko; compatible; ClaudeBot/1.0; +claudebot@anthropic.com)"
216.73.216.165 - - [11/Mar/2026:12:24:37 +0000] "GET /FSS-HCM__1405e9d/root/mnt/ HTTP/1.1" 200 325 "https://impero.ro/FSS-HCM__1405e9d/root/mnt" "Mozilla/5.0 AppleWebKit/537.36 (KHTML, like Gecko; compatible; ClaudeBot/1.0; +claudebot@anthropic.com)"
66.249.64.234 - - [11/Mar/2026:12:24:59 +0000] "GET /product-tag/dulap-hol/?orderby=rating&per_page=24 HTTP/1.1" 404 36 "-" "Mozilla/5.0 (Linux; Android 6.0.1; Nexus 5X Build/MMB29P) AppleWebKit/537.36 (KHTML, like Gecko) Chrome/145.0.7632.116 Mobile Safari/537.36 (compatible; Googlebot/2.1; +http://www.google.com/bot.html)"
216.73.216.165 - - [11/Mar/2026:12:25:24 +0000] "GET /wp-includes__1405e9d/fonts/dashicons.eot HTTP/1.1" 200 32547 "-" "Mozilla/5.0 AppleWebKit/537.36 (KHTML, like Gecko; compatible; ClaudeBot/1.0; +claudebot@anthropic.com)"
216.73.216.165 - - [11/Mar/2026:12:25:24 +0000] "GET /wp-includes__1405e9d/images/arrow-pointer-blue.png HTTP/1.1" 200 793 "-" "Mozilla/5.0 AppleWebKit/537.36 (KHTML, like Gecko; compatible; ClaudeBot/1.0; +claudebot@anthropic.com)"
216.73.216.165 - - [11/Mar/2026:12:25:24 +0000] "GET /wp-includes__1405e9d/images/icon-pointer-flag.png HTTP/1.1" 200 783 "-" "Mozilla/5.0 AppleWebKit/537.36 (KHTML, like Gecko; compatible; ClaudeBot/1.0; +claudebot@anthropic.com)"
216.73.216.165 - - [11/Mar/2026:12:25:24 +0000] "GET /wp-includes__1405e9d/images/toggle-arrow.png HTTP/1.1" 200 289 "-" "Mozilla/5.0 AppleWebKit/537.36 (KHTML, like Gecko; compatible; ClaudeBot/1.0; +claudebot@anthropic.com)"
216.73.216.165 - - [11/Mar/2026:12:25:24 +0000] "GET /wp-includes__1405e9d/images/media HTTP/1.1" 301 260 "-" "Mozilla/5.0 AppleWebKit/537.36 (KHTML, like Gecko; compatible; ClaudeBot/1.0; +claudebot@anthropic.com)"
216.73.216.165 - - [11/Mar/2026:12:25:24 +0000] "GET /wp-includes__1405e9d/images/media/ HTTP/1.1" 200 649 "https://impero.ro/wp-includes__1405e9d/images/media" "Mozilla/5.0 AppleWebKit/537.36 (KHTML, like Gecko; compatible; ClaudeBot/1.0; +claudebot@anthropic.com)"
216.73.216.165 - - [11/Mar/2026:12:25:24 +0000] "GET /wp-includes__1405e9d/images/crystal HTTP/1.1" 301 262 "-" "Mozilla/5.0 AppleWebKit/537.36 (KHTML, like Gecko; compatible; ClaudeBot/1.0; +claudebot@anthropic.com)"
216.73.216.165 - - [11/Mar/2026:12:25:24 +0000] "GET /wp-includes__1405e9d/images/crystal/ HTTP/1.1" 200 566 "https://impero.ro/wp-includes__1405e9d/images/crystal" "Mozilla/5.0 AppleWebKit/537.36 (KHTML, like Gecko; compatible; ClaudeBot/1.0; +claudebot@anthropic.com)"
216.73.216.165 - - [11/Mar/2026:12:25:24 +0000] "GET /FSS-HCM__1405e9d/root/quota.user HTTP/1.1" 200 982 "-" "Mozilla/5.0 AppleWebKit/537.36 (KHTML, like Gecko; compatible; ClaudeBot/1.0; +claudebot@anthropic.com)"
216.73.216.165 - - [11/Mar/2026:12:25:24 +0000] "GET /wp-includes__1405e9d/css/jquery-ui-dialog-rtl.min.css HTTP/1.1" 200 1530 "-" "Mozilla/5.0 AppleWebKit/537.36 (KHTML, like Gecko; compatible; ClaudeBot/1.0; +claudebot@anthropic.com)"
216.73.216.165 - - [11/Mar/2026:12:25:25 +0000] "GET /FSS-HCM__1405e9d/root/razor-agent.log HTTP/1.1" 200 124 "-" "Mozilla/5.0 AppleWebKit/537.36 (KHTML, like Gecko; compatible; ClaudeBot/1.0; +claudebot@anthropic.com)"
66.249.64.233 - - [11/Mar/2026:12:25:29 +0000] "GET /portfolio/leo-uteu-ullamcorper/ HTTP/1.1" 404 36 "-" "Mozilla/5.0 (Linux; Android 6.0.1; Nexus 5X Build/MMB29P) AppleWebKit/537.36 (KHTML, like Gecko) Chrome/145.0.7632.116 Mobile Safari/537.36 (compatible; Googlebot/2.1; +http://www.google.com/bot.html)"
216.73.216.165 - - [11/Mar/2026:12:25:32 +0000] "GET /wp-includes__1405e9d/images/rss-2x.png HTTP/1.1" 200 1306 "-" "Mozilla/5.0 AppleWebKit/537.36 (KHTML, like Gecko; compatible; ClaudeBot/1.0; +claudebot@anthropic.com)"
216.73.216.165 - - [11/Mar/2026:12:25:33 +0000] "GET /cgi-bin__1405e9d/?C=S&O=D HTTP/1.1" 200 313 "-" "Mozilla/5.0 AppleWebKit/537.36 (KHTML, like Gecko; compatible; ClaudeBot/1.0; +claudebot@anthropic.com)"
216.73.216.165 - - [11/Mar/2026:12:25:33 +0000] "GET /wp-includes__1405e9d/images/xit.gif HTTP/1.1" 200 181 "-" "Mozilla/5.0 AppleWebKit/537.36 (KHTML, like Gecko; compatible; ClaudeBot/1.0; +claudebot@anthropic.com)"
216.73.216.165 - - [11/Mar/2026:12:25:33 +0000] "GET /wp-includes__1405e9d/php-compat/?C=S&O=A HTTP/1.1" 200 329 "-" "Mozilla/5.0 AppleWebKit/537.36 (KHTML, like Gecko; compatible; ClaudeBot/1.0; +claudebot@anthropic.com)"
216.73.216.165 - - [11/Mar/2026:12:25:33 +0000] "GET /cgi-bin__1405e9d/?C=D&O=D HTTP/1.1" 200 313 "-" "Mozilla/5.0 AppleWebKit/537.36 (KHTML, like Gecko; compatible; ClaudeBot/1.0; +claudebot@anthropic.com)"
216.73.216.165 - - [11/Mar/2026:12:25:33 +0000] "GET /wp-includes__1405e9d/php-compat/?C=D&O=A HTTP/1.1" 200 329 "-" "Mozilla/5.0 AppleWebKit/537.36 (KHTML, like Gecko; compatible; ClaudeBot/1.0; +claudebot@anthropic.com)"
216.73.216.165 - - [11/Mar/2026:12:25:33 +0000] "GET /wp-includes__1405e9d/css/?C=S&O=A HTTP/1.1" 200 1010 "-" "Mozilla/5.0 AppleWebKit/537.36 (KHTML, like Gecko; compatible; ClaudeBot/1.0; +claudebot@anthropic.com)"
216.73.216.165 - - [11/Mar/2026:12:25:33 +0000] "GET /cgi-bin__1405e9d/?C=M&O=D HTTP/1.1" 200 313 "-" "Mozilla/5.0 AppleWebKit/537.36 (KHTML, like Gecko; compatible; ClaudeBot/1.0; +claudebot@anthropic.com)"
216.73.216.165 - - [11/Mar/2026:12:25:34 +0000] "GET /wp-includes__1405e9d/images/blank.gif HTTP/1.1" 200 43 "-" "Mozilla/5.0 AppleWebKit/537.36 (KHTML, like Gecko; compatible; ClaudeBot/1.0; +claudebot@anthropic.com)"
216.73.216.165 - - [11/Mar/2026:12:25:35 +0000] "GET /wp-includes__1405e9d/rest-api/?C=D&O=A HTTP/1.1" 200 400 "-" "Mozilla/5.0 AppleWebKit/537.36 (KHTML, like Gecko; compatible; ClaudeBot/1.0; +claudebot@anthropic.com)"
216.73.216.165 - - [11/Mar/2026:12:25:35 +0000] "GET /wp-includes__1405e9d/widgets/?C=N&O=D HTTP/1.1" 200 326 "-" "Mozilla/5.0 AppleWebKit/537.36 (KHTML, like Gecko; compatible; ClaudeBot/1.0; +claudebot@anthropic.com)"
216.73.216.165 - - [11/Mar/2026:12:25:35 +0000] "GET /wp-includes__1405e9d/rest-api/?C=M&O=A HTTP/1.1" 200 401 "-" "Mozilla/5.0 AppleWebKit/537.36 (KHTML, like Gecko; compatible; ClaudeBot/1.0; +claudebot@anthropic.com)"
216.73.216.165 - - [11/Mar/2026:12:25:35 +0000] "GET /wp-includes__1405e9d/rest-api/?C=N&O=D HTTP/1.1" 200 398 "-" "Mozilla/5.0 AppleWebKit/537.36 (KHTML, like Gecko; compatible; ClaudeBot/1.0; +claudebot@anthropic.com)"
216.73.216.165 - - [11/Mar/2026:12:25:35 +0000] "GET /wp-includes__1405e9d/abilities-api/?C=S&O=A HTTP/1.1" 200 331 "-" "Mozilla/5.0 AppleWebKit/537.36 (KHTML, like Gecko; compatible; ClaudeBot/1.0; +claudebot@anthropic.com)"
216.73.216.165 - - [11/Mar/2026:12:25:35 +0000] "GET /wp-includes__1405e9d/images/wpicons.png HTTP/1.1" 200 7086 "-" "Mozilla/5.0 AppleWebKit/537.36 (KHTML, like Gecko; compatible; ClaudeBot/1.0; +claudebot@anthropic.com)"
216.73.216.165 - - [11/Mar/2026:12:25:36 +0000] "GET /wp-includes__1405e9d/abilities-api/?C=D&O=A HTTP/1.1" 200 332 "-" "Mozilla/5.0 AppleWebKit/537.36 (KHTML, like Gecko; compatible; ClaudeBot/1.0; +claudebot@anthropic.com)"
216.73.216.165 - - [11/Mar/2026:12:25:36 +0000] "GET /wp-includes__1405e9d/abilities-api/?C=M&O=A HTTP/1.1" 200 331 "-" "Mozilla/5.0 AppleWebKit/537.36 (KHTML, like Gecko; compatible; ClaudeBot/1.0; +claudebot@anthropic.com)"
216.73.216.165 - - [11/Mar/2026:12:25:36 +0000] "GET /wp-includes__1405e9d/abilities-api/?C=N&O=D HTTP/1.1" 200 330 "-" "Mozilla/5.0 AppleWebKit/537.36 (KHTML, like Gecko; compatible; ClaudeBot/1.0; +claudebot@anthropic.com)"
66.249.64.234 - - [11/Mar/2026:12:25:37 +0000] "GET /product/bella-130-mese/?add-to-cart=901 HTTP/1.1" 404 36 "-" "Mozilla/5.0 (Linux; Android 6.0.1; Nexus 5X Build/MMB29P) AppleWebKit/537.36 (KHTML, like Gecko) Chrome/145.0.7632.116 Mobile Safari/537.36 (compatible; Googlebot/2.1; +http://www.google.com/bot.html)"
66.249.64.234 - - [11/Mar/2026:12:25:39 +0000] "GET /product-tag/dulapuri-timisoara/page/2/?orderby=date HTTP/1.1" 404 36 "-" "Mozilla/5.0 (Linux; Android 6.0.1; Nexus 5X Build/MMB29P) AppleWebKit/537.36 (KHTML, like Gecko) Chrome/145.0.7632.116 Mobile Safari/537.36 (compatible; Googlebot/2.1; +http://www.google.com/bot.html)"
192.124.188.11 - - [11/Mar/2026:12:25:41 +0000] "GET /wp-login.php HTTP/1.1" 404 36 "-" "Mozilla/5.0 (Macintosh; Intel Mac OS X 13_5) AppleWebKit/605.1.15 (KHTML, like Gecko) Version/17.5 Safari/605.1.15"
198.244.242.224 - - [11/Mar/2026:12:25:50 +0000] "GET /configDMJ__1405e9d/ HTTP/1.1" 200 398 "-" "Mozilla/5.0 (compatible; AhrefsBot/7.0; +http://ahrefs.com/robot/)"
66.249.64.233 - - [11/Mar/2026:12:25:59 +0000] "GET /product-tag/mesemese-extensibilemese-rotundemese-sufrageriemobila-sufrageriescaunescaune-biroscaune-birouscaune-lemnscaune-restaurantscaune-sufragerieset-mese-sufragerie/page/7/?per_page=9 HTTP/1.1" 404 36 "-" "Mozilla/5.0 (Linux; Android 6.0.1; Nexus 5X Build/MMB29P) AppleWebKit/537.36 (KHTML, like Gecko) Chrome/145.0.7632.116 Mobile Safari/537.36 (compatible; Googlebot/2.1; +http://www.google.com/bot.html)"
45.200.180.167 - - [11/Mar/2026:12:26:04 +0000] "GET /wp-login.php HTTP/1.1" 404 36 "-" "Mozilla/5.0 (Windows NT 10.0; Win64; x64) AppleWebKit/537.36 (KHTML, like Gecko) Chrome/124.0.6367.207 Safari/537.36"
216.73.216.165 - - [11/Mar/2026:12:26:25 +0000] "GET /wp-includes__1405e9d/images/wpspin.gif HTTP/1.1" 200 2052 "-" "Mozilla/5.0 AppleWebKit/537.36 (KHTML, like Gecko; compatible; ClaudeBot/1.0; +claudebot@anthropic.com)"
216.73.216.165 - - [11/Mar/2026:12:26:25 +0000] "GET /wp-includes__1405e9d/customize/?C=N&O=D HTTP/1.1" 200 327 "-" "Mozilla/5.0 AppleWebKit/537.36 (KHTML, like Gecko; compatible; ClaudeBot/1.0; +claudebot@anthropic.com)"
216.73.216.165 - - [11/Mar/2026:12:26:25 +0000] "GET /wp-includes__1405e9d/widgets/?C=S&O=A HTTP/1.1" 200 328 "-" "Mozilla/5.0 AppleWebKit/537.36 (KHTML, like Gecko; compatible; ClaudeBot/1.0; +claudebot@anthropic.com)"
153.80.110.177 - - [11/Mar/2026:12:26:25 +0000] "GET /wp-login.php HTTP/1.1" 404 36 "-" "Mozilla/5.0 (Windows NT 10.0; Win64; x64; rv:127.0) Gecko/20100101 Firefox/127.0"
216.73.216.165 - - [11/Mar/2026:12:26:25 +0000] "GET /decacao.impero.ro__1405e9d/ded/sgy HTTP/1.1" 301 261 "-" "Mozilla/5.0 AppleWebKit/537.36 (KHTML, like Gecko; compatible; ClaudeBot/1.0; +claudebot@anthropic.com)"
85.208.96.194 - - [11/Mar/2026:12:26:25 +0000] "GET /product/orion-320-sufragerii/ HTTP/1.1" 404 36 "-" "Mozilla/5.0 (compatible; SemrushBot/7~bl; +http://www.semrush.com/bot.html)"
216.73.216.165 - - [11/Mar/2026:12:26:25 +0000] "GET /decacao.impero.ro__1405e9d/ded/sgy/ HTTP/1.1" 302 94 "https://impero.ro/decacao.impero.ro__1405e9d/ded/sgy" "Mozilla/5.0 AppleWebKit/537.36 (KHTML, like Gecko; compatible; ClaudeBot/1.0; +claudebot@anthropic.com)"
216.73.216.165 - - [11/Mar/2026:12:26:25 +0000] "GET /wp-includes__1405e9d/widgets/?C=D&O=A HTTP/1.1" 200 328 "-" "Mozilla/5.0 AppleWebKit/537.36 (KHTML, like Gecko; compatible; ClaudeBot/1.0; +claudebot@anthropic.com)"
216.73.216.165 - - [11/Mar/2026:12:26:25 +0000] "GET /wp-includes__1405e9d/rest-api/?C=S&O=A HTTP/1.1" 200 400 "-" "Mozilla/5.0 AppleWebKit/537.36 (KHTML, like Gecko; compatible; ClaudeBot/1.0; +claudebot@anthropic.com)"
216.73.216.165 - - [11/Mar/2026:12:26:26 +0000] "GET /wp-includes__1405e9d/widgets/?C=M&O=A HTTP/1.1" 200 328 "-" "Mozilla/5.0 AppleWebKit/537.36 (KHTML, like Gecko; compatible; ClaudeBot/1.0; +claudebot@anthropic.com)"
216.73.216.165 - - [11/Mar/2026:12:26:26 +0000] "GET /cgi-bin__1405e9d/?C=N&O=A HTTP/1.1" 200 315 "-" "Mozilla/5.0 AppleWebKit/537.36 (KHTML, like Gecko; compatible; ClaudeBot/1.0; +claudebot@anthropic.com)"
216.73.216.165 - - [11/Mar/2026:12:26:25 +0000] "GET /decacao.impero.ro__1405e9d/ded/sgy.zip HTTP/1.1" 200 4739634 "-" "Mozilla/5.0 AppleWebKit/537.36 (KHTML, like Gecko; compatible; ClaudeBot/1.0; +claudebot@anthropic.com)"
150.129.62.145 - - [11/Mar/2026:12:26:49 +0000] "GET /product-category/mese/ HTTP/1.1" 404 36 "-" "Mozilla/5.0 (Android 3.2.3; Mobile; rv:46.0) Gecko/46.0 Firefox/46.0"
185.103.62.140 - - [11/Mar/2026:12:26:49 +0000] "GET /wp-login.php HTTP/1.1" 404 36 "-" "Mozilla/5.0 (Windows NT 10.0; Win64; x64; rv:127.0) Gecko/20100101 Firefox/127.0"
216.73.216.165 - - [11/Mar/2026:12:26:56 +0000] "GET /FSS-HCM__1405e9d/?C=M&O=D HTTP/1.1" 200 349 "-" "Mozilla/5.0 AppleWebKit/537.36 (KHTML, like Gecko; compatible; ClaudeBot/1.0; +claudebot@anthropic.com)"
216.73.216.165 - - [11/Mar/2026:12:26:56 +0000] "GET /wp-includes__1405e9d/images/wpicons-2x.png HTTP/1.1" 200 14931 "-" "Mozilla/5.0 AppleWebKit/537.36 (KHTML, like Gecko; compatible; ClaudeBot/1.0; +claudebot@anthropic.com)"
216.73.216.165 - - [11/Mar/2026:12:26:57 +0000] "GET /FSS-HCM__1405e9d/root/?C=S&O=A HTTP/1.1" 200 725 "-" "Mozilla/5.0 AppleWebKit/537.36 (KHTML, like Gecko; compatible; ClaudeBot/1.0; +claudebot@anthropic.com)"
216.73.216.165 - - [11/Mar/2026:12:26:57 +0000] "GET /FSS-HCM__1405e9d/root/?C=D&O=A HTTP/1.1" 200 728 "-" "Mozilla/5.0 AppleWebKit/537.36 (KHTML, like Gecko; compatible; ClaudeBot/1.0; +claudebot@anthropic.com)"
216.73.216.165 - - [11/Mar/2026:12:26:57 +0000] "GET /FSS-HCM__1405e9d/root/?C=M&O=A HTTP/1.1" 200 718 "-" "Mozilla/5.0 AppleWebKit/537.36 (KHTML, like Gecko; compatible; ClaudeBot/1.0; +claudebot@anthropic.com)"
216.73.216.165 - - [11/Mar/2026:12:26:57 +0000] "GET /FSS-HCM__1405e9d/root/?C=N&O=D HTTP/1.1" 200 723 "-" "Mozilla/5.0 AppleWebKit/537.36 (KHTML, like Gecko; compatible; ClaudeBot/1.0; +claudebot@anthropic.com)"
216.73.216.165 - - [11/Mar/2026:12:26:57 +0000] "GET /wp-includes__1405e9d/images/xit-2x.gif HTTP/1.1" 200 825 "-" "Mozilla/5.0 AppleWebKit/537.36 (KHTML, like Gecko; compatible; ClaudeBot/1.0; +claudebot@anthropic.com)"
216.73.216.165 - - [11/Mar/2026:12:26:57 +0000] "GET /configDMJ__1405e9d/Jump/0-salanuntitimisoa HTTP/1.1" 301 269 "-" "Mozilla/5.0 AppleWebKit/537.36 (KHTML, like Gecko; compatible; ClaudeBot/1.0; +claudebot@anthropic.com)"
216.73.216.165 - - [11/Mar/2026:12:26:57 +0000] "GET /configDMJ__1405e9d/Jump/0-salanuntitimisoa/ HTTP/1.1" 200 900 "https://impero.ro/configDMJ__1405e9d/Jump/0-salanuntitimisoa" "Mozilla/5.0 AppleWebKit/537.36 (KHTML, like Gecko; compatible; ClaudeBot/1.0; +claudebot@anthropic.com)"
216.73.216.165 - - [11/Mar/2026:12:26:57 +0000] "GET /wp-includes__1405e9d/images/down_arrow-2x.gif HTTP/1.1" 200 84 "-" "Mozilla/5.0 AppleWebKit/537.36 (KHTML, like Gecko; compatible; ClaudeBot/1.0; +claudebot@anthropic.com)"
85.202.166.160 - - [11/Mar/2026:12:27:06 +0000] "GET /wp-login.php HTTP/1.1" 404 36 "-" "Mozilla/5.0 (Windows NT 10.0; Win64; x64; rv:127.0) Gecko/20100101 Firefox/127.0"
66.249.64.233 - - [11/Mar/2026:12:27:10 +0000] "GET /product/genf-birouri/?add-to-cart=8742 HTTP/1.1" 404 36 "-" "Mozilla/5.0 (Linux; Android 6.0.1; Nexus 5X Build/MMB29P) AppleWebKit/537.36 (KHTML, like Gecko) Chrome/145.0.7632.116 Mobile Safari/537.36 (compatible; Googlebot/2.1; +http://www.google.com/bot.html)"
216.73.216.165 - - [11/Mar/2026:12:27:15 +0000] "GET /wp-includes__1405e9d/images/spinner.gif HTTP/1.1" 200 3656 "-" "Mozilla/5.0 AppleWebKit/537.36 (KHTML, like Gecko; compatible; ClaudeBot/1.0; +claudebot@anthropic.com)"
216.73.216.165 - - [11/Mar/2026:12:27:15 +0000] "GET /configDMJ__1405e9d/Jump/0-imperoro HTTP/1.1" 301 261 "-" "Mozilla/5.0 AppleWebKit/537.36 (KHTML, like Gecko; compatible; ClaudeBot/1.0; +claudebot@anthropic.com)"
216.73.216.165 - - [11/Mar/2026:12:27:15 +0000] "GET /wp-includes__1405e9d/images/icon-pointer-flag-2x.png HTTP/1.1" 200 1369 "-" "Mozilla/5.0 AppleWebKit/537.36 (KHTML, like Gecko; compatible; ClaudeBot/1.0; +claudebot@anthropic.com)"
216.73.216.165 - - [11/Mar/2026:12:27:15 +0000] "GET /wp-includes__1405e9d/images/down_arrow.gif HTTP/1.1" 200 59 "-" "Mozilla/5.0 AppleWebKit/537.36 (KHTML, like Gecko; compatible; ClaudeBot/1.0; +claudebot@anthropic.com)"
216.73.216.165 - - [11/Mar/2026:12:27:15 +0000] "GET /configDMJ__1405e9d/Jump/0-imperoro/ HTTP/1.1" 200 1647 "https://impero.ro/configDMJ__1405e9d/Jump/0-imperoro" "Mozilla/5.0 AppleWebKit/537.36 (KHTML, like Gecko; compatible; ClaudeBot/1.0; +claudebot@anthropic.com)"
216.73.216.165 - - [11/Mar/2026:12:27:15 +0000] "GET /wp-includes__1405e9d/images/smilies HTTP/1.1" 301 262 "-" "Mozilla/5.0 AppleWebKit/537.36 (KHTML, like Gecko; compatible; ClaudeBot/1.0; +claudebot@anthropic.com)"
216.73.216.165 - - [11/Mar/2026:12:27:15 +0000] "GET /wp-includes__1405e9d/images/smilies/ HTTP/1.1" 200 777 "https://impero.ro/wp-includes__1405e9d/images/smilies" "Mozilla/5.0 AppleWebKit/537.36 (KHTML, like Gecko; compatible; ClaudeBot/1.0; +claudebot@anthropic.com)"
216.73.216.165 - - [11/Mar/2026:12:27:16 +0000] "GET /wp-includes__1405e9d/fonts/dashicons.woff2 HTTP/1.1" 200 26155 "-" "Mozilla/5.0 AppleWebKit/537.36 (KHTML, like Gecko; compatible; ClaudeBot/1.0; +claudebot@anthropic.com)"
216.73.216.165 - - [11/Mar/2026:12:27:16 +0000] "GET /wp-includes__1405e9d/fonts/dashicons.woff HTTP/1.1" 200 25935 "-" "Mozilla/5.0 AppleWebKit/537.36 (KHTML, like Gecko; compatible; ClaudeBot/1.0; +claudebot@anthropic.com)"
216.73.216.165 - - [11/Mar/2026:12:27:16 +0000] "GET /wp-includes__1405e9d/fonts/dashicons.ttf HTTP/1.1" 200 32467 "-" "Mozilla/5.0 AppleWebKit/537.36 (KHTML, like Gecko; compatible; ClaudeBot/1.0; +claudebot@anthropic.com)"
216.73.216.165 - - [11/Mar/2026:12:27:16 +0000] "GET /wp-includes__1405e9d/images/rss.png HTTP/1.1" 200 608 "-" "Mozilla/5.0 AppleWebKit/537.36 (KHTML, like Gecko; compatible; ClaudeBot/1.0; +claudebot@anthropic.com)"
216.73.216.165 - - [11/Mar/2026:12:27:37 +0000] "GET /wp-includes__1405e9d/images/?C=S&O=A HTTP/1.1" 200 952 "-" "Mozilla/5.0 AppleWebKit/537.36 (KHTML, like Gecko; compatible; ClaudeBot/1.0; +claudebot@anthropic.com)"
216.73.216.165 - - [11/Mar/2026:12:27:37 +0000] "GET /wp-includes__1405e9d/images/?C=D&O=A HTTP/1.1" 200 939 "-" "Mozilla/5.0 AppleWebKit/537.36 (KHTML, like Gecko; compatible; ClaudeBot/1.0; +claudebot@anthropic.com)"
216.73.216.165 - - [11/Mar/2026:12:27:37 +0000] "GET /wp-includes__1405e9d/images/?C=M&O=A HTTP/1.1" 200 943 "-" "Mozilla/5.0 AppleWebKit/537.36 (KHTML, like Gecko; compatible; ClaudeBot/1.0; +claudebot@anthropic.com)"
216.73.216.165 - - [11/Mar/2026:12:27:37 +0000] "GET /wp-includes__1405e9d/images/uploader-icons-2x.png HTTP/1.1" 200 3542 "-" "Mozilla/5.0 AppleWebKit/537.36 (KHTML, like Gecko; compatible; ClaudeBot/1.0; +claudebot@anthropic.com)"
216.73.216.165 - - [11/Mar/2026:12:27:38 +0000] "GET /wp-includes__1405e9d/images/?C=N&O=D HTTP/1.1" 200 954 "-" "Mozilla/5.0 AppleWebKit/537.36 (KHTML, like Gecko; compatible; ClaudeBot/1.0; +claudebot@anthropic.com)"
216.73.216.165 - - [11/Mar/2026:12:27:38 +0000] "GET /configDMJ__1405e9d/Jump/?C=S&O=A HTTP/1.1" 200 396 "-" "Mozilla/5.0 AppleWebKit/537.36 (KHTML, like Gecko; compatible; ClaudeBot/1.0; +claudebot@anthropic.com)"
216.73.216.165 - - [11/Mar/2026:12:27:38 +0000] "GET /configDMJ__1405e9d/Jump/?C=D&O=A HTTP/1.1" 200 396 "-" "Mozilla/5.0 AppleWebKit/537.36 (KHTML, like Gecko; compatible; ClaudeBot/1.0; +claudebot@anthropic.com)"
216.73.216.165 - - [11/Mar/2026:12:27:38 +0000] "GET /configDMJ__1405e9d/Jump/?C=M&O=A HTTP/1.1" 200 394 "-" "Mozilla/5.0 AppleWebKit/537.36 (KHTML, like Gecko; compatible; ClaudeBot/1.0; +claudebot@anthropic.com)"
216.73.216.165 - - [11/Mar/2026:12:27:38 +0000] "GET /configDMJ__1405e9d/Jump/?C=N&O=D HTTP/1.1" 200 392 "-" "Mozilla/5.0 AppleWebKit/537.36 (KHTML, like Gecko; compatible; ClaudeBot/1.0; +claudebot@anthropic.com)"
45.82.81.61 - - [11/Mar/2026:12:27:51 +0000] "GET /wp-login.php HTTP/1.1" 404 36 "-" "Mozilla/5.0 (Windows NT 10.0; Win64; x64) AppleWebKit/537.36 (KHTML, like Gecko) Chrome/124.0.6367.207 Safari/537.36"
66.249.64.233 - - [11/Mar/2026:12:27:51 +0000] "GET /product-tag/bucatarii-modulare-timisoara/page/4/?orderby=menu_order&per_page=9&shop_view=grid&per_row=3 HTTP/1.1" 404 36 "-" "Mozilla/5.0 (Linux; Android 6.0.1; Nexus 5X Build/MMB29P) AppleWebKit/537.36 (KHTML, like Gecko) Chrome/145.0.7632.116 Mobile Safari/537.36 (compatible; Googlebot/2.1; +http://www.google.com/bot.html)"
201.159.185.139 - - [11/Mar/2026:12:27:54 +0000] "GET /product-category/masute-de-cafea/ HTTP/1.1" 404 36 "-" "Mozilla/5.0 (Macintosh; U; PPC Mac OS X 10_9_1; rv:1.9.5.20) Gecko/4686-06-23 17:11:05.291168 Firefox/12.0"
216.73.216.165 - - [11/Mar/2026:12:27:57 +0000] "GET /wp-includes__1405e9d/assets/?C=N&O=D HTTP/1.1" 200 325 "-" "Mozilla/5.0 AppleWebKit/537.36 (KHTML, like Gecko; compatible; ClaudeBot/1.0; +claudebot@anthropic.com)"
216.73.216.165 - - [11/Mar/2026:12:27:57 +0000] "GET /wp-includes__1405e9d/images/wpspin-2x.gif HTTP/1.1" 200 8875 "-" "Mozilla/5.0 AppleWebKit/537.36 (KHTML, like Gecko; compatible; ClaudeBot/1.0; +claudebot@anthropic.com)"
216.73.216.165 - - [11/Mar/2026:12:27:57 +0000] "GET /wp-includes__1405e9d/images/uploader-icons.png HTTP/1.1" 200 1556 "-" "Mozilla/5.0 AppleWebKit/537.36 (KHTML, like Gecko; compatible; ClaudeBot/1.0; +claudebot@anthropic.com)"
216.73.216.165 - - [11/Mar/2026:12:27:57 +0000] "GET /configDMJ__1405e9d/?C=S&O=D HTTP/1.1" 200 399 "-" "Mozilla/5.0 AppleWebKit/537.36 (KHTML, like Gecko; compatible; ClaudeBot/1.0; +claudebot@anthropic.com)"
216.73.216.165 - - [11/Mar/2026:12:27:57 +0000] "GET /configDMJ__1405e9d/?C=D&O=D HTTP/1.1" 200 399 "-" "Mozilla/5.0 AppleWebKit/537.36 (KHTML, like Gecko; compatible; ClaudeBot/1.0; +claudebot@anthropic.com)"
216.73.216.165 - - [11/Mar/2026:12:27:57 +0000] "GET /configDMJ__1405e9d/?C=M&O=D HTTP/1.1" 200 396 "-" "Mozilla/5.0 AppleWebKit/537.36 (KHTML, like Gecko; compatible; ClaudeBot/1.0; +claudebot@anthropic.com)"
216.73.216.165 - - [11/Mar/2026:12:27:58 +0000] "GET /public_html__1405e9d/?C=M&O=D HTTP/1.1" 200 316 "-" "Mozilla/5.0 AppleWebKit/537.36 (KHTML, like Gecko; compatible; ClaudeBot/1.0; +claudebot@anthropic.com)"
216.73.216.165 - - [11/Mar/2026:12:27:58 +0000] "GET /FSS-HCM__1405e9d/?C=S&O=D HTTP/1.1" 200 349 "-" "Mozilla/5.0 AppleWebKit/537.36 (KHTML, like Gecko; compatible; ClaudeBot/1.0; +claudebot@anthropic.com)"
216.73.216.165 - - [11/Mar/2026:12:27:58 +0000] "GET /FSS-HCM__1405e9d/?C=D&O=D HTTP/1.1" 200 349 "-" "Mozilla/5.0 AppleWebKit/537.36 (KHTML, like Gecko; compatible; ClaudeBot/1.0; +claudebot@anthropic.com)"
66.249.64.233 - - [11/Mar/2026:12:27:59 +0000] "GET /product/cintia-160-cm-paturi/?add-to-cart=8664 HTTP/1.1" 404 36 "-" "Mozilla/5.0 (Linux; Android 6.0.1; Nexus 5X Build/MMB29P) AppleWebKit/537.36 (KHTML, like Gecko) Chrome/145.0.7632.116 Mobile Safari/537.36 (compatible; Googlebot/2.1; +http://www.google.com/bot.html)"
153.80.159.44 - - [11/Mar/2026:12:28:18 +0000] "GET /wp-login.php HTTP/1.1" 404 36 "-" "Mozilla/5.0 (Macintosh; Intel Mac OS X 13_5) AppleWebKit/605.1.15 (KHTML, like Gecko) Version/17.5 Safari/605.1.15"
