216.73.216.165 - - [11/Mar/2026:12:28:30 +0000] "GET /wp-includes__1405e9d/images/w-logo-blue-white-bg.png HTTP/1.1" 200 4119 "-" "Mozilla/5.0 AppleWebKit/537.36 (KHTML, like Gecko; compatible; ClaudeBot/1.0; +claudebot@anthropic.com)"
216.73.216.165 - - [11/Mar/2026:12:28:30 +0000] "GET /decacao.impero.ro__1405e9d/ded/?C=S&O=A HTTP/1.1" 200 392 "-" "Mozilla/5.0 AppleWebKit/537.36 (KHTML, like Gecko; compatible; ClaudeBot/1.0; +claudebot@anthropic.com)"
216.73.216.165 - - [11/Mar/2026:12:28:30 +0000] "GET /decacao.impero.ro__1405e9d/ded/?C=D&O=A HTTP/1.1" 200 391 "-" "Mozilla/5.0 AppleWebKit/537.36 (KHTML, like Gecko; compatible; ClaudeBot/1.0; +claudebot@anthropic.com)"
216.73.216.165 - - [11/Mar/2026:12:28:30 +0000] "GET /decacao.impero.ro__1405e9d/ded/?C=M&O=A HTTP/1.1" 200 392 "-" "Mozilla/5.0 AppleWebKit/537.36 (KHTML, like Gecko; compatible; ClaudeBot/1.0; +claudebot@anthropic.com)"
216.73.216.165 - - [11/Mar/2026:12:28:30 +0000] "GET /decacao.impero.ro__1405e9d/ded/?C=N&O=D HTTP/1.1" 200 390 "-" "Mozilla/5.0 AppleWebKit/537.36 (KHTML, like Gecko; compatible; ClaudeBot/1.0; +claudebot@anthropic.com)"
216.73.216.165 - - [11/Mar/2026:12:28:31 +0000] "GET /decacao.impero.ro__1405e9d/?C=N&O=A HTTP/1.1" 200 357 "-" "Mozilla/5.0 AppleWebKit/537.36 (KHTML, like Gecko; compatible; ClaudeBot/1.0; +claudebot@anthropic.com)"
216.73.216.165 - - [11/Mar/2026:12:28:31 +0000] "GET /decacao.impero.ro__1405e9d/?C=S&O=D HTTP/1.1" 200 355 "-" "Mozilla/5.0 AppleWebKit/537.36 (KHTML, like Gecko; compatible; ClaudeBot/1.0; +claudebot@anthropic.com)"
216.73.216.165 - - [11/Mar/2026:12:28:31 +0000] "GET /decacao.impero.ro__1405e9d/?C=D&O=D HTTP/1.1" 200 355 "-" "Mozilla/5.0 AppleWebKit/537.36 (KHTML, like Gecko; compatible; ClaudeBot/1.0; +claudebot@anthropic.com)"
216.73.216.165 - - [11/Mar/2026:12:28:31 +0000] "GET /decacao.impero.ro__1405e9d/?C=M&O=D HTTP/1.1" 200 355 "-" "Mozilla/5.0 AppleWebKit/537.36 (KHTML, like Gecko; compatible; ClaudeBot/1.0; +claudebot@anthropic.com)"
170.168.52.41 - - [11/Mar/2026:12:28:39 +0000] "GET /wp-login.php HTTP/1.1" 404 36 "-" "Mozilla/5.0 (Macintosh; Intel Mac OS X 13_5) AppleWebKit/605.1.15 (KHTML, like Gecko) Version/17.5 Safari/605.1.15"
136.234.165.118 - - [11/Mar/2026:12:28:46 +0000] "GET /wp-login.php HTTP/1.1" 404 36 "-" "Mozilla/5.0 (Windows NT 10.0; Win64; x64) AppleWebKit/537.36 (KHTML, like Gecko) Chrome/124.0.6367.207 Safari/537.36"
193.187.97.222 - - [11/Mar/2026:12:28:54 +0000] "GET /wp-login.php HTTP/1.1" 404 36 "-" "Mozilla/5.0 (Windows NT 10.0; Win64; x64; rv:127.0) Gecko/20100101 Firefox/127.0"
216.73.216.165 - - [11/Mar/2026:12:28:59 +0000] "GET /wp-includes__1405e9d/css/classic-themes.min.css HTTP/1.1" 200 210 "-" "Mozilla/5.0 AppleWebKit/537.36 (KHTML, like Gecko; compatible; ClaudeBot/1.0; +claudebot@anthropic.com)"
216.73.216.165 - - [11/Mar/2026:12:28:59 +0000] "GET /wp-includes__1405e9d/css/wp-auth-check-rtl.css HTTP/1.1" 200 889 "-" "Mozilla/5.0 AppleWebKit/537.36 (KHTML, like Gecko; compatible; ClaudeBot/1.0; +claudebot@anthropic.com)"
216.73.216.165 - - [11/Mar/2026:12:28:59 +0000] "GET /FSS-HCM__1405e9d/root/srv HTTP/1.1" 301 252 "-" "Mozilla/5.0 AppleWebKit/537.36 (KHTML, like Gecko; compatible; ClaudeBot/1.0; +claudebot@anthropic.com)"
216.73.216.165 - - [11/Mar/2026:12:28:59 +0000] "GET /FSS-HCM__1405e9d/root/srv/ HTTP/1.1" 200 325 "https://impero.ro/FSS-HCM__1405e9d/root/srv" "Mozilla/5.0 AppleWebKit/537.36 (KHTML, like Gecko; compatible; ClaudeBot/1.0; +claudebot@anthropic.com)"
216.73.216.165 - - [11/Mar/2026:12:28:59 +0000] "GET /wp-includes__1405e9d/css/media-views.min.css HTTP/1.1" 200 8721 "-" "Mozilla/5.0 AppleWebKit/537.36 (KHTML, like Gecko; compatible; ClaudeBot/1.0; +claudebot@anthropic.com)"
216.73.216.165 - - [11/Mar/2026:12:28:59 +0000] "GET /FSS-HCM__1405e9d/root/sbin HTTP/1.1" 301 253 "-" "Mozilla/5.0 AppleWebKit/537.36 (KHTML, like Gecko; compatible; ClaudeBot/1.0; +claudebot@anthropic.com)"
216.73.216.165 - - [11/Mar/2026:12:28:59 +0000] "GET /FSS-HCM__1405e9d/root/sbin/ HTTP/1.1" 200 7729 "https://impero.ro/FSS-HCM__1405e9d/root/sbin" "Mozilla/5.0 AppleWebKit/537.36 (KHTML, like Gecko; compatible; ClaudeBot/1.0; +claudebot@anthropic.com)"
216.73.216.165 - - [11/Mar/2026:12:28:59 +0000] "GET /FSS-HCM__1405e9d/root/1 HTTP/1.1" 200 - "-" "Mozilla/5.0 AppleWebKit/537.36 (KHTML, like Gecko; compatible; ClaudeBot/1.0; +claudebot@anthropic.com)"
216.73.216.165 - - [11/Mar/2026:12:29:00 +0000] "GET /FSS-HCM__1405e9d/root/var HTTP/1.1" 301 252 "-" "Mozilla/5.0 AppleWebKit/537.36 (KHTML, like Gecko; compatible; ClaudeBot/1.0; +claudebot@anthropic.com)"
216.73.216.165 - - [11/Mar/2026:12:29:00 +0000] "GET /FSS-HCM__1405e9d/root/var/ HTTP/1.1" 200 746 "https://impero.ro/FSS-HCM__1405e9d/root/var" "Mozilla/5.0 AppleWebKit/537.36 (KHTML, like Gecko; compatible; ClaudeBot/1.0; +claudebot@anthropic.com)"
216.73.216.165 - - [11/Mar/2026:12:29:00 +0000] "GET /wp-includes__1405e9d/css/buttons-rtl.min.css HTTP/1.1" 200 1471 "-" "Mozilla/5.0 AppleWebKit/537.36 (KHTML, like Gecko; compatible; ClaudeBot/1.0; +claudebot@anthropic.com)"
216.73.216.165 - - [11/Mar/2026:12:29:00 +0000] "GET /wp-includes__1405e9d/css/customize-preview-rtl.min.css HTTP/1.1" 200 856 "-" "Mozilla/5.0 AppleWebKit/537.36 (KHTML, like Gecko; compatible; ClaudeBot/1.0; +claudebot@anthropic.com)"
45.196.139.157 - - [11/Mar/2026:12:29:00 +0000] "GET /wp-login.php HTTP/1.1" 404 36 "-" "Mozilla/5.0 (Windows NT 10.0; Win64; x64) AppleWebKit/537.36 (KHTML, like Gecko) Chrome/124.0.6367.207 Safari/537.36"
146.19.68.189 - - [11/Mar/2026:12:29:09 +0000] "GET /wp-login.php HTTP/1.1" 404 36 "-" "Mozilla/5.0 (Windows NT 10.0; Win64; x64; rv:127.0) Gecko/20100101 Firefox/127.0"
216.73.216.165 - - [11/Mar/2026:12:29:20 +0000] "GET /wp-includes__1405e9d/php-compat/?C=M&O=A HTTP/1.1" 200 329 "-" "Mozilla/5.0 AppleWebKit/537.36 (KHTML, like Gecko; compatible; ClaudeBot/1.0; +claudebot@anthropic.com)"
216.73.216.165 - - [11/Mar/2026:12:29:20 +0000] "GET /wp-includes__1405e9d/css/?C=D&O=A HTTP/1.1" 200 1015 "-" "Mozilla/5.0 AppleWebKit/537.36 (KHTML, like Gecko; compatible; ClaudeBot/1.0; +claudebot@anthropic.com)"
216.73.216.165 - - [11/Mar/2026:12:29:20 +0000] "GET /wp-includes__1405e9d/images/arrow-pointer-blue-2x.png HTTP/1.1" 200 1666 "-" "Mozilla/5.0 AppleWebKit/537.36 (KHTML, like Gecko; compatible; ClaudeBot/1.0; +claudebot@anthropic.com)"
216.73.216.165 - - [11/Mar/2026:12:29:21 +0000] "GET /wp-includes__1405e9d/php-compat/?C=N&O=D HTTP/1.1" 200 327 "-" "Mozilla/5.0 AppleWebKit/537.36 (KHTML, like Gecko; compatible; ClaudeBot/1.0; +claudebot@anthropic.com)"
216.73.216.165 - - [11/Mar/2026:12:29:21 +0000] "GET /wp-includes__1405e9d/images/toggle-arrow-2x.png HTTP/1.1" 200 354 "-" "Mozilla/5.0 AppleWebKit/537.36 (KHTML, like Gecko; compatible; ClaudeBot/1.0; +claudebot@anthropic.com)"
216.73.216.165 - - [11/Mar/2026:12:29:21 +0000] "GET /wp-includes__1405e9d/css/?C=M&O=A HTTP/1.1" 200 1042 "-" "Mozilla/5.0 AppleWebKit/537.36 (KHTML, like Gecko; compatible; ClaudeBot/1.0; +claudebot@anthropic.com)"
216.73.216.165 - - [11/Mar/2026:12:29:21 +0000] "GET /wp-includes__1405e9d/images/admin-bar-sprite.png HTTP/1.1" 200 2467 "-" "Mozilla/5.0 AppleWebKit/537.36 (KHTML, like Gecko; compatible; ClaudeBot/1.0; +claudebot@anthropic.com)"
216.73.216.165 - - [11/Mar/2026:12:29:21 +0000] "GET /wp-includes__1405e9d/css/?C=N&O=D HTTP/1.1" 200 1013 "-" "Mozilla/5.0 AppleWebKit/537.36 (KHTML, like Gecko; compatible; ClaudeBot/1.0; +claudebot@anthropic.com)"
216.73.216.165 - - [11/Mar/2026:12:29:21 +0000] "GET /wp-includes__1405e9d/fonts/dashicons.svg HTTP/1.1" 200 40452 "-" "Mozilla/5.0 AppleWebKit/537.36 (KHTML, like Gecko; compatible; ClaudeBot/1.0; +claudebot@anthropic.com)"
66.249.64.224 - - [11/Mar/2026:12:29:23 +0000] "GET /product-category/dulapuri-usi-normale-sau-culisante/page/7/?per_page=9 HTTP/1.1" 404 36 "-" "Mozilla/5.0 (Linux; Android 6.0.1; Nexus 5X Build/MMB29P) AppleWebKit/537.36 (KHTML, like Gecko) Chrome/145.0.7632.116 Mobile Safari/537.36 (compatible; Googlebot/2.1; +http://www.google.com/bot.html)"
154.203.213.172 - - [11/Mar/2026:12:29:24 +0000] "GET /wp-login.php HTTP/1.1" 404 36 "-" "Mozilla/5.0 (Windows NT 10.0; Win64; x64) AppleWebKit/537.36 (KHTML, like Gecko) Chrome/124.0.6367.207 Safari/537.36"
136.234.217.53 - - [11/Mar/2026:12:29:44 +0000] "GET /wp-login.php HTTP/1.1" 404 36 "-" "Mozilla/5.0 (Windows NT 10.0; Win64; x64) AppleWebKit/537.36 (KHTML, like Gecko) Chrome/124.0.6367.207 Safari/537.36"
216.73.216.165 - - [11/Mar/2026:12:30:07 +0000] "GET /wp-includes__1405e9d/theme-compat/?C=S&O=A HTTP/1.1" 200 331 "-" "Mozilla/5.0 AppleWebKit/537.36 (KHTML, like Gecko; compatible; ClaudeBot/1.0; +claudebot@anthropic.com)"
216.73.216.165 - - [11/Mar/2026:12:30:07 +0000] "GET /wp-includes__1405e9d/theme-compat/?C=D&O=A HTTP/1.1" 200 331 "-" "Mozilla/5.0 AppleWebKit/537.36 (KHTML, like Gecko; compatible; ClaudeBot/1.0; +claudebot@anthropic.com)"
216.73.216.165 - - [11/Mar/2026:12:30:07 +0000] "GET /wp-includes__1405e9d/images/spinner-2x.gif HTTP/1.1" 200 7536 "-" "Mozilla/5.0 AppleWebKit/537.36 (KHTML, like Gecko; compatible; ClaudeBot/1.0; +claudebot@anthropic.com)"
216.73.216.165 - - [11/Mar/2026:12:30:07 +0000] "GET /wp-includes__1405e9d/customize/?C=S&O=A HTTP/1.1" 200 328 "-" "Mozilla/5.0 AppleWebKit/537.36 (KHTML, like Gecko; compatible; ClaudeBot/1.0; +claudebot@anthropic.com)"
216.73.216.165 - - [11/Mar/2026:12:30:07 +0000] "GET /wp-includes__1405e9d/theme-compat/?C=M&O=A HTTP/1.1" 200 331 "-" "Mozilla/5.0 AppleWebKit/537.36 (KHTML, like Gecko; compatible; ClaudeBot/1.0; +claudebot@anthropic.com)"
216.73.216.165 - - [11/Mar/2026:12:30:07 +0000] "GET /wp-includes__1405e9d/customize/?C=D&O=A HTTP/1.1" 200 329 "-" "Mozilla/5.0 AppleWebKit/537.36 (KHTML, like Gecko; compatible; ClaudeBot/1.0; +claudebot@anthropic.com)"
216.73.216.165 - - [11/Mar/2026:12:30:08 +0000] "GET /wp-includes__1405e9d/images/admin-bar-sprite-2x.png HTTP/1.1" 200 3999 "-" "Mozilla/5.0 AppleWebKit/537.36 (KHTML, like Gecko; compatible; ClaudeBot/1.0; +claudebot@anthropic.com)"
216.73.216.165 - - [11/Mar/2026:12:30:08 +0000] "GET /wp-includes__1405e9d/theme-compat/?C=N&O=D HTTP/1.1" 200 329 "-" "Mozilla/5.0 AppleWebKit/537.36 (KHTML, like Gecko; compatible; ClaudeBot/1.0; +claudebot@anthropic.com)"
216.73.216.165 - - [11/Mar/2026:12:30:08 +0000] "GET /wp-includes__1405e9d/customize/?C=M&O=A HTTP/1.1" 200 328 "-" "Mozilla/5.0 AppleWebKit/537.36 (KHTML, like Gecko; compatible; ClaudeBot/1.0; +claudebot@anthropic.com)"
91.212.169.143 - - [11/Mar/2026:12:30:09 +0000] "GET /wp-login.php HTTP/1.1" 404 36 "-" "Mozilla/5.0 (Windows NT 10.0; Win64; x64; rv:127.0) Gecko/20100101 Firefox/127.0"
216.73.216.165 - - [11/Mar/2026:12:30:13 +0000] "GET /wp-includes__1405e9d/fonts/?C=S&O=A HTTP/1.1" 200 437 "-" "Mozilla/5.0 AppleWebKit/537.36 (KHTML, like Gecko; compatible; ClaudeBot/1.0; +claudebot@anthropic.com)"
216.73.216.165 - - [11/Mar/2026:12:30:13 +0000] "GET /wp-includes__1405e9d/fonts/?C=D&O=A HTTP/1.1" 200 437 "-" "Mozilla/5.0 AppleWebKit/537.36 (KHTML, like Gecko; compatible; ClaudeBot/1.0; +claudebot@anthropic.com)"
216.73.216.165 - - [11/Mar/2026:12:30:13 +0000] "GET /wp-includes__1405e9d/fonts/?C=M&O=A HTTP/1.1" 200 442 "-" "Mozilla/5.0 AppleWebKit/537.36 (KHTML, like Gecko; compatible; ClaudeBot/1.0; +claudebot@anthropic.com)"
216.73.216.165 - - [11/Mar/2026:12:30:13 +0000] "GET /wp-includes__1405e9d/images/w-logo-blue.png HTTP/1.1" 200 3113 "-" "Mozilla/5.0 AppleWebKit/537.36 (KHTML, like Gecko; compatible; ClaudeBot/1.0; +claudebot@anthropic.com)"
216.73.216.165 - - [11/Mar/2026:12:30:13 +0000] "GET /wp-includes__1405e9d/fonts/?C=N&O=D HTTP/1.1" 200 428 "-" "Mozilla/5.0 AppleWebKit/537.36 (KHTML, like Gecko; compatible; ClaudeBot/1.0; +claudebot@anthropic.com)"
216.73.216.165 - - [11/Mar/2026:12:30:14 +0000] "GET /wp-includes__1405e9d/assets/?C=S&O=A HTTP/1.1" 200 327 "-" "Mozilla/5.0 AppleWebKit/537.36 (KHTML, like Gecko; compatible; ClaudeBot/1.0; +claudebot@anthropic.com)"
216.73.216.165 - - [11/Mar/2026:12:30:14 +0000] "GET /FSS-HCM__1405e9d/?C=N&O=A HTTP/1.1" 200 350 "-" "Mozilla/5.0 AppleWebKit/537.36 (KHTML, like Gecko; compatible; ClaudeBot/1.0; +claudebot@anthropic.com)"
216.73.216.165 - - [11/Mar/2026:12:30:14 +0000] "GET /wp-includes__1405e9d/assets/?C=D&O=A HTTP/1.1" 200 327 "-" "Mozilla/5.0 AppleWebKit/537.36 (KHTML, like Gecko; compatible; ClaudeBot/1.0; +claudebot@anthropic.com)"
216.73.216.165 - - [11/Mar/2026:12:30:14 +0000] "GET /wp-includes__1405e9d/assets/?C=M&O=A HTTP/1.1" 200 327 "-" "Mozilla/5.0 AppleWebKit/537.36 (KHTML, like Gecko; compatible; ClaudeBot/1.0; +claudebot@anthropic.com)"
157.22.22.75 - - [11/Mar/2026:12:30:32 +0000] "GET /wp-login.php HTTP/1.1" 404 36 "-" "Mozilla/5.0 (Windows NT 10.0; Win64; x64) AppleWebKit/537.36 (KHTML, like Gecko) Chrome/124.0.6367.207 Safari/537.36"
216.73.216.165 - - [11/Mar/2026:12:30:33 +0000] "GET /wp-includes__1405e9d/sodium_compat/lib HTTP/1.1" 301 265 "-" "Mozilla/5.0 AppleWebKit/537.36 (KHTML, like Gecko; compatible; ClaudeBot/1.0; +claudebot@anthropic.com)"
216.73.216.165 - - [11/Mar/2026:12:30:33 +0000] "GET /wp-includes__1405e9d/sodium_compat/src HTTP/1.1" 301 265 "-" "Mozilla/5.0 AppleWebKit/537.36 (KHTML, like Gecko; compatible; ClaudeBot/1.0; +claudebot@anthropic.com)"
216.73.216.165 - - [11/Mar/2026:12:30:33 +0000] "GET /wp-includes__1405e9d/sodium_compat/lib/ HTTP/1.1" 200 336 "https://impero.ro/wp-includes__1405e9d/sodium_compat/lib" "Mozilla/5.0 AppleWebKit/537.36 (KHTML, like Gecko; compatible; ClaudeBot/1.0; +claudebot@anthropic.com)"
216.73.216.165 - - [11/Mar/2026:12:30:34 +0000] "GET /wp-includes__1405e9d/Text/Diff HTTP/1.1" 301 257 "-" "Mozilla/5.0 AppleWebKit/537.36 (KHTML, like Gecko; compatible; ClaudeBot/1.0; +claudebot@anthropic.com)"
216.73.216.165 - - [11/Mar/2026:12:30:34 +0000] "GET /wp-includes__1405e9d/sodium_compat/src/ HTTP/1.1" 200 408 "https://impero.ro/wp-includes__1405e9d/sodium_compat/src" "Mozilla/5.0 AppleWebKit/537.36 (KHTML, like Gecko; compatible; ClaudeBot/1.0; +claudebot@anthropic.com)"
216.73.216.165 - - [11/Mar/2026:12:30:34 +0000] "GET /wp-includes__1405e9d/Text/Diff/ HTTP/1.1" 200 382 "https://impero.ro/wp-includes__1405e9d/Text/Diff" "Mozilla/5.0 AppleWebKit/537.36 (KHTML, like Gecko; compatible; ClaudeBot/1.0; +claudebot@anthropic.com)"
194.87.177.54 - - [11/Mar/2026:12:30:51 +0000] "GET /wp-login.php HTTP/1.1" 404 36 "-" "Mozilla/5.0 (Macintosh; Intel Mac OS X 13_5) AppleWebKit/605.1.15 (KHTML, like Gecko) Version/17.5 Safari/605.1.15"
216.73.216.165 - - [11/Mar/2026:12:31:04 +0000] "GET /wp-includes__1405e9d/sodium_compat/namespaced HTTP/1.1" 301 272 "-" "Mozilla/5.0 AppleWebKit/537.36 (KHTML, like Gecko; compatible; ClaudeBot/1.0; +claudebot@anthropic.com)"
216.73.216.165 - - [11/Mar/2026:12:31:05 +0000] "GET /wp-includes__1405e9d/sodium_compat/composer.json HTTP/1.1" 200 689 "-" "Mozilla/5.0 AppleWebKit/537.36 (KHTML, like Gecko; compatible; ClaudeBot/1.0; +claudebot@anthropic.com)"
216.73.216.165 - - [11/Mar/2026:12:31:05 +0000] "GET /wp-includes__1405e9d/certificates/ca-bundle.crt HTTP/1.1" 200 132874 "-" "Mozilla/5.0 AppleWebKit/537.36 (KHTML, like Gecko; compatible; ClaudeBot/1.0; +claudebot@anthropic.com)"
216.73.216.165 - - [11/Mar/2026:12:31:05 +0000] "GET /wp-includes__1405e9d/sodium_compat/namespaced/ HTTP/1.1" 200 375 "https://impero.ro/wp-includes__1405e9d/sodium_compat/namespaced" "Mozilla/5.0 AppleWebKit/537.36 (KHTML, like Gecko; compatible; ClaudeBot/1.0; +claudebot@anthropic.com)"
156.233.40.140 - - [11/Mar/2026:12:31:17 +0000] "GET /wp-login.php HTTP/1.1" 404 36 "-" "Mozilla/5.0 (Windows NT 10.0; Win64; x64) AppleWebKit/537.36 (KHTML, like Gecko) Chrome/124.0.6367.207 Safari/537.36"
216.73.216.165 - - [11/Mar/2026:12:31:29 +0000] "GET /wp-includes__1405e9d/interactivity-api/?C=N&O=D HTTP/1.1" 200 333 "-" "Mozilla/5.0 AppleWebKit/537.36 (KHTML, like Gecko; compatible; ClaudeBot/1.0; +claudebot@anthropic.com)"
216.73.216.165 - - [11/Mar/2026:12:31:29 +0000] "GET /wp-includes__1405e9d/html-api/?C=M&O=A HTTP/1.1" 200 326 "-" "Mozilla/5.0 AppleWebKit/537.36 (KHTML, like Gecko; compatible; ClaudeBot/1.0; +claudebot@anthropic.com)"
216.73.216.165 - - [11/Mar/2026:12:31:29 +0000] "GET /wp-includes__1405e9d/html-api/?C=N&O=D HTTP/1.1" 200 323 "-" "Mozilla/5.0 AppleWebKit/537.36 (KHTML, like Gecko; compatible; ClaudeBot/1.0; +claudebot@anthropic.com)"
91.199.189.66 - - [11/Mar/2026:12:31:31 +0000] "GET /wp-login.php HTTP/1.1" 404 36 "-" "Mozilla/5.0 (Macintosh; Intel Mac OS X 13_5) AppleWebKit/605.1.15 (KHTML, like Gecko) Version/17.5 Safari/605.1.15"
216.73.216.165 - - [11/Mar/2026:12:31:41 +0000] "GET /wp-includes__1405e9d/interactivity-api/?C=M&O=A HTTP/1.1" 200 336 "-" "Mozilla/5.0 AppleWebKit/537.36 (KHTML, like Gecko; compatible; ClaudeBot/1.0; +claudebot@anthropic.com)"
216.73.216.165 - - [11/Mar/2026:12:31:41 +0000] "GET /wp-includes__1405e9d/html-api/?C=D&O=A HTTP/1.1" 200 325 "-" "Mozilla/5.0 AppleWebKit/537.36 (KHTML, like Gecko; compatible; ClaudeBot/1.0; +claudebot@anthropic.com)"
216.73.216.165 - - [11/Mar/2026:12:31:45 +0000] "GET /wp-includes__1405e9d/interactivity-api/?C=D&O=A HTTP/1.1" 200 335 "-" "Mozilla/5.0 AppleWebKit/537.36 (KHTML, like Gecko; compatible; ClaudeBot/1.0; +claudebot@anthropic.com)"
216.73.216.165 - - [11/Mar/2026:12:31:45 +0000] "GET /wp-includes__1405e9d/html-api/?C=S&O=A HTTP/1.1" 200 326 "-" "Mozilla/5.0 AppleWebKit/537.36 (KHTML, like Gecko; compatible; ClaudeBot/1.0; +claudebot@anthropic.com)"
45.140.171.131 - - [11/Mar/2026:12:31:49 +0000] "GET /wp-login.php HTTP/1.1" 404 36 "-" "Mozilla/5.0 (Macintosh; Intel Mac OS X 13_5) AppleWebKit/605.1.15 (KHTML, like Gecko) Version/17.5 Safari/605.1.15"
45.149.130.235 - - [11/Mar/2026:12:32:17 +0000] "GET /wp-login.php HTTP/1.1" 404 36 "-" "Mozilla/5.0 (Macintosh; Intel Mac OS X 13_5) AppleWebKit/605.1.15 (KHTML, like Gecko) Version/17.5 Safari/605.1.15"
66.249.64.234 - - [11/Mar/2026:12:32:33 +0000] "GET /product/flora-plusz-160-mese/ HTTP/1.1" 404 36 "-" "Mozilla/5.0 (Linux; Android 6.0.1; Nexus 5X Build/MMB29P) AppleWebKit/537.36 (KHTML, like Gecko) Chrome/145.0.7632.116 Mobile Safari/537.36 (compatible; Googlebot/2.1; +http://www.google.com/bot.html)"
45.207.149.120 - - [11/Mar/2026:12:32:36 +0000] "GET /wp-login.php HTTP/1.1" 404 36 "-" "Mozilla/5.0 (Windows NT 10.0; Win64; x64) AppleWebKit/537.36 (KHTML, like Gecko) Chrome/124.0.6367.207 Safari/537.36"
216.73.216.165 - - [11/Mar/2026:12:32:49 +0000] "GET /wp-includes__1405e9d/Text/?C=D&O=A HTTP/1.1" 200 361 "-" "Mozilla/5.0 AppleWebKit/537.36 (KHTML, like Gecko; compatible; ClaudeBot/1.0; +claudebot@anthropic.com)"
216.73.216.165 - - [11/Mar/2026:12:32:49 +0000] "GET /wp-includes__1405e9d/Text/?C=M&O=A HTTP/1.1" 200 361 "-" "Mozilla/5.0 AppleWebKit/537.36 (KHTML, like Gecko; compatible; ClaudeBot/1.0; +claudebot@anthropic.com)"
216.73.216.165 - - [11/Mar/2026:12:32:53 +0000] "GET /wp-includes__1405e9d/sodium_compat/LICENSE HTTP/1.1" 200 553 "-" "Mozilla/5.0 AppleWebKit/537.36 (KHTML, like Gecko; compatible; ClaudeBot/1.0; +claudebot@anthropic.com)"
216.73.216.165 - - [11/Mar/2026:12:32:53 +0000] "GET /wp-includes__1405e9d/Text/?C=S&O=A HTTP/1.1" 200 361 "-" "Mozilla/5.0 AppleWebKit/537.36 (KHTML, like Gecko; compatible; ClaudeBot/1.0; +claudebot@anthropic.com)"
45.199.239.104 - - [11/Mar/2026:12:33:02 +0000] "GET /wp-login.php HTTP/1.1" 404 36 "-" "Mozilla/5.0 (Windows NT 10.0; Win64; x64) AppleWebKit/537.36 (KHTML, like Gecko) Chrome/124.0.6367.207 Safari/537.36"
45.135.35.141 - - [11/Mar/2026:12:33:17 +0000] "GET /wp-login.php HTTP/1.1" 404 36 "-" "Mozilla/5.0 (Windows NT 10.0; Win64; x64) AppleWebKit/537.36 (KHTML, like Gecko) Chrome/124.0.6367.207 Safari/537.36"
195.208.86.65 - - [11/Mar/2026:12:33:36 +0000] "GET /wp-login.php HTTP/1.1" 404 36 "-" "Mozilla/5.0 (Macintosh; Intel Mac OS X 13_5) AppleWebKit/605.1.15 (KHTML, like Gecko) Version/17.5 Safari/605.1.15"
216.73.216.165 - - [11/Mar/2026:12:33:44 +0000] "GET /wp-includes__1405e9d/certificates/?C=S&O=A HTTP/1.1" 200 374 "-" "Mozilla/5.0 AppleWebKit/537.36 (KHTML, like Gecko; compatible; ClaudeBot/1.0; +claudebot@anthropic.com)"
216.73.216.165 - - [11/Mar/2026:12:33:45 +0000] "GET /wp-includes__1405e9d/certificates/?C=D&O=A HTTP/1.1" 200 374 "-" "Mozilla/5.0 AppleWebKit/537.36 (KHTML, like Gecko; compatible; ClaudeBot/1.0; +claudebot@anthropic.com)"
216.73.216.165 - - [11/Mar/2026:12:33:55 +0000] "GET /wp-includes__1405e9d/sodium_compat/?C=M&O=A HTTP/1.1" 200 473 "-" "Mozilla/5.0 AppleWebKit/537.36 (KHTML, like Gecko; compatible; ClaudeBot/1.0; +claudebot@anthropic.com)"
216.73.216.165 - - [11/Mar/2026:12:33:55 +0000] "GET /wp-includes__1405e9d/sodium_compat/?C=N&O=D HTTP/1.1" 200 472 "-" "Mozilla/5.0 AppleWebKit/537.36 (KHTML, like Gecko; compatible; ClaudeBot/1.0; +claudebot@anthropic.com)"
66.249.64.234 - - [11/Mar/2026:12:34:43 +0000] "GET /product/havanna-alb-lucios-sufragerii/?add-to-cart=2960 HTTP/1.1" 404 36 "-" "Mozilla/5.0 (Linux; Android 6.0.1; Nexus 5X Build/MMB29P) AppleWebKit/537.36 (KHTML, like Gecko) Chrome/145.0.7632.116 Mobile Safari/537.36 (compatible; Googlebot/2.1; +http://www.google.com/bot.html)"
216.73.216.165 - - [11/Mar/2026:12:35:00 +0000] "GET /wp-includes__1405e9d/sodium_compat/?C=S&O=A HTTP/1.1" 200 473 "-" "Mozilla/5.0 AppleWebKit/537.36 (KHTML, like Gecko; compatible; ClaudeBot/1.0; +claudebot@anthropic.com)"
216.73.216.165 - - [11/Mar/2026:12:35:01 +0000] "GET /wp-includes__1405e9d/sodium_compat/?C=D&O=A HTTP/1.1" 200 476 "-" "Mozilla/5.0 AppleWebKit/537.36 (KHTML, like Gecko; compatible; ClaudeBot/1.0; +claudebot@anthropic.com)"
51.68.247.202 - - [11/Mar/2026:12:35:01 +0000] "GET /rffnx.php__1405e9d HTTP/1.1" 200 59720 "-" "Mozilla/5.0 (compatible; AhrefsBot/7.0; +http://ahrefs.com/robot/)"
216.73.216.165 - - [11/Mar/2026:12:35:13 +0000] "GET /wp-includes__1405e9d/PHPMailer/?C=S&O=A HTTP/1.1" 200 328 "-" "Mozilla/5.0 AppleWebKit/537.36 (KHTML, like Gecko; compatible; ClaudeBot/1.0; +claudebot@anthropic.com)"
216.73.216.165 - - [11/Mar/2026:12:35:13 +0000] "GET /wp-includes__1405e9d/l10n/?C=M&O=A HTTP/1.1" 200 326 "-" "Mozilla/5.0 AppleWebKit/537.36 (KHTML, like Gecko; compatible; ClaudeBot/1.0; +claudebot@anthropic.com)"
157.55.39.13 - - [11/Mar/2026:12:35:19 +0000] "GET /product-tag/pat-dormitor/ HTTP/1.1" 404 36 "-" "Mozilla/5.0 AppleWebKit/537.36 (KHTML, like Gecko; compatible; bingbot/2.0; +http://www.bing.com/bingbot.htm) Chrome/116.0.1938.76 Safari/537.36"
216.73.216.165 - - [11/Mar/2026:12:35:48 +0000] "GET /wp-includes__1405e9d/l10n/?C=S&O=A HTTP/1.1" 200 326 "-" "Mozilla/5.0 AppleWebKit/537.36 (KHTML, like Gecko; compatible; ClaudeBot/1.0; +claudebot@anthropic.com)"
216.73.216.165 - - [11/Mar/2026:12:35:48 +0000] "GET /wp-includes__1405e9d/l10n/?C=D&O=A HTTP/1.1" 200 326 "-" "Mozilla/5.0 AppleWebKit/537.36 (KHTML, like Gecko; compatible; ClaudeBot/1.0; +claudebot@anthropic.com)"
84.200.16.110 - - [11/Mar/2026:12:36:18 +0000] "GET /wp-login.php HTTP/1.1" 404 36 "-" "Mozilla/5.0 (Windows NT 10.0; WOW64; Trident/7.0; Touch; TNJB; rv:11.0) like Gecko"
216.73.216.165 - - [11/Mar/2026:12:36:29 +0000] "GET /wp-includes__1405e9d/PHPMailer/?C=D&O=A HTTP/1.1" 200 328 "-" "Mozilla/5.0 AppleWebKit/537.36 (KHTML, like Gecko; compatible; ClaudeBot/1.0; +claudebot@anthropic.com)"
216.73.216.165 - - [11/Mar/2026:12:36:29 +0000] "GET /wp-includes__1405e9d/l10n/?C=N&O=D HTTP/1.1" 200 324 "-" "Mozilla/5.0 AppleWebKit/537.36 (KHTML, like Gecko; compatible; ClaudeBot/1.0; +claudebot@anthropic.com)"
216.73.216.165 - - [11/Mar/2026:12:36:39 +0000] "GET /wp-includes__1405e9d/Text/?C=N&O=D HTTP/1.1" 200 359 "-" "Mozilla/5.0 AppleWebKit/537.36 (KHTML, like Gecko; compatible; ClaudeBot/1.0; +claudebot@anthropic.com)"
216.73.216.165 - - [11/Mar/2026:12:36:39 +0000] "GET /wp-includes__1405e9d/interactivity-api/?C=S&O=A HTTP/1.1" 200 336 "-" "Mozilla/5.0 AppleWebKit/537.36 (KHTML, like Gecko; compatible; ClaudeBot/1.0; +claudebot@anthropic.com)"
216.73.216.165 - - [11/Mar/2026:12:37:04 +0000] "GET /wp-includes__1405e9d/certificates/?C=M&O=A HTTP/1.1" 200 374 "-" "Mozilla/5.0 AppleWebKit/537.36 (KHTML, like Gecko; compatible; ClaudeBot/1.0; +claudebot@anthropic.com)"
216.73.216.165 - - [11/Mar/2026:12:37:04 +0000] "GET /wp-includes__1405e9d/certificates/?C=N&O=D HTTP/1.1" 200 372 "-" "Mozilla/5.0 AppleWebKit/537.36 (KHTML, like Gecko; compatible; ClaudeBot/1.0; +claudebot@anthropic.com)"
168.119.108.92 - - [11/Mar/2026:12:37:29 +0000] "POST /xmlrpc.php HTTP/1.1" 404 36 "-" "Mozilla/5.0 (Windows NT 6.1; WOW64; Trident/7.0; yie11; rv:11.0) like Gecko"
66.249.64.234 - - [11/Mar/2026:12:37:42 +0000] "GET /product-tag/dulapuri-dormitor/?per_page=9 HTTP/1.1" 404 36 "-" "Mozilla/5.0 (Linux; Android 6.0.1; Nexus 5X Build/MMB29P) AppleWebKit/537.36 (KHTML, like Gecko) Chrome/145.0.7632.116 Mobile Safari/537.36 (compatible; Googlebot/2.1; +http://www.google.com/bot.html)"
216.73.216.165 - - [11/Mar/2026:12:38:00 +0000] "GET /wp-includes__1405e9d/PHPMailer/?C=M&O=A HTTP/1.1" 200 328 "-" "Mozilla/5.0 AppleWebKit/537.36 (KHTML, like Gecko; compatible; ClaudeBot/1.0; +claudebot@anthropic.com)"
216.73.216.165 - - [11/Mar/2026:12:38:00 +0000] "GET /wp-includes__1405e9d/PHPMailer/?C=N&O=D HTTP/1.1" 200 326 "-" "Mozilla/5.0 AppleWebKit/537.36 (KHTML, like Gecko; compatible; ClaudeBot/1.0; +claudebot@anthropic.com)"
66.249.64.224 - - [11/Mar/2026:12:38:10 +0000] "GET /product/napoly-160-dulap/?add-to-cart=3425 HTTP/1.1" 404 36 "-" "Mozilla/5.0 (Linux; Android 6.0.1; Nexus 5X Build/MMB29P) AppleWebKit/537.36 (KHTML, like Gecko) Chrome/145.0.7632.116 Mobile Safari/537.36 (compatible; Googlebot/2.1; +http://www.google.com/bot.html)"
216.73.216.165 - - [11/Mar/2026:12:40:26 +0000] "GET /wp-includes__1405e9d/style-engine/?C=M&O=A HTTP/1.1" 200 330 "-" "Mozilla/5.0 AppleWebKit/537.36 (KHTML, like Gecko; compatible; ClaudeBot/1.0; +claudebot@anthropic.com)"
52.167.144.160 - - [11/Mar/2026:12:40:46 +0000] "GET /product-category/mobila-corp/bucatarii?orderby=rating&product_count=16 HTTP/1.1" 404 36 "-" "Mozilla/5.0 AppleWebKit/537.36 (KHTML, like Gecko; compatible; bingbot/2.0; +http://www.bing.com/bingbot.htm) Chrome/116.0.1938.76 Safari/537.36"
172.71.150.53 - - [11/Mar/2026:12:40:57 +0000] "GET / HTTP/1.1" 200 1604 "-" "Mozilla/5.0 (compatible; Googlebot/2.1; +http://www.google.com/bot.html)"
157.55.39.13 - - [11/Mar/2026:12:41:00 +0000] "GET /product-category/comode-clasice-si-moderne/page/2/ HTTP/1.1" 404 36 "-" "Mozilla/5.0 AppleWebKit/537.36 (KHTML, like Gecko; compatible; bingbot/2.0; +http://www.bing.com/bingbot.htm) Chrome/116.0.1938.76 Safari/537.36"
172.71.150.125 - - [11/Mar/2026:12:41:01 +0000] "GET /robots.txt HTTP/1.1" 404 36 "-" "Mozilla/5.0 (compatible; Googlebot/2.1; +http://www.google.com/bot.html)"
157.55.39.13 - - [11/Mar/2026:12:42:01 +0000] "GET /product/andorra-noptiere/ HTTP/1.1" 404 36 "-" "Mozilla/5.0 AppleWebKit/537.36 (KHTML, like Gecko; compatible; bingbot/2.0; +http://www.bing.com/bingbot.htm) Chrome/116.0.1938.76 Safari/537.36"
216.73.216.165 - - [11/Mar/2026:12:42:06 +0000] "GET /wp-includes__1405e9d/style-engine/?C=S&O=A HTTP/1.1" 200 330 "-" "Mozilla/5.0 AppleWebKit/537.36 (KHTML, like Gecko; compatible; ClaudeBot/1.0; +claudebot@anthropic.com)"
216.73.216.165 - - [11/Mar/2026:12:42:06 +0000] "GET /wp-includes__1405e9d/?C=S&O=D HTTP/1.1" 200 972 "-" "Mozilla/5.0 AppleWebKit/537.36 (KHTML, like Gecko; compatible; ClaudeBot/1.0; +claudebot@anthropic.com)"
216.73.216.165 - - [11/Mar/2026:12:42:06 +0000] "GET /wp-includes__1405e9d/?C=D&O=D HTTP/1.1" 200 970 "-" "Mozilla/5.0 AppleWebKit/537.36 (KHTML, like Gecko; compatible; ClaudeBot/1.0; +claudebot@anthropic.com)"
157.55.39.13 - - [11/Mar/2026:12:42:31 +0000] "GET /product-category/comode-clasice-si-moderne/?per_row=3&per_page=24&shop_view=grid&stock_status=instock HTTP/1.1" 404 36 "-" "Mozilla/5.0 AppleWebKit/537.36 (KHTML, like Gecko; compatible; bingbot/2.0; +http://www.bing.com/bingbot.htm) Chrome/116.0.1938.76 Safari/537.36"
207.46.13.92 - - [11/Mar/2026:12:42:51 +0000] "GET /wp-content/uploads/2014/05/MontecarloMonocromU.jpg HTTP/1.1" 404 36 "-" "msnbot/2.0b (+http://search.msn.com/msnbot.htm)"
216.73.216.165 - - [11/Mar/2026:12:42:53 +0000] "GET /wp-includes__1405e9d/?C=N&O=A HTTP/1.1" 200 972 "-" "Mozilla/5.0 AppleWebKit/537.36 (KHTML, like Gecko; compatible; ClaudeBot/1.0; +claudebot@anthropic.com)"
51.195.244.179 - - [11/Mar/2026:12:43:57 +0000] "GET /?C=N;O=D HTTP/1.1" 200 1596 "-" "Mozilla/5.0 (compatible; AhrefsBot/7.0; +http://ahrefs.com/robot/)"
216.73.216.165 - - [11/Mar/2026:12:44:02 +0000] "GET /wp-includes__1405e9d/style-engine/?C=D&O=A HTTP/1.1" 200 330 "-" "Mozilla/5.0 AppleWebKit/537.36 (KHTML, like Gecko; compatible; ClaudeBot/1.0; +claudebot@anthropic.com)"
66.249.64.234 - - [11/Mar/2026:12:45:45 +0000] "GET /product/atena-1-fotoliu-extensibil/?add-to-cart=3051 HTTP/1.1" 404 36 "-" "Mozilla/5.0 (Linux; Android 6.0.1; Nexus 5X Build/MMB29P) AppleWebKit/537.36 (KHTML, like Gecko) Chrome/145.0.7632.116 Mobile Safari/537.36 (compatible; Googlebot/2.1; +http://www.google.com/bot.html)"
5.14.141.252 - - [11/Mar/2026:12:46:37 +0000] "GET /product/leila-mese/ HTTP/1.1" 404 36 "https://www.google.com/" "Mozilla/5.0 (Linux; Android 10; K) AppleWebKit/537.36 (KHTML, like Gecko) Chrome/145.0.0.0 Mobile Safari/537.36"
5.14.141.252 - - [11/Mar/2026:12:46:38 +0000] "GET /favicon.ico HTTP/1.1" 404 36 "https://impero.ro/product/leila-mese/" "Mozilla/5.0 (Linux; Android 10; K) AppleWebKit/537.36 (KHTML, like Gecko) Chrome/145.0.0.0 Mobile Safari/537.36"
216.73.216.165 - - [11/Mar/2026:12:46:43 +0000] "GET /wp-includes__1405e9d/style-engine/?C=N&O=D HTTP/1.1" 200 328 "-" "Mozilla/5.0 AppleWebKit/537.36 (KHTML, like Gecko; compatible; ClaudeBot/1.0; +claudebot@anthropic.com)"
216.73.216.165 - - [11/Mar/2026:12:47:34 +0000] "GET /wp-includes__1405e9d/js/tinymce HTTP/1.1" 301 258 "-" "Mozilla/5.0 AppleWebKit/537.36 (KHTML, like Gecko; compatible; ClaudeBot/1.0; +claudebot@anthropic.com)"
216.73.216.165 - - [11/Mar/2026:12:47:34 +0000] "GET /wp-includes__1405e9d/js/underscore.js HTTP/1.1" 200 19442 "-" "Mozilla/5.0 AppleWebKit/537.36 (KHTML, like Gecko; compatible; ClaudeBot/1.0; +claudebot@anthropic.com)"
216.73.216.165 - - [11/Mar/2026:12:47:34 +0000] "GET /wp-includes__1405e9d/js/hoverIntent.js HTTP/1.1" 200 2441 "-" "Mozilla/5.0 AppleWebKit/537.36 (KHTML, like Gecko; compatible; ClaudeBot/1.0; +claudebot@anthropic.com)"
216.73.216.165 - - [11/Mar/2026:12:47:35 +0000] "GET /wp-includes__1405e9d/js/api-request.js HTTP/1.1" 200 1356 "-" "Mozilla/5.0 AppleWebKit/537.36 (KHTML, like Gecko; compatible; ClaudeBot/1.0; +claudebot@anthropic.com)"
216.73.216.165 - - [11/Mar/2026:12:47:35 +0000] "GET /wp-includes__1405e9d/js/tinymce/ HTTP/1.1" 200 544 "https://impero.ro/wp-includes__1405e9d/js/tinymce" "Mozilla/5.0 AppleWebKit/537.36 (KHTML, like Gecko; compatible; ClaudeBot/1.0; +claudebot@anthropic.com)"
216.73.216.165 - - [11/Mar/2026:12:47:35 +0000] "GET /wp-includes__1405e9d/js/wp-pointer.js HTTP/1.1" 200 3014 "-" "Mozilla/5.0 AppleWebKit/537.36 (KHTML, like Gecko; compatible; ClaudeBot/1.0; +claudebot@anthropic.com)"
216.73.216.165 - - [11/Mar/2026:12:47:35 +0000] "GET /wp-includes__1405e9d/js/shortcode.js HTTP/1.1" 200 3566 "-" "Mozilla/5.0 AppleWebKit/537.36 (KHTML, like Gecko; compatible; ClaudeBot/1.0; +claudebot@anthropic.com)"
216.73.216.165 - - [11/Mar/2026:12:47:35 +0000] "GET /wp-includes__1405e9d/SimplePie/src HTTP/1.1" 301 261 "-" "Mozilla/5.0 AppleWebKit/537.36 (KHTML, like Gecko; compatible; ClaudeBot/1.0; +claudebot@anthropic.com)"
216.73.216.165 - - [11/Mar/2026:12:47:35 +0000] "GET /wp-includes__1405e9d/SimplePie/src/ HTTP/1.1" 200 437 "https://impero.ro/wp-includes__1405e9d/SimplePie/src" "Mozilla/5.0 AppleWebKit/537.36 (KHTML, like Gecko; compatible; ClaudeBot/1.0; +claudebot@anthropic.com)"
216.73.216.165 - - [11/Mar/2026:12:47:35 +0000] "GET /wp-includes__1405e9d/Requests/src HTTP/1.1" 301 260 "-" "Mozilla/5.0 AppleWebKit/537.36 (KHTML, like Gecko; compatible; ClaudeBot/1.0; +claudebot@anthropic.com)"
216.73.216.165 - - [11/Mar/2026:12:47:35 +0000] "GET /wp-includes__1405e9d/Requests/src/ HTTP/1.1" 200 450 "https://impero.ro/wp-includes__1405e9d/Requests/src" "Mozilla/5.0 AppleWebKit/537.36 (KHTML, like Gecko; compatible; ClaudeBot/1.0; +claudebot@anthropic.com)"
207.46.13.130 - - [11/Mar/2026:12:47:40 +0000] "GET /?post_type=product&s= HTTP/1.1" 200 1604 "-" "Mozilla/5.0 AppleWebKit/537.36 (KHTML, like Gecko; compatible; bingbot/2.0; +http://www.bing.com/bingbot.htm) Chrome/116.0.1938.76 Safari/537.36"
216.73.216.165 - - [11/Mar/2026:12:47:51 +0000] "GET /wp-includes__1405e9d/js/codemirror HTTP/1.1" 301 261 "-" "Mozilla/5.0 AppleWebKit/537.36 (KHTML, like Gecko; compatible; ClaudeBot/1.0; +claudebot@anthropic.com)"
216.73.216.165 - - [11/Mar/2026:12:47:51 +0000] "GET /wp-includes__1405e9d/js/api-request.min.js HTTP/1.1" 200 590 "-" "Mozilla/5.0 AppleWebKit/537.36 (KHTML, like Gecko; compatible; ClaudeBot/1.0; +claudebot@anthropic.com)"
216.73.216.165 - - [11/Mar/2026:12:47:51 +0000] "GET /wp-includes__1405e9d/js/jquery HTTP/1.1" 301 257 "-" "Mozilla/5.0 AppleWebKit/537.36 (KHTML, like Gecko; compatible; ClaudeBot/1.0; +claudebot@anthropic.com)"
216.73.216.165 - - [11/Mar/2026:12:47:51 +0000] "GET /wp-includes__1405e9d/js/codemirror/ HTTP/1.1" 200 516 "https://impero.ro/wp-includes__1405e9d/js/codemirror" "Mozilla/5.0 AppleWebKit/537.36 (KHTML, like Gecko; compatible; ClaudeBot/1.0; +claudebot@anthropic.com)"
216.73.216.165 - - [11/Mar/2026:12:47:51 +0000] "GET /wp-includes__1405e9d/SimplePie/library HTTP/1.1" 301 265 "-" "Mozilla/5.0 AppleWebKit/537.36 (KHTML, like Gecko; compatible; ClaudeBot/1.0; +claudebot@anthropic.com)"
216.73.216.165 - - [11/Mar/2026:12:47:51 +0000] "GET /wp-includes__1405e9d/js/jquery/ HTTP/1.1" 200 792 "https://impero.ro/wp-includes__1405e9d/js/jquery" "Mozilla/5.0 AppleWebKit/537.36 (KHTML, like Gecko; compatible; ClaudeBot/1.0; +claudebot@anthropic.com)"
216.73.216.165 - - [11/Mar/2026:12:47:51 +0000] "GET /wp-includes__1405e9d/js/wp-pointer.min.js HTTP/1.1" 200 1328 "-" "Mozilla/5.0 AppleWebKit/537.36 (KHTML, like Gecko; compatible; ClaudeBot/1.0; +claudebot@anthropic.com)"
216.73.216.165 - - [11/Mar/2026:12:47:51 +0000] "GET /wp-includes__1405e9d/SimplePie/library/ HTTP/1.1" 200 370 "https://impero.ro/wp-includes__1405e9d/SimplePie/library" "Mozilla/5.0 AppleWebKit/537.36 (KHTML, like Gecko; compatible; ClaudeBot/1.0; +claudebot@anthropic.com)"
216.73.216.165 - - [11/Mar/2026:12:47:51 +0000] "GET /wp-includes__1405e9d/js/utils.js HTTP/1.1" 200 1686 "-" "Mozilla/5.0 AppleWebKit/537.36 (KHTML, like Gecko; compatible; ClaudeBot/1.0; +claudebot@anthropic.com)"
216.73.216.165 - - [11/Mar/2026:12:47:51 +0000] "GET /wp-includes__1405e9d/js/shortcode.min.js HTTP/1.1" 200 1145 "-" "Mozilla/5.0 AppleWebKit/537.36 (KHTML, like Gecko; compatible; ClaudeBot/1.0; +claudebot@anthropic.com)"
216.73.216.165 - - [11/Mar/2026:12:47:52 +0000] "GET /wp-includes__1405e9d/Requests/library HTTP/1.1" 301 264 "-" "Mozilla/5.0 AppleWebKit/537.36 (KHTML, like Gecko; compatible; ClaudeBot/1.0; +claudebot@anthropic.com)"
216.73.216.165 - - [11/Mar/2026:12:47:52 +0000] "GET /wp-includes__1405e9d/Requests/library/ HTTP/1.1" 200 335 "https://impero.ro/wp-includes__1405e9d/Requests/library" "Mozilla/5.0 AppleWebKit/537.36 (KHTML, like Gecko; compatible; ClaudeBot/1.0; +claudebot@anthropic.com)"
216.73.216.165 - - [11/Mar/2026:12:48:10 +0000] "GET /wp-includes__1405e9d/js/wp-embed.js HTTP/1.1" 200 1339 "-" "Mozilla/5.0 AppleWebKit/537.36 (KHTML, like Gecko; compatible; ClaudeBot/1.0; +claudebot@anthropic.com)"
216.73.216.165 - - [11/Mar/2026:12:48:10 +0000] "GET /wp-includes__1405e9d/js/underscore.min.js HTTP/1.1" 200 7317 "-" "Mozilla/5.0 AppleWebKit/537.36 (KHTML, like Gecko; compatible; ClaudeBot/1.0; +claudebot@anthropic.com)"
216.73.216.165 - - [11/Mar/2026:12:48:11 +0000] "GET /wp-includes__1405e9d/js/customize-loader.js HTTP/1.1" 200 2692 "-" "Mozilla/5.0 AppleWebKit/537.36 (KHTML, like Gecko; compatible; ClaudeBot/1.0; +claudebot@anthropic.com)"
216.73.216.165 - - [11/Mar/2026:12:48:11 +0000] "GET /wp-includes__1405e9d/js/backbone.js HTTP/1.1" 200 22430 "-" "Mozilla/5.0 AppleWebKit/537.36 (KHTML, like Gecko; compatible; ClaudeBot/1.0; +claudebot@anthropic.com)"
216.73.216.165 - - [11/Mar/2026:12:48:11 +0000] "GET /wp-includes__1405e9d/js/comment-reply.js HTTP/1.1" 200 3732 "-" "Mozilla/5.0 AppleWebKit/537.36 (KHTML, like Gecko; compatible; ClaudeBot/1.0; +claudebot@anthropic.com)"
216.73.216.165 - - [11/Mar/2026:12:48:11 +0000] "GET /wp-includes__1405e9d/js/json2.js HTTP/1.1" 200 31 "-" "Mozilla/5.0 AppleWebKit/537.36 (KHTML, like Gecko; compatible; ClaudeBot/1.0; +claudebot@anthropic.com)"
216.73.216.165 - - [11/Mar/2026:12:48:11 +0000] "GET /wp-includes__1405e9d/js/wp-api.js HTTP/1.1" 200 10819 "-" "Mozilla/5.0 AppleWebKit/537.36 (KHTML, like Gecko; compatible; ClaudeBot/1.0; +claudebot@anthropic.com)"
216.73.216.165 - - [11/Mar/2026:12:48:11 +0000] "GET /wp-includes__1405e9d/js/hoverIntent.min.js HTTP/1.1" 200 706 "-" "Mozilla/5.0 AppleWebKit/537.36 (KHTML, like Gecko; compatible; ClaudeBot/1.0; +claudebot@anthropic.com)"
216.73.216.165 - - [11/Mar/2026:12:49:18 +0000] "GET /wp-includes__1405e9d/js/thickbox HTTP/1.1" 301 259 "-" "Mozilla/5.0 AppleWebKit/537.36 (KHTML, like Gecko; compatible; ClaudeBot/1.0; +claudebot@anthropic.com)"
216.73.216.165 - - [11/Mar/2026:12:49:18 +0000] "GET /wp-includes__1405e9d/js/utils.min.js HTTP/1.1" 200 819 "-" "Mozilla/5.0 AppleWebKit/537.36 (KHTML, like Gecko; compatible; ClaudeBot/1.0; +claudebot@anthropic.com)"
216.73.216.165 - - [11/Mar/2026:12:49:18 +0000] "GET /wp-includes__1405e9d/js/dist HTTP/1.1" 301 255 "-" "Mozilla/5.0 AppleWebKit/537.36 (KHTML, like Gecko; compatible; ClaudeBot/1.0; +claudebot@anthropic.com)"
216.73.216.165 - - [11/Mar/2026:12:49:19 +0000] "GET /wp-includes__1405e9d/js/thickbox/ HTTP/1.1" 200 473 "https://impero.ro/wp-includes__1405e9d/js/thickbox" "Mozilla/5.0 AppleWebKit/537.36 (KHTML, like Gecko; compatible; ClaudeBot/1.0; +claudebot@anthropic.com)"
216.73.216.165 - - [11/Mar/2026:12:49:19 +0000] "GET /wp-includes__1405e9d/js/mediaelement HTTP/1.1" 301 263 "-" "Mozilla/5.0 AppleWebKit/537.36 (KHTML, like Gecko; compatible; ClaudeBot/1.0; +claudebot@anthropic.com)"
216.73.216.165 - - [11/Mar/2026:12:49:19 +0000] "GET /wp-includes__1405e9d/js/dist/ HTTP/1.1" 200 2258 "https://impero.ro/wp-includes__1405e9d/js/dist" "Mozilla/5.0 AppleWebKit/537.36 (KHTML, like Gecko; compatible; ClaudeBot/1.0; +claudebot@anthropic.com)"
216.73.216.165 - - [11/Mar/2026:12:49:19 +0000] "GET /wp-includes__1405e9d/js/customize-models.js HTTP/1.1" 200 1961 "-" "Mozilla/5.0 AppleWebKit/537.36 (KHTML, like Gecko; compatible; ClaudeBot/1.0; +claudebot@anthropic.com)"
216.73.216.165 - - [11/Mar/2026:12:49:19 +0000] "GET /wp-includes__1405e9d/js/mediaelement/ HTTP/1.1" 200 753 "https://impero.ro/wp-includes__1405e9d/js/mediaelement" "Mozilla/5.0 AppleWebKit/537.36 (KHTML, like Gecko; compatible; ClaudeBot/1.0; +claudebot@anthropic.com)"
216.73.216.165 - - [11/Mar/2026:12:49:19 +0000] "GET /wp-includes__1405e9d/js/customize-base.js HTTP/1.1" 200 7118 "-" "Mozilla/5.0 AppleWebKit/537.36 (KHTML, like Gecko; compatible; ClaudeBot/1.0; +claudebot@anthropic.com)"
216.73.216.165 - - [11/Mar/2026:12:49:19 +0000] "GET /wp-includes__1405e9d/js/swfobject.js HTTP/1.1" 200 - "-" "Mozilla/5.0 AppleWebKit/537.36 (KHTML, like Gecko; compatible; ClaudeBot/1.0; +claudebot@anthropic.com)"
216.73.216.165 - - [11/Mar/2026:12:49:19 +0000] "GET /wp-includes__1405e9d/js/quicktags.js HTTP/1.1" 200 6366 "-" "Mozilla/5.0 AppleWebKit/537.36 (KHTML, like Gecko; compatible; ClaudeBot/1.0; +claudebot@anthropic.com)"
216.73.216.165 - - [11/Mar/2026:12:49:29 +0000] "GET /wp-includes__1405e9d/js/customize-preview.js HTTP/1.1" 200 7677 "-" "Mozilla/5.0 AppleWebKit/537.36 (KHTML, like Gecko; compatible; ClaudeBot/1.0; +claudebot@anthropic.com)"
216.73.216.165 - - [11/Mar/2026:12:49:29 +0000] "GET /wp-includes__1405e9d/js/wp-util.js HTTP/1.1" 200 1749 "-" "Mozilla/5.0 AppleWebKit/537.36 (KHTML, like Gecko; compatible; ClaudeBot/1.0; +claudebot@anthropic.com)"
216.73.216.165 - - [11/Mar/2026:12:49:29 +0000] "GET /wp-includes__1405e9d/js/customize-selective-refresh.js HTTP/1.1" 200 8920 "-" "Mozilla/5.0 AppleWebKit/537.36 (KHTML, like Gecko; compatible; ClaudeBot/1.0; +claudebot@anthropic.com)"
216.73.216.165 - - [11/Mar/2026:12:49:29 +0000] "GET /wp-includes__1405e9d/js/hoverintent-js.min.js HTTP/1.1" 200 718 "-" "Mozilla/5.0 AppleWebKit/537.36 (KHTML, like Gecko; compatible; ClaudeBot/1.0; +claudebot@anthropic.com)"
216.73.216.165 - - [11/Mar/2026:12:49:29 +0000] "GET /wp-includes__1405e9d/js/wp-backbone.js HTTP/1.1" 200 3657 "-" "Mozilla/5.0 AppleWebKit/537.36 (KHTML, like Gecko; compatible; ClaudeBot/1.0; +claudebot@anthropic.com)"
216.73.216.165 - - [11/Mar/2026:12:49:29 +0000] "GET /wp-includes__1405e9d/js/crop HTTP/1.1" 301 255 "-" "Mozilla/5.0 AppleWebKit/537.36 (KHTML, like Gecko; compatible; ClaudeBot/1.0; +claudebot@anthropic.com)"
216.73.216.165 - - [11/Mar/2026:12:49:29 +0000] "GET /wp-includes__1405e9d/js/crop/ HTTP/1.1" 200 451 "https://impero.ro/wp-includes__1405e9d/js/crop" "Mozilla/5.0 AppleWebKit/537.36 (KHTML, like Gecko; compatible; ClaudeBot/1.0; +claudebot@anthropic.com)"
216.73.216.165 - - [11/Mar/2026:12:49:29 +0000] "GET /wp-includes__1405e9d/js/admin-bar.js HTTP/1.1" 200 2799 "-" "Mozilla/5.0 AppleWebKit/537.36 (KHTML, like Gecko; compatible; ClaudeBot/1.0; +claudebot@anthropic.com)"
216.73.216.165 - - [11/Mar/2026:12:49:30 +0000] "GET /wp-includes__1405e9d/js/plupload HTTP/1.1" 301 259 "-" "Mozilla/5.0 AppleWebKit/537.36 (KHTML, like Gecko; compatible; ClaudeBot/1.0; +claudebot@anthropic.com)"
216.73.216.165 - - [11/Mar/2026:12:49:30 +0000] "GET /wp-includes__1405e9d/js/plupload/ HTTP/1.1" 200 540 "https://impero.ro/wp-includes__1405e9d/js/plupload" "Mozilla/5.0 AppleWebKit/537.36 (KHTML, like Gecko; compatible; ClaudeBot/1.0; +claudebot@anthropic.com)"
216.73.216.165 - - [11/Mar/2026:12:49:41 +0000] "GET /wp-includes__1405e9d/js/backbone.min.js HTTP/1.1" 200 8021 "-" "Mozilla/5.0 AppleWebKit/537.36 (KHTML, like Gecko; compatible; ClaudeBot/1.0; +claudebot@anthropic.com)"
216.73.216.165 - - [11/Mar/2026:12:49:41 +0000] "GET /wp-includes__1405e9d/js/wp-lists.js HTTP/1.1" 200 5409 "-" "Mozilla/5.0 AppleWebKit/537.36 (KHTML, like Gecko; compatible; ClaudeBot/1.0; +claudebot@anthropic.com)"
216.73.216.165 - - [11/Mar/2026:12:49:41 +0000] "GET /wp-includes__1405e9d/js/json2.min.js HTTP/1.1" 200 35 "-" "Mozilla/5.0 AppleWebKit/537.36 (KHTML, like Gecko; compatible; ClaudeBot/1.0; +claudebot@anthropic.com)"
216.73.216.165 - - [11/Mar/2026:12:49:41 +0000] "GET /wp-includes__1405e9d/js/customize-loader.min.js HTTP/1.1" 200 1369 "-" "Mozilla/5.0 AppleWebKit/537.36 (KHTML, like Gecko; compatible; ClaudeBot/1.0; +claudebot@anthropic.com)"
216.73.216.165 - - [11/Mar/2026:12:49:41 +0000] "GET /wp-includes__1405e9d/js/comment-reply.min.js HTTP/1.1" 200 1375 "-" "Mozilla/5.0 AppleWebKit/537.36 (KHTML, like Gecko; compatible; ClaudeBot/1.0; +claudebot@anthropic.com)"
216.73.216.165 - - [11/Mar/2026:12:49:42 +0000] "GET /wp-includes__1405e9d/js/wp-api.min.js HTTP/1.1" 200 4136 "-" "Mozilla/5.0 AppleWebKit/537.36 (KHTML, like Gecko; compatible; ClaudeBot/1.0; +claudebot@anthropic.com)"
216.73.216.165 - - [11/Mar/2026:12:49:42 +0000] "GET /wp-includes__1405e9d/js/media-editor.js HTTP/1.1" 200 7565 "-" "Mozilla/5.0 AppleWebKit/537.36 (KHTML, like Gecko; compatible; ClaudeBot/1.0; +claudebot@anthropic.com)"
216.73.216.165 - - [11/Mar/2026:12:49:42 +0000] "GET /wp-includes__1405e9d/js/wp-embed-template.js HTTP/1.1" 200 1883 "-" "Mozilla/5.0 AppleWebKit/537.36 (KHTML, like Gecko; compatible; ClaudeBot/1.0; +claudebot@anthropic.com)"
216.73.216.165 - - [11/Mar/2026:12:49:45 +0000] "GET /wp-includes__1405e9d/js/customize-base.min.js HTTP/1.1" 200 2495 "-" "Mozilla/5.0 AppleWebKit/537.36 (KHTML, like Gecko; compatible; ClaudeBot/1.0; +claudebot@anthropic.com)"
216.73.216.165 - - [11/Mar/2026:12:49:45 +0000] "GET /wp-includes__1405e9d/js/swfobject.min.js HTTP/1.1" 200 35 "-" "Mozilla/5.0 AppleWebKit/537.36 (KHTML, like Gecko; compatible; ClaudeBot/1.0; +claudebot@anthropic.com)"
216.73.216.165 - - [11/Mar/2026:12:49:45 +0000] "GET /wp-includes__1405e9d/js/quicktags.min.js HTTP/1.1" 200 3509 "-" "Mozilla/5.0 AppleWebKit/537.36 (KHTML, like Gecko; compatible; ClaudeBot/1.0; +claudebot@anthropic.com)"
216.73.216.165 - - [11/Mar/2026:12:49:45 +0000] "GET /wp-includes__1405e9d/js/jcrop HTTP/1.1" 301 256 "-" "Mozilla/5.0 AppleWebKit/537.36 (KHTML, like Gecko; compatible; ClaudeBot/1.0; +claudebot@anthropic.com)"
216.73.216.165 - - [11/Mar/2026:12:49:45 +0000] "GET /wp-includes__1405e9d/js/jcrop/ HTTP/1.1" 200 424 "https://impero.ro/wp-includes__1405e9d/js/jcrop" "Mozilla/5.0 AppleWebKit/537.36 (KHTML, like Gecko; compatible; ClaudeBot/1.0; +claudebot@anthropic.com)"
216.73.216.165 - - [11/Mar/2026:12:49:45 +0000] "GET /wp-includes__1405e9d/js/wp-custom-header.js HTTP/1.1" 200 2947 "-" "Mozilla/5.0 AppleWebKit/537.36 (KHTML, like Gecko; compatible; ClaudeBot/1.0; +claudebot@anthropic.com)"
216.73.216.165 - - [11/Mar/2026:12:49:45 +0000] "GET /wp-includes__1405e9d/js/wpdialog.js HTTP/1.1" 200 349 "-" "Mozilla/5.0 AppleWebKit/537.36 (KHTML, like Gecko; compatible; ClaudeBot/1.0; +claudebot@anthropic.com)"
216.73.216.165 - - [11/Mar/2026:12:49:46 +0000] "GET /wp-includes__1405e9d/js/wp-embed.min.js HTTP/1.1" 200 694 "-" "Mozilla/5.0 AppleWebKit/537.36 (KHTML, like Gecko; compatible; ClaudeBot/1.0; +claudebot@anthropic.com)"
216.73.216.165 - - [11/Mar/2026:12:49:46 +0000] "GET /wp-includes__1405e9d/js/customize-views.js HTTP/1.1" 200 1491 "-" "Mozilla/5.0 AppleWebKit/537.36 (KHTML, like Gecko; compatible; ClaudeBot/1.0; +claudebot@anthropic.com)"
40.77.167.243 - - [11/Mar/2026:12:50:05 +0000] "GET /?C=N;O=D HTTP/1.1" 200 1596 "-" "Mozilla/5.0 AppleWebKit/537.36 (KHTML, like Gecko; compatible; bingbot/2.0; +http://www.bing.com/bingbot.htm) Chrome/116.0.1938.76 Safari/537.36"
40.77.167.243 - - [11/Mar/2026:12:50:05 +0000] "GET /license.txt__1405e9d HTTP/1.1" 200 7292 "-" "Mozilla/5.0 AppleWebKit/537.36 (KHTML, like Gecko; compatible; bingbot/2.0; +http://www.bing.com/bingbot.htm) Chrome/116.0.1938.76 Safari/537.36"
40.77.167.243 - - [11/Mar/2026:12:50:06 +0000] "GET /configDMJ__1405e9d/ HTTP/1.1" 200 398 "-" "Mozilla/5.0 AppleWebKit/537.36 (KHTML, like Gecko; compatible; bingbot/2.0; +http://www.bing.com/bingbot.htm) Chrome/116.0.1938.76 Safari/537.36"
40.77.167.243 - - [11/Mar/2026:12:50:06 +0000] "GET /dfpvg.php__1405e9d HTTP/1.1" 200 4733 "-" "Mozilla/5.0 AppleWebKit/537.36 (KHTML, like Gecko; compatible; bingbot/2.0; +http://www.bing.com/bingbot.htm) Chrome/116.0.1938.76 Safari/537.36"
40.77.167.67 - - [11/Mar/2026:12:50:10 +0000] "GET /aqxqr.php__1405e9d HTTP/1.1" 200 59720 "-" "Mozilla/5.0 AppleWebKit/537.36 (KHTML, like Gecko; compatible; bingbot/2.0; +http://www.bing.com/bingbot.htm) Chrome/116.0.1938.76 Safari/537.36"
40.77.167.67 - - [11/Mar/2026:12:50:10 +0000] "GET /zfjim.php__1405e9d HTTP/1.1" 200 4733 "-" "Mozilla/5.0 AppleWebKit/537.36 (KHTML, like Gecko; compatible; bingbot/2.0; +http://www.bing.com/bingbot.htm) Chrome/116.0.1938.76 Safari/537.36"
40.77.167.67 - - [11/Mar/2026:12:50:11 +0000] "GET /kquiz.php__1405e9d HTTP/1.1" 200 59720 "-" "Mozilla/5.0 AppleWebKit/537.36 (KHTML, like Gecko; compatible; bingbot/2.0; +http://www.bing.com/bingbot.htm) Chrome/116.0.1938.76 Safari/537.36"
40.77.167.67 - - [11/Mar/2026:12:50:11 +0000] "GET /FSS-HCM__1405e9d/ HTTP/1.1" 200 350 "-" "Mozilla/5.0 AppleWebKit/537.36 (KHTML, like Gecko; compatible; bingbot/2.0; +http://www.bing.com/bingbot.htm) Chrome/116.0.1938.76 Safari/537.36"
40.77.167.67 - - [11/Mar/2026:12:50:11 +0000] "GET /gemku.php__1405e9d HTTP/1.1" 200 4733 "-" "Mozilla/5.0 AppleWebKit/537.36 (KHTML, like Gecko; compatible; bingbot/2.0; +http://www.bing.com/bingbot.htm) Chrome/116.0.1938.76 Safari/537.36"
207.46.13.130 - - [11/Mar/2026:12:50:15 +0000] "GET /ebtva.php__1405e9d HTTP/1.1" 200 59720 "-" "Mozilla/5.0 AppleWebKit/537.36 (KHTML, like Gecko; compatible; bingbot/2.0; +http://www.bing.com/bingbot.htm) Chrome/116.0.1938.76 Safari/537.36"
207.46.13.130 - - [11/Mar/2026:12:50:15 +0000] "GET /cgi-bin__1405e9d/ HTTP/1.1" 200 315 "-" "Mozilla/5.0 AppleWebKit/537.36 (KHTML, like Gecko; compatible; bingbot/2.0; +http://www.bing.com/bingbot.htm) Chrome/116.0.1938.76 Safari/537.36"
207.46.13.130 - - [11/Mar/2026:12:50:15 +0000] "GET /public_html__1405e9d/ HTTP/1.1" 200 318 "-" "Mozilla/5.0 AppleWebKit/537.36 (KHTML, like Gecko; compatible; bingbot/2.0; +http://www.bing.com/bingbot.htm) Chrome/116.0.1938.76 Safari/537.36"
207.46.13.130 - - [11/Mar/2026:12:50:16 +0000] "GET /index.php__1405e9d HTTP/1.1" 200 1329 "-" "Mozilla/5.0 AppleWebKit/537.36 (KHTML, like Gecko; compatible; bingbot/2.0; +http://www.bing.com/bingbot.htm) Chrome/116.0.1938.76 Safari/537.36"
207.46.13.130 - - [11/Mar/2026:12:50:16 +0000] "GET /resmushit.log__1405e9d HTTP/1.1" 200 936 "-" "Mozilla/5.0 AppleWebKit/537.36 (KHTML, like Gecko; compatible; bingbot/2.0; +http://www.bing.com/bingbot.htm) Chrome/116.0.1938.76 Safari/537.36"
40.77.167.243 - - [11/Mar/2026:12:50:37 +0000] "GET /wp-admin/admin-ajax.php?ajax=true&action=ya_quickviewproduct&post_id=8912&nonce=4a779648f6 HTTP/1.1" 404 36 "-" "Mozilla/5.0 AppleWebKit/537.36 (KHTML, like Gecko; compatible; bingbot/2.0; +http://www.bing.com/bingbot.htm) Chrome/116.0.1938.76 Safari/537.36"
170.83.118.199 - - [11/Mar/2026:12:50:47 +0000] "GET /product-category/sufragerii-si-livinguri/page/5/ HTTP/1.1" 404 36 "-" "Mozilla/5.0 (Windows NT 10.0; WOW64) AppleWebKit/537.36 (KHTML, like Gecko) Chrome/75.0.3770.100 ADG/11.0.2470 AOLBUILD/11.0.2470 Safari/537.36"
